{"id":3676,"date":"2024-01-19T16:04:32","date_gmt":"2024-01-19T15:04:32","guid":{"rendered":"https:\/\/agora.xtec.cat\/ceipmediterrania\/?page_id=3676"},"modified":"2024-02-01T15:54:50","modified_gmt":"2024-02-01T14:54:50","slug":"afa-casals","status":"publish","type":"page","link":"https:\/\/agora.xtec.cat\/ceipmediterrania\/ampa\/afa\/afa-serveis\/afa-casals\/","title":{"rendered":"Casals"},"content":{"rendered":"<p><span style=\"font-weight: 400;\">Des de l\u2019AFA sabem les necessitats de conciliaci\u00f3 de les fam\u00edlies de la nostra escola, per aquest motiu, gestionem diferents recursos per a donar una soluci\u00f3 a aquestes necessitats.<\/span><b><\/b><\/p>\n<ul>\n<li aria-level=\"1\"><b>Casalet durant la jornada intensiva:<\/b><\/li>\n<\/ul>\n<p><span style=\"font-weight: 400;\">Al juny l\u2019horari lectiu \u00e9s de 9h a 13h, despr\u00e9s els infants poden quedar-se a menjador fins a les 15h. Per a complementar la jornada s\u2019ofereix el Casalet al mateix menjador de 15h a 16:30h.<\/span><b><\/b><\/p>\n<ul>\n<li aria-level=\"1\"><i><span style=\"font-weight: 400;\">M\u00e9s Informaci\u00f3 a<\/span><\/i><span style=\"font-weight: 400;\">: <\/span><a href=\"mailto:menjadorafa@escolamediterrania.cat\"><b>menjadorafa@escolamediterrania.cat<\/b><\/a><b>\u00a0<\/b><\/li>\n<li aria-level=\"1\"><i><span style=\"font-weight: 400;\">Preu:<\/span><\/i><\/li>\n<\/ul>\n<p>&nbsp;<\/p>\n<ul>\n<li><b>Casal de Nadal:<\/b><\/li>\n<\/ul>\n<p><span style=\"font-weight: 400;\">A les vacances de Nadal s\u2019ofereix un Casal d\u2019activitats amb tem\u00e0tica Nadalenca. S\u2019ofereix la possibilitat de conciliar els dies de vacances no festius, a tots els infants del Municipi gr\u00e0cies a les AFA\u2019s de les tres Escoles i gestionat per Needsports.<\/span><\/p>\n<p><a href=\"https:\/\/agora.xtec.cat\/ceipmediterrania\/wp-content\/uploads\/usu1771\/2024\/02\/Presentacio1-4.jpg\"><img loading=\"lazy\" decoding=\"async\" class=\"aligncenter size-full wp-image-3755\" src=\"https:\/\/agora.xtec.cat\/ceipmediterrania\/wp-content\/uploads\/usu1771\/2024\/02\/Presentacio1-4.jpg\" alt=\"\" width=\"503\" height=\"720\" srcset=\"https:\/\/agora.xtec.cat\/ceipmediterrania\/wp-content\/uploads\/usu1771\/2024\/02\/Presentacio1-4.jpg 503w, https:\/\/agora.xtec.cat\/ceipmediterrania\/wp-content\/uploads\/usu1771\/2024\/02\/Presentacio1-4-210x300.jpg 210w\" sizes=\"auto, (max-width: 503px) 100vw, 503px\" \/><\/a><br \/>\n<b><\/b><\/p>\n<ul>\n<li aria-level=\"1\"><i><span style=\"font-weight: 400;\">M\u00e9s Informaci\u00f3 a<\/span><\/i><span style=\"font-weight: 400;\">: <\/span><a href=\"mailto:menjadorafa@escolamediterrania.cat\"><b>menjadorafa@escolamediterrania.cat<\/b><\/a><b>\u00a0<\/b><\/li>\n<\/ul>\n<ul>\n<li aria-level=\"1\"><i><span style=\"font-weight: 400;\">Preu: <\/span><\/i><span style=\"font-weight: 400;\">Casal sencer preu soci 120 \u20ac\u00a0<\/span><\/li>\n<\/ul>\n<p><b><\/b><br \/>\n<b><\/b><\/p>\n<ul>\n<li aria-level=\"1\"><b>Casal de Setmana Santa:<\/b><\/li>\n<li aria-level=\"1\"><i><span style=\"font-weight: 400;\">M\u00e9s Informaci\u00f3 a<\/span><\/i><span style=\"font-weight: 400;\">: <\/span><a href=\"mailto:extraescolarsafa@escolamediterrania.cat\"><b>extraescolarsafa@escolamediterrania.cat<\/b><\/a><b>\u00a0<\/b><\/li>\n<li aria-level=\"1\"><i><span style=\"font-weight: 400;\">Preu:<\/span><\/i><\/li>\n<\/ul>\n<p>&nbsp;<\/p>\n<ul>\n<li aria-level=\"1\"><b>Casal d\u2019Estiu:<\/b><\/li>\n<\/ul>\n<p><span style=\"font-weight: 400;\">Amb l\u2019inici de les vacances es posa en funcionament el Casal d\u2019estiu, durant els \u00faltims dies de juny i el mes de juliol.<\/span><\/p>\n<p><span style=\"font-weight: 400;\">El Casal d\u2019Estiu \u00e9s un servei que organitza l\u2019Ajuntament de Sant Pere de Ribes, juntament amb les Escoles del municipi i les AFA\u2019s. Est\u00e0 gestionat per Needsports.<\/span><b><\/b><\/p>\n<ul>\n<li aria-level=\"1\"><i><span style=\"font-weight: 400;\">M\u00e9s Informaci\u00f3 a<\/span><\/i><span style=\"font-weight: 400;\">: <\/span><a href=\"mailto:extraescolarsafa@escolamediterrania.cat\"><b>extraescolarsafa@escolamediterrania.cat<\/b><\/a><\/li>\n<li aria-level=\"1\"><i><span style=\"font-weight: 400;\">Preu:<\/span><\/i><\/li>\n<\/ul>\n","protected":false},"excerpt":{"rendered":"<p>Des de l\u2019AFA sabem les necessitats de conciliaci\u00f3 de les fam\u00edlies de la nostra escola, per aquest motiu, gestionem diferents [&hellip;]<\/p>\n","protected":false},"author":1,"featured_media":0,"parent":3396,"menu_order":0,"comment_status":"closed","ping_status":"closed","template":"","meta":{"_bbp_topic_count":0,"_bbp_reply_count":0,"_bbp_total_topic_count":0,"_bbp_total_reply_count":0,"_bbp_voice_count":0,"_bbp_anonymous_reply_count":0,"_bbp_topic_count_hidden":0,"_bbp_reply_count_hidden":0,"_bbp_forum_subforum_count":0,"site-sidebar-layout":"default","site-content-layout":"","ast-site-content-layout":"","site-content-style":"default","site-sidebar-style":"default","ast-global-header-display":"","ast-banner-title-visibility":"","ast-main-header-display":"","ast-hfb-above-header-display":"","ast-hfb-below-header-display":"","ast-hfb-mobile-header-display":"","site-post-title":"","ast-breadcrumbs-content":"","ast-featured-img":"","footer-sml-layout":"","theme-transparent-header-meta":"","adv-header-id-meta":"","stick-header-meta":"","header-above-stick-meta":"","header-main-stick-meta":"","header-below-stick-meta":"","astra-migrate-meta-layouts":"default","ast-page-background-enabled":"default","ast-page-background-meta":{"desktop":{"background-color":"var(--ast-global-color-4)","background-image":"","background-repeat":"repeat","background-position":"center center","background-size":"auto","background-attachment":"scroll","background-type":"","background-media":"","overlay-type":"","overlay-color":"","overlay-opacity":"","overlay-gradient":""},"tablet":{"background-color":"","background-image":"","background-repeat":"repeat","background-position":"center center","background-size":"auto","background-attachment":"scroll","background-type":"","background-media":"","overlay-type":"","overlay-color":"","overlay-opacity":"","overlay-gradient":""},"mobile":{"background-color":"","background-image":"","background-repeat":"repeat","background-position":"center center","background-size":"auto","background-attachment":"scroll","background-type":"","background-media":"","overlay-type":"","overlay-color":"","overlay-opacity":"","overlay-gradient":""}},"ast-content-background-meta":{"desktop":{"background-color":"var(--ast-global-color-5)","background-image":"","background-repeat":"repeat","background-position":"center center","background-size":"auto","background-attachment":"scroll","background-type":"","background-media":"","overlay-type":"","overlay-color":"","overlay-opacity":"","overlay-gradient":""},"tablet":{"background-color":"var(--ast-global-color-5)","background-image":"","background-repeat":"repeat","background-position":"center center","background-size":"auto","background-attachment":"scroll","background-type":"","background-media":"","overlay-type":"","overlay-color":"","overlay-opacity":"","overlay-gradient":""},"mobile":{"background-color":"var(--ast-global-color-5)","background-image":"","background-repeat":"repeat","background-position":"center center","background-size":"auto","background-attachment":"scroll","background-type":"","background-media":"","overlay-type":"","overlay-color":"","overlay-opacity":"","overlay-gradient":""}},"footnotes":""},"class_list":["post-3676","page","type-page","status-publish","hentry"],"post_mailing_queue_ids":[],"_links":{"self":[{"href":"https:\/\/agora.xtec.cat\/ceipmediterrania\/wp-json\/wp\/v2\/pages\/3676","targetHints":{"allow":["GET"]}}],"collection":[{"href":"https:\/\/agora.xtec.cat\/ceipmediterrania\/wp-json\/wp\/v2\/pages"}],"about":[{"href":"https:\/\/agora.xtec.cat\/ceipmediterrania\/wp-json\/wp\/v2\/types\/page"}],"author":[{"embeddable":true,"href":"https:\/\/agora.xtec.cat\/ceipmediterrania\/wp-json\/wp\/v2\/users\/1"}],"replies":[{"embeddable":true,"href":"https:\/\/agora.xtec.cat\/ceipmediterrania\/wp-json\/wp\/v2\/comments?post=3676"}],"version-history":[{"count":4,"href":"https:\/\/agora.xtec.cat\/ceipmediterrania\/wp-json\/wp\/v2\/pages\/3676\/revisions"}],"predecessor-version":[{"id":3757,"href":"https:\/\/agora.xtec.cat\/ceipmediterrania\/wp-json\/wp\/v2\/pages\/3676\/revisions\/3757"}],"up":[{"embeddable":true,"href":"https:\/\/agora.xtec.cat\/ceipmediterrania\/wp-json\/wp\/v2\/pages\/3396"}],"wp:attachment":[{"href":"https:\/\/agora.xtec.cat\/ceipmediterrania\/wp-json\/wp\/v2\/media?parent=3676"}],"curies":[{"name":"wp","href":"https:\/\/api.w.org\/{rel}","templated":true}]}}

<p><span style="font-weight: 400;">Des de l’AFA sabem les necessitats de conciliació de les famílies de la nostra escola, per aquest motiu, gestionem diferents recursos per a donar una solució a aquestes necessitats.</span><b></b></p>
<ul>
<li aria-level="1"><b>Casalet durant la jornada intensiva:</b></li>
</ul>
<p><span style="font-weight: 400;">Al juny l’horari lectiu és de 9h a 13h, després els infants poden quedar-se a menjador fins a les 15h. Per a complementar la jornada s’ofereix el Casalet al mateix menjador de 15h a 16:30h.</span><b></b></p>
<ul>
<li aria-level="1"><i><span style="font-weight: 400;">Més Informació a</span></i><span style="font-weight: 400;">: </span><a href="mailto:menjadorafa@escolamediterrania.cat"><b>menjadorafa@escolamediterrania.cat</b></a><b> </b></li>
<li aria-level="1"><i><span style="font-weight: 400;">Preu:</span></i></li>
</ul>
<p>&nbsp;</p>
<ul>
<li><b>Casal de Nadal:</b></li>
</ul>
<p><span style="font-weight: 400;">A les vacances de Nadal s’ofereix un Casal d’activitats amb temàtica Nadalenca. S’ofereix la possibilitat de conciliar els dies de vacances no festius, a tots els infants del Municipi gràcies a les AFA’s de les tres Escoles i gestionat per Needsports.</span></p>
<p><a href="https://agora.xtec.cat/ceipmediterrania/wp-content/uploads/usu1771/2024/02/Presentacio1-4.jpg"><img loading="lazy" decoding="async" class="aligncenter size-full wp-image-3755" src="https://agora.xtec.cat/ceipmediterrania/wp-content/uploads/usu1771/2024/02/Presentacio1-4.jpg" alt="" width="503" height="720" srcset="https://agora.xtec.cat/ceipmediterrania/wp-content/uploads/usu1771/2024/02/Presentacio1-4.jpg 503w, https://agora.xtec.cat/ceipmediterrania/wp-content/uploads/usu1771/2024/02/Presentacio1-4-210x300.jpg 210w" sizes="auto, (max-width: 503px) 100vw, 503px" /></a><br />
<b></b></p>
<ul>
<li aria-level="1"><i><span style="font-weight: 400;">Més Informació a</span></i><span style="font-weight: 400;">: </span><a href="mailto:menjadorafa@escolamediterrania.cat"><b>menjadorafa@escolamediterrania.cat</b></a><b> </b></li>
</ul>
<ul>
<li aria-level="1"><i><span style="font-weight: 400;">Preu: </span></i><span style="font-weight: 400;">Casal sencer preu soci 120 € </span></li>
</ul>
<p><b></b><br />
<b></b></p>
<ul>
<li aria-level="1"><b>Casal de Setmana Santa:</b></li>
<li aria-level="1"><i><span style="font-weight: 400;">Més Informació a</span></i><span style="font-weight: 400;">: </span><a href="mailto:extraescolarsafa@escolamediterrania.cat"><b>extraescolarsafa@escolamediterrania.cat</b></a><b> </b></li>
<li aria-level="1"><i><span style="font-weight: 400;">Preu:</span></i></li>
</ul>
<p>&nbsp;</p>
<ul>
<li aria-level="1"><b>Casal d’Estiu:</b></li>
</ul>
<p><span style="font-weight: 400;">Amb l’inici de les vacances es posa en funcionament el Casal d’estiu, durant els últims dies de juny i el mes de juliol.</span></p>
<p><span style="font-weight: 400;">El Casal d’Estiu és un servei que organitza l’Ajuntament de Sant Pere de Ribes, juntament amb les Escoles del municipi i les AFA’s. Està gestionat per Needsports.</span><b></b></p>
<ul>
<li aria-level="1"><i><span style="font-weight: 400;">Més Informació a</span></i><span style="font-weight: 400;">: </span><a href="mailto:extraescolarsafa@escolamediterrania.cat"><b>extraescolarsafa@escolamediterrania.cat</b></a></li>
<li aria-level="1"><i><span style="font-weight: 400;">Preu:</span></i></li>
</ul>

<p>Des de l’AFA sabem les necessitats de conciliació de les famílies de la nostra escola, per aquest motiu, gestionem diferents [&hellip;]</p>
