{"id":844,"date":"2023-08-24T01:00:02","date_gmt":"2023-08-23T23:00:02","guid":{"rendered":"https:\/\/agora.xtec.cat\/ceipmdsoldelpont\/?page_id=844"},"modified":"2025-02-20T18:33:03","modified_gmt":"2025-02-20T17:33:03","slug":"projecte-cueme","status":"publish","type":"page","link":"https:\/\/agora.xtec.cat\/ceipmdsoldelpont\/projecte-cueme\/","title":{"rendered":"Projecte CUEME"},"content":{"rendered":"\n<figure class=\"wp-block-image aligncenter size-full\"><a href=\"https:\/\/agora.xtec.cat\/ceipmdsoldelpont\/wp-content\/uploads\/usu2326\/2025\/02\/cueme.jpeg\"><img loading=\"lazy\" decoding=\"async\" width=\"418\" height=\"120\" src=\"https:\/\/agora.xtec.cat\/ceipmdsoldelpont\/wp-content\/uploads\/usu2326\/2025\/02\/cueme.jpeg\" alt=\"\" class=\"wp-image-2929\" srcset=\"https:\/\/agora.xtec.cat\/ceipmdsoldelpont\/wp-content\/uploads\/usu2326\/2025\/02\/cueme.jpeg 418w, https:\/\/agora.xtec.cat\/ceipmdsoldelpont\/wp-content\/uploads\/usu2326\/2025\/02\/cueme-300x86.jpeg 300w\" sizes=\"auto, (max-width: 418px) 100vw, 418px\" \/><\/a><\/figure>\n\n\n<p style=\"text-align: justify;\" data-start=\"46\" data-end=\"379\">A la nostra escola, els alumnes de 5\u00e8 participen en el programa <strong data-start=\"110\" data-end=\"152\">CuEmE (Cultura Emprenedora a l&#8217;Escola)<\/strong>, una iniciativa que els porta a crear i gestionar la seva pr\u00f2pia cooperativa. Aquest projecte els permet viure de primera m\u00e0 l&#8217;experi\u00e8ncia d&#8217;emprendre, des de la creaci\u00f3 de la cooperativa fins a la venda dels seus productes.<\/p>\n<p style=\"text-align: justify;\" data-start=\"381\" data-end=\"727\">No ho fan sols! Compten amb el suport de l\u2019escola, les fam\u00edlies, l\u2019Ajuntament i diverses empreses i entitats del municipi, que els ajuden a tirar endavant la seva iniciativa. Per\u00f2 CuEmE va m\u00e9s enll\u00e0 de l\u2019emprenedoria: els alumnes desenvolupen habilitats fonamentals com la confian\u00e7a, la comunicaci\u00f3, el treball en equip i la presa de decisions.<\/p>\n<p style=\"text-align: justify;\" data-start=\"729\" data-end=\"962\">A m\u00e9s, el projecte els permet posar en pr\u00e0ctica els coneixements de diferents \u00e0rees com matem\u00e0tiques, llengua, valors socials i c\u00edvics, donant sentit a tot all\u00f2 que aprenen a l\u2019escola i demostrant la seva aplicaci\u00f3 en la vida real.<\/p>\n<p style=\"text-align: justify;\" data-start=\"964\" data-end=\"1181\">El <strong data-start=\"967\" data-end=\"985\">Projecte CuEmE<\/strong> \u00e9s una experi\u00e8ncia enriquidora que fomenta l\u2019autonomia i la responsabilitat dels alumnes, alhora que els mostra la import\u00e0ncia de la col\u00b7laboraci\u00f3 i la innovaci\u00f3 en qualsevol projecte de futur.<\/p>","protected":false},"excerpt":{"rendered":"<p>A la nostra escola, els alumnes de 5\u00e8 participen en el programa CuEmE (Cultura Emprenedora a l&#8217;Escola), una iniciativa que [&hellip;]<\/p>\n","protected":false},"author":3,"featured_media":0,"parent":0,"menu_order":0,"comment_status":"closed","ping_status":"closed","template":"","meta":{"_bbp_topic_count":0,"_bbp_reply_count":0,"_bbp_total_topic_count":0,"_bbp_total_reply_count":0,"_bbp_voice_count":0,"_bbp_anonymous_reply_count":0,"_bbp_topic_count_hidden":0,"_bbp_reply_count_hidden":0,"_bbp_forum_subforum_count":0,"site-sidebar-layout":"default","site-content-layout":"","ast-site-content-layout":"default","site-content-style":"default","site-sidebar-style":"default","ast-global-header-display":"","ast-banner-title-visibility":"","ast-main-header-display":"","ast-hfb-above-header-display":"","ast-hfb-below-header-display":"","ast-hfb-mobile-header-display":"","site-post-title":"","ast-breadcrumbs-content":"","ast-featured-img":"","footer-sml-layout":"","theme-transparent-header-meta":"","adv-header-id-meta":"","stick-header-meta":"","header-above-stick-meta":"","header-main-stick-meta":"","header-below-stick-meta":"","astra-migrate-meta-layouts":"set","ast-page-background-enabled":"default","ast-page-background-meta":{"desktop":{"background-color":"var(--ast-global-color-4)","background-image":"","background-repeat":"repeat","background-position":"center center","background-size":"auto","background-attachment":"scroll","background-type":"","background-media":"","overlay-type":"","overlay-color":"","overlay-opacity":"","overlay-gradient":""},"tablet":{"background-color":"","background-image":"","background-repeat":"repeat","background-position":"center center","background-size":"auto","background-attachment":"scroll","background-type":"","background-media":"","overlay-type":"","overlay-color":"","overlay-opacity":"","overlay-gradient":""},"mobile":{"background-color":"","background-image":"","background-repeat":"repeat","background-position":"center center","background-size":"auto","background-attachment":"scroll","background-type":"","background-media":"","overlay-type":"","overlay-color":"","overlay-opacity":"","overlay-gradient":""}},"ast-content-background-meta":{"desktop":{"background-color":"var(--ast-global-color-5)","background-image":"","background-repeat":"repeat","background-position":"center center","background-size":"auto","background-attachment":"scroll","background-type":"","background-media":"","overlay-type":"","overlay-color":"","overlay-opacity":"","overlay-gradient":""},"tablet":{"background-color":"var(--ast-global-color-5)","background-image":"","background-repeat":"repeat","background-position":"center center","background-size":"auto","background-attachment":"scroll","background-type":"","background-media":"","overlay-type":"","overlay-color":"","overlay-opacity":"","overlay-gradient":""},"mobile":{"background-color":"var(--ast-global-color-5)","background-image":"","background-repeat":"repeat","background-position":"center center","background-size":"auto","background-attachment":"scroll","background-type":"","background-media":"","overlay-type":"","overlay-color":"","overlay-opacity":"","overlay-gradient":""}},"footnotes":""},"class_list":["post-844","page","type-page","status-publish","hentry"],"post_mailing_queue_ids":[],"_links":{"self":[{"href":"https:\/\/agora.xtec.cat\/ceipmdsoldelpont\/wp-json\/wp\/v2\/pages\/844","targetHints":{"allow":["GET"]}}],"collection":[{"href":"https:\/\/agora.xtec.cat\/ceipmdsoldelpont\/wp-json\/wp\/v2\/pages"}],"about":[{"href":"https:\/\/agora.xtec.cat\/ceipmdsoldelpont\/wp-json\/wp\/v2\/types\/page"}],"author":[{"embeddable":true,"href":"https:\/\/agora.xtec.cat\/ceipmdsoldelpont\/wp-json\/wp\/v2\/users\/3"}],"replies":[{"embeddable":true,"href":"https:\/\/agora.xtec.cat\/ceipmdsoldelpont\/wp-json\/wp\/v2\/comments?post=844"}],"version-history":[{"count":3,"href":"https:\/\/agora.xtec.cat\/ceipmdsoldelpont\/wp-json\/wp\/v2\/pages\/844\/revisions"}],"predecessor-version":[{"id":2930,"href":"https:\/\/agora.xtec.cat\/ceipmdsoldelpont\/wp-json\/wp\/v2\/pages\/844\/revisions\/2930"}],"wp:attachment":[{"href":"https:\/\/agora.xtec.cat\/ceipmdsoldelpont\/wp-json\/wp\/v2\/media?parent=844"}],"curies":[{"name":"wp","href":"https:\/\/api.w.org\/{rel}","templated":true}]}}

<figure class="wp-block-image aligncenter size-full"><a href="https://agora.xtec.cat/ceipmdsoldelpont/wp-content/uploads/usu2326/2025/02/cueme.jpeg"><img loading="lazy" decoding="async" width="418" height="120" src="https://agora.xtec.cat/ceipmdsoldelpont/wp-content/uploads/usu2326/2025/02/cueme.jpeg" alt="" class="wp-image-2929" srcset="https://agora.xtec.cat/ceipmdsoldelpont/wp-content/uploads/usu2326/2025/02/cueme.jpeg 418w, https://agora.xtec.cat/ceipmdsoldelpont/wp-content/uploads/usu2326/2025/02/cueme-300x86.jpeg 300w" sizes="auto, (max-width: 418px) 100vw, 418px" /></a></figure>


<p style="text-align: justify;" data-start="46" data-end="379">A la nostra escola, els alumnes de 5è participen en el programa <strong data-start="110" data-end="152">CuEmE (Cultura Emprenedora a l&#8217;Escola)</strong>, una iniciativa que els porta a crear i gestionar la seva pròpia cooperativa. Aquest projecte els permet viure de primera mà l&#8217;experiència d&#8217;emprendre, des de la creació de la cooperativa fins a la venda dels seus productes.</p>
<p style="text-align: justify;" data-start="381" data-end="727">No ho fan sols! Compten amb el suport de l’escola, les famílies, l’Ajuntament i diverses empreses i entitats del municipi, que els ajuden a tirar endavant la seva iniciativa. Però CuEmE va més enllà de l’emprenedoria: els alumnes desenvolupen habilitats fonamentals com la confiança, la comunicació, el treball en equip i la presa de decisions.</p>
<p style="text-align: justify;" data-start="729" data-end="962">A més, el projecte els permet posar en pràctica els coneixements de diferents àrees com matemàtiques, llengua, valors socials i cívics, donant sentit a tot allò que aprenen a l’escola i demostrant la seva aplicació en la vida real.</p>
<p style="text-align: justify;" data-start="964" data-end="1181">El <strong data-start="967" data-end="985">Projecte CuEmE</strong> és una experiència enriquidora que fomenta l’autonomia i la responsabilitat dels alumnes, alhora que els mostra la importància de la col·laboració i la innovació en qualsevol projecte de futur.</p>

<p>A la nostra escola, els alumnes de 5è participen en el programa CuEmE (Cultura Emprenedora a l&#8217;Escola), una iniciativa que [&hellip;]</p>
