{"id":71,"date":"2014-09-18T12:44:56","date_gmt":"2014-09-18T11:44:56","guid":{"rendered":"http:\/\/agora.xtec.cat\/ceipmdsoldelpont\/?page_id=71"},"modified":"2025-02-20T13:31:48","modified_gmt":"2025-02-20T12:31:48","slug":"serveis-digitals","status":"publish","type":"page","link":"https:\/\/agora.xtec.cat\/ceipmdsoldelpont\/serveis\/serveis-digitals\/","title":{"rendered":"Serveis digitals del centre"},"content":{"rendered":"\n<p><strong>Serveis Digitals del Nostre Centre<\/strong><\/p>\n\n\n\n<p>A la nostra escola apostem per la innovaci\u00f3 i la tecnologia com a eines fonamentals per a l&#8217;aprenentatge i la comunicaci\u00f3. Per aquest motiu, posem a disposici\u00f3 de l\u2019alumnat i les fam\u00edlies diverses plataformes digitals que faciliten el seguiment acad\u00e8mic i la comunicaci\u00f3 amb el centre.<\/p>\n\n\n\n<div class=\"wp-block-media-text is-stacked-on-mobile\" style=\"grid-template-columns:22% auto\"><figure class=\"wp-block-media-text__media\"><img loading=\"lazy\" decoding=\"async\" width=\"750\" height=\"750\" src=\"https:\/\/agora.xtec.cat\/ceipmdsoldelpont\/wp-content\/uploads\/usu2326\/2025\/02\/GOOGLE-FOR-EDUCATION-e1516817521994GOOGLE-ORDENADOR-377053-Pixabay-e1516817689437.jpg\" alt=\"\" class=\"wp-image-2909 size-full\" srcset=\"https:\/\/agora.xtec.cat\/ceipmdsoldelpont\/wp-content\/uploads\/usu2326\/2025\/02\/GOOGLE-FOR-EDUCATION-e1516817521994GOOGLE-ORDENADOR-377053-Pixabay-e1516817689437.jpg 750w, https:\/\/agora.xtec.cat\/ceipmdsoldelpont\/wp-content\/uploads\/usu2326\/2025\/02\/GOOGLE-FOR-EDUCATION-e1516817521994GOOGLE-ORDENADOR-377053-Pixabay-e1516817689437-300x300.jpg 300w, https:\/\/agora.xtec.cat\/ceipmdsoldelpont\/wp-content\/uploads\/usu2326\/2025\/02\/GOOGLE-FOR-EDUCATION-e1516817521994GOOGLE-ORDENADOR-377053-Pixabay-e1516817689437-150x150.jpg 150w\" sizes=\"auto, (max-width: 750px) 100vw, 750px\" \/><\/figure><div class=\"wp-block-media-text__content\">\n<p>Els nostres alumnes treballen amb l&#8217;entorn <strong>Google for Education<\/strong>, una plataforma que ofereix eines digitals com Google Classroom, Drive, Docs, Slides i Meet, que afavoreixen l&#8217;aprenentatge col\u00b7laboratiu i din\u00e0mic. A trav\u00e9s d\u2019aquest entorn, els estudiants poden accedir a recursos educatius, entregar tasques i comunicar-se amb els docents de manera senzilla i efectiva.<\/p>\n<\/div><\/div>\n\n\n\n<div class=\"wp-block-media-text is-stacked-on-mobile\" style=\"grid-template-columns:23% auto\"><figure class=\"wp-block-media-text__media\"><img decoding=\"async\" src=\"https:\/\/agora.xtec.cat\/ceipmdsoldelpont\/wp-content\/uploads\/usu2326\/2025\/02\/dinantia-logo.svg\" alt=\"\" class=\"wp-image-2910 size-full\"\/><\/figure><div class=\"wp-block-media-text__content\">\n<p>Per garantir una comunicaci\u00f3 fluida entre l&#8217;escola i les fam\u00edlies, utilitzem l&#8217;aplicaci\u00f3 <strong>Dinantia<\/strong>. Aquesta eina permet als pares i mares rebre notificacions importants, comunicats del centre i informaci\u00f3 sobre el dia a dia dels seus fills i filles de manera immediata i segura.<\/p>\n<\/div><\/div>\n\n\n\n<p><\/p>\n\n\n\n<p>Amb aquestes eines digitals, continuem avan\u00e7ant cap a una educaci\u00f3 m\u00e9s accessible, eficient i adaptada a les necessitats de l\u2019era digital. Confiem que aquestes plataformes facilitin el treball de l\u2019alumnat i el contacte amb les fam\u00edlies, refor\u00e7ant la relaci\u00f3 escola-comunitat.<\/p>\n","protected":false},"excerpt":{"rendered":"<p>Serveis Digitals del Nostre Centre A la nostra escola apostem per la innovaci\u00f3 i la tecnologia com a eines fonamentals [&hellip;]<\/p>\n","protected":false},"author":1,"featured_media":0,"parent":66,"menu_order":10,"comment_status":"closed","ping_status":"closed","template":"","meta":{"_bbp_topic_count":0,"_bbp_reply_count":0,"_bbp_total_topic_count":0,"_bbp_total_reply_count":0,"_bbp_voice_count":0,"_bbp_anonymous_reply_count":0,"_bbp_topic_count_hidden":0,"_bbp_reply_count_hidden":0,"_bbp_forum_subforum_count":0,"site-sidebar-layout":"default","site-content-layout":"","ast-site-content-layout":"default","site-content-style":"default","site-sidebar-style":"default","ast-global-header-display":"","ast-banner-title-visibility":"","ast-main-header-display":"","ast-hfb-above-header-display":"","ast-hfb-below-header-display":"","ast-hfb-mobile-header-display":"","site-post-title":"","ast-breadcrumbs-content":"","ast-featured-img":"","footer-sml-layout":"","theme-transparent-header-meta":"","adv-header-id-meta":"","stick-header-meta":"","header-above-stick-meta":"","header-main-stick-meta":"","header-below-stick-meta":"","astra-migrate-meta-layouts":"set","ast-page-background-enabled":"default","ast-page-background-meta":{"desktop":{"background-color":"var(--ast-global-color-4)","background-image":"","background-repeat":"repeat","background-position":"center center","background-size":"auto","background-attachment":"scroll","background-type":"","background-media":"","overlay-type":"","overlay-color":"","overlay-opacity":"","overlay-gradient":""},"tablet":{"background-color":"","background-image":"","background-repeat":"repeat","background-position":"center center","background-size":"auto","background-attachment":"scroll","background-type":"","background-media":"","overlay-type":"","overlay-color":"","overlay-opacity":"","overlay-gradient":""},"mobile":{"background-color":"","background-image":"","background-repeat":"repeat","background-position":"center center","background-size":"auto","background-attachment":"scroll","background-type":"","background-media":"","overlay-type":"","overlay-color":"","overlay-opacity":"","overlay-gradient":""}},"ast-content-background-meta":{"desktop":{"background-color":"var(--ast-global-color-5)","background-image":"","background-repeat":"repeat","background-position":"center center","background-size":"auto","background-attachment":"scroll","background-type":"","background-media":"","overlay-type":"","overlay-color":"","overlay-opacity":"","overlay-gradient":""},"tablet":{"background-color":"var(--ast-global-color-5)","background-image":"","background-repeat":"repeat","background-position":"center center","background-size":"auto","background-attachment":"scroll","background-type":"","background-media":"","overlay-type":"","overlay-color":"","overlay-opacity":"","overlay-gradient":""},"mobile":{"background-color":"var(--ast-global-color-5)","background-image":"","background-repeat":"repeat","background-position":"center center","background-size":"auto","background-attachment":"scroll","background-type":"","background-media":"","overlay-type":"","overlay-color":"","overlay-opacity":"","overlay-gradient":""}},"footnotes":""},"class_list":["post-71","page","type-page","status-publish","hentry"],"post_mailing_queue_ids":[],"_links":{"self":[{"href":"https:\/\/agora.xtec.cat\/ceipmdsoldelpont\/wp-json\/wp\/v2\/pages\/71","targetHints":{"allow":["GET"]}}],"collection":[{"href":"https:\/\/agora.xtec.cat\/ceipmdsoldelpont\/wp-json\/wp\/v2\/pages"}],"about":[{"href":"https:\/\/agora.xtec.cat\/ceipmdsoldelpont\/wp-json\/wp\/v2\/types\/page"}],"author":[{"embeddable":true,"href":"https:\/\/agora.xtec.cat\/ceipmdsoldelpont\/wp-json\/wp\/v2\/users\/1"}],"replies":[{"embeddable":true,"href":"https:\/\/agora.xtec.cat\/ceipmdsoldelpont\/wp-json\/wp\/v2\/comments?post=71"}],"version-history":[{"count":5,"href":"https:\/\/agora.xtec.cat\/ceipmdsoldelpont\/wp-json\/wp\/v2\/pages\/71\/revisions"}],"predecessor-version":[{"id":2915,"href":"https:\/\/agora.xtec.cat\/ceipmdsoldelpont\/wp-json\/wp\/v2\/pages\/71\/revisions\/2915"}],"up":[{"embeddable":true,"href":"https:\/\/agora.xtec.cat\/ceipmdsoldelpont\/wp-json\/wp\/v2\/pages\/66"}],"wp:attachment":[{"href":"https:\/\/agora.xtec.cat\/ceipmdsoldelpont\/wp-json\/wp\/v2\/media?parent=71"}],"curies":[{"name":"wp","href":"https:\/\/api.w.org\/{rel}","templated":true}]}}