{"id":6319,"date":"2019-10-21T15:18:16","date_gmt":"2019-10-21T13:18:16","guid":{"rendered":"http:\/\/agora.xtec.cat\/ceipmdcandela-valls\/?page_id=6319"},"modified":"2025-10-07T13:36:05","modified_gmt":"2025-10-07T11:36:05","slug":"google-for-education","status":"publish","type":"page","link":"https:\/\/agora.xtec.cat\/ceipmdcandela-valls\/curs-actual\/google-for-education\/","title":{"rendered":"Google for Education"},"content":{"rendered":"<p style=\"text-align: justify;\">La Comunitat dels Grans comen\u00e7a utilitza les eines que ens ofereix Google for Education.<\/p>\n<p><b>Google for education <\/b><span style=\"font-weight: 400;\">\u00e9s un paquet d\u2019aplicacions de comunicaci\u00f3 i col\u00b7laboraci\u00f3 allotjades al n\u00favol, completament gratu\u00eft per a centres educatius que ens permet organitzar les comunicacions de forma online i treballar col\u00b7laborativament.<\/span><\/p>\n<p><b>Google for education<\/b><span style=\"font-weight: 400;\"> inclou funcions de seguretat fonamentals dissenyades\u00a0 espec\u00edficament per a mantenir la informaci\u00f3 segura i sota el control del propi centre.<\/span><\/p>\n<p><span style=\"font-weight: 400;\">El centre, i en el seu lloc, l\u2019administrador de l\u2019espai, \u00e9s el que decideix quina informaci\u00f3 es comparteix, amb qui es comparteix, gestionant les altes i les baixes dels usuaris.<\/span><\/p>\n<p style=\"text-align: justify;\">A Llengua Catalana treballem a partir de projectes, on l&#8217;alumnat desenvolupa un tema a partir de la informaci\u00f3 que troba a Internet, per despr\u00e9s explicar-lo de forma oral a la resta de la classe. Google for Education ens permetr\u00e0 treballar de manera simult\u00e0nia en un mateix document m\u00e9s d&#8217;una persona, facilitant la feina i el desenvolupament del projecte a l&#8217;alumnat de la Comunitat.<\/p>\n<p>L&#8217;escola La Candela es compromet a utilitzar exclusivament el servei d\u2019acord amb els prop\u00f2sits legals i pertinents a les finalitats educatives per a les quals s\u2019ha contractat, i a protegir la privacitat dels usuaris d\u2019acord amb el que disposa la legislaci\u00f3 i les regulacions aplicables a Espanya en mat\u00e8ria de protecci\u00f3 de dades (el dret fonamental a la protecci\u00f3 de dades de car\u00e0cter personal es configura en l\u2019article 18.4 de la Constituci\u00f3 espanyola i en l\u2019article 31 de l\u2019Estatut d\u2019autonomia de Catalunya, com a dret a l\u2019autodeterminaci\u00f3 informativa, i es desenvolupa en la Llei org\u00e0nica 15\/1999, de 13 de desembre, de protecci\u00f3 de dades de car\u00e0cter personal (LOPD), i en el reglament que la desenvolupa, i en el <em>Reglament (UE) 2016\/679, del Parlament Europeu i del Consell, de 27 d\u2019abril de 2016, relatiu a la protecci\u00f3 de les persones f\u00edsiques pel que fa al tractament de dades personals i a la lliure circulaci\u00f3 d\u2019aquestes dades<\/em>, juntament amb el\u00a0\u00a0<em>Reial Decret Llei 5\/2018, de 27 de juliol, de mesures urgents per a l\u2019adaptaci\u00f3 del Dret espanyol a la normativa de la Uni\u00f3 Europea en mat\u00e8ria de protecci\u00f3 de dades<\/em>.<\/p>\n<p>En l\u2019av\u00eds seg\u00fcent (<a href=\"https:\/\/agora.xtec.cat\/iesmiramar\/wp-content\/uploads\/usu968\/2018\/10\/AV%C3%8DS-GOOGLE.pdf\">Av\u00eds de privacitat de G Suite for Education<\/a>) es proporcionen respostes a preguntes habituals sobre el que Google pot i no pot fer amb la informaci\u00f3 personal del vostre fill o filla, com ara:<\/p>\n<ul>\n<li>Quina informaci\u00f3 personal recull Google?<\/li>\n<li>Com utilitza Google aquesta informaci\u00f3?<\/li>\n<li>Utilitza Google la informaci\u00f3 personal dels alumnes per als usuaris de centres educatius d\u2019ensenyament primari i secund\u00e0ria per tal d\u2019orientar la publicitat?<\/li>\n<li>Divulgar\u00e0 Google la informaci\u00f3 personal del meu fill o filla?<\/li>\n<\/ul>\n<p style=\"text-align: justify;\">Google for Education ens assegura la privacitat de les dades de l&#8217;alumnat, no es posa cap dada personal en el moment de crear un compte. La informaci\u00f3 que pugui haver en els comptes de l&#8217;alumnat no surten de l&#8217;entorn escola, \u00e9s propietat del centre.<\/p>\n<p style=\"text-align: justify;\">Us deixem un enlla\u00e7 per poder llegir i entendre millor el funcionament d&#8217;aquesta plataforma.<\/p>\n<p style=\"text-align: justify;\"><a href=\"https:\/\/edu.google.com\/intl\/es-419\/why-google\/privacy-security\/?modal_active=none\" target=\"_blank\" rel=\"noopener\">https:\/\/edu.google.com\/intl\/es-419\/why-google\/privacy-security\/?modal_active=none<\/a><\/p>\n<p style=\"text-align: justify;\">\u00a0<\/p>\n<p style=\"text-align: justify;\">\u00a0<\/p>\n","protected":false},"excerpt":{"rendered":"<p>La Comunitat dels Grans comen\u00e7a utilitza les eines que ens ofereix Google for Education.<br \/>\nGoogle for education \u00e9s un paquet d\u2019aplicacions de comunicaci\u00f3 i col\u00b7laboraci\u00f3 allotjades al n\u00favol, completament gratu\u00eft per a centres educatius que ens permet organitzar les comunicacions de forma online i treballar col\u00b7laborativament.<br \/>\nGoogle&hellip;  <a href=\"https:\/\/agora.xtec.cat\/ceipmdcandela-valls\/curs-actual\/google-for-education\/\" title=\"Read Google for Education\">Llegeix m\u00e9s\u00bb<\/a><\/p>\n","protected":false},"author":1,"featured_media":0,"parent":195,"menu_order":0,"comment_status":"closed","ping_status":"closed","template":"page-templates\/side-menu.php","meta":{"_bbp_topic_count":0,"_bbp_reply_count":0,"_bbp_total_topic_count":0,"_bbp_total_reply_count":0,"_bbp_voice_count":0,"_bbp_anonymous_reply_count":0,"_bbp_topic_count_hidden":0,"_bbp_reply_count_hidden":0,"_bbp_forum_subforum_count":0,"footnotes":""},"class_list":["post-6319","page","type-page","status-publish","hentry"],"post_mailing_queue_ids":[],"_links":{"self":[{"href":"https:\/\/agora.xtec.cat\/ceipmdcandela-valls\/wp-json\/wp\/v2\/pages\/6319","targetHints":{"allow":["GET"]}}],"collection":[{"href":"https:\/\/agora.xtec.cat\/ceipmdcandela-valls\/wp-json\/wp\/v2\/pages"}],"about":[{"href":"https:\/\/agora.xtec.cat\/ceipmdcandela-valls\/wp-json\/wp\/v2\/types\/page"}],"author":[{"embeddable":true,"href":"https:\/\/agora.xtec.cat\/ceipmdcandela-valls\/wp-json\/wp\/v2\/users\/1"}],"replies":[{"embeddable":true,"href":"https:\/\/agora.xtec.cat\/ceipmdcandela-valls\/wp-json\/wp\/v2\/comments?post=6319"}],"version-history":[{"count":4,"href":"https:\/\/agora.xtec.cat\/ceipmdcandela-valls\/wp-json\/wp\/v2\/pages\/6319\/revisions"}],"predecessor-version":[{"id":13352,"href":"https:\/\/agora.xtec.cat\/ceipmdcandela-valls\/wp-json\/wp\/v2\/pages\/6319\/revisions\/13352"}],"up":[{"embeddable":true,"href":"https:\/\/agora.xtec.cat\/ceipmdcandela-valls\/wp-json\/wp\/v2\/pages\/195"}],"wp:attachment":[{"href":"https:\/\/agora.xtec.cat\/ceipmdcandela-valls\/wp-json\/wp\/v2\/media?parent=6319"}],"curies":[{"name":"wp","href":"https:\/\/api.w.org\/{rel}","templated":true}]}}