{"id":266,"date":"2016-01-18T09:14:18","date_gmt":"2016-01-18T08:14:18","guid":{"rendered":"http:\/\/agora.xtec.cat\/ceipmdcandela-valls\/?page_id=266"},"modified":"2024-04-25T11:21:42","modified_gmt":"2024-04-25T09:21:42","slug":"sant-jordi","status":"publish","type":"page","link":"https:\/\/agora.xtec.cat\/ceipmdcandela-valls\/activitats-i-festes\/sant-jordi\/","title":{"rendered":"Sant Jordi"},"content":{"rendered":"<p>Per celebrar la diada de Sant Jordi aquest any ho hem viscut d&#8217;una manera molt especial i molt Candelera!<\/p>\n<p><a href=\"https:\/\/agora.xtec.cat\/ceipmdcandela-valls\/wp-content\/uploads\/usu705\/2024\/04\/IMG_20240423_090037.jpg\"><img loading=\"lazy\" decoding=\"async\" class=\"aligncenter size-large wp-image-12242\" src=\"https:\/\/agora.xtec.cat\/ceipmdcandela-valls\/wp-content\/uploads\/usu705\/2024\/04\/IMG_20240423_090037-1024x461.jpg\" alt=\"\" width=\"1024\" height=\"461\" srcset=\"https:\/\/agora.xtec.cat\/ceipmdcandela-valls\/wp-content\/uploads\/usu705\/2024\/04\/IMG_20240423_090037-1024x461.jpg 1024w, https:\/\/agora.xtec.cat\/ceipmdcandela-valls\/wp-content\/uploads\/usu705\/2024\/04\/IMG_20240423_090037-300x135.jpg 300w, https:\/\/agora.xtec.cat\/ceipmdcandela-valls\/wp-content\/uploads\/usu705\/2024\/04\/IMG_20240423_090037-768x346.jpg 768w, https:\/\/agora.xtec.cat\/ceipmdcandela-valls\/wp-content\/uploads\/usu705\/2024\/04\/IMG_20240423_090037-1536x692.jpg 1536w, https:\/\/agora.xtec.cat\/ceipmdcandela-valls\/wp-content\/uploads\/usu705\/2024\/04\/IMG_20240423_090037.jpg 1863w\" sizes=\"auto, (max-width: 1024px) 100vw, 1024px\" \/><\/a><\/p>\n<p>En arribar al mat\u00ed a l&#8217;escola hem compartit una estona de danses al pati, on l&#8217;alumnat de 1r i 2n ens ha fet una mostra de danses tradicionals per engegar la jornada cultural de Sant Jordi.<\/p>\n<p><a href=\"https:\/\/agora.xtec.cat\/ceipmdcandela-valls\/wp-content\/uploads\/usu705\/2024\/04\/IMG_20240423_123351.jpg\"><img loading=\"lazy\" decoding=\"async\" class=\"aligncenter size-large wp-image-12243\" src=\"https:\/\/agora.xtec.cat\/ceipmdcandela-valls\/wp-content\/uploads\/usu705\/2024\/04\/IMG_20240423_123351-1024x461.jpg\" alt=\"\" width=\"1024\" height=\"461\" srcset=\"https:\/\/agora.xtec.cat\/ceipmdcandela-valls\/wp-content\/uploads\/usu705\/2024\/04\/IMG_20240423_123351-1024x461.jpg 1024w, https:\/\/agora.xtec.cat\/ceipmdcandela-valls\/wp-content\/uploads\/usu705\/2024\/04\/IMG_20240423_123351-300x135.jpg 300w, https:\/\/agora.xtec.cat\/ceipmdcandela-valls\/wp-content\/uploads\/usu705\/2024\/04\/IMG_20240423_123351-768x346.jpg 768w, https:\/\/agora.xtec.cat\/ceipmdcandela-valls\/wp-content\/uploads\/usu705\/2024\/04\/IMG_20240423_123351-1536x692.jpg 1536w, https:\/\/agora.xtec.cat\/ceipmdcandela-valls\/wp-content\/uploads\/usu705\/2024\/04\/IMG_20240423_123351.jpg 1863w\" sizes=\"auto, (max-width: 1024px) 100vw, 1024px\" \/><\/a><\/p>\n<p>L&#8217;alumnat de 3r ha participat a la 10a edici\u00f3 de Lectura en veu alta d&#8217;\u00d2mnium a la pla\u00e7a Sant Jordi, on ens han regalat diversos poemes que han exposat per grups.<\/p>\n<p><a href=\"https:\/\/agora.xtec.cat\/ceipmdcandela-valls\/wp-content\/uploads\/usu705\/2024\/04\/IMG_20240423_115329.jpg\"><img loading=\"lazy\" decoding=\"async\" class=\"aligncenter size-large wp-image-12244\" src=\"https:\/\/agora.xtec.cat\/ceipmdcandela-valls\/wp-content\/uploads\/usu705\/2024\/04\/IMG_20240423_115329-1024x461.jpg\" alt=\"\" width=\"1024\" height=\"461\" srcset=\"https:\/\/agora.xtec.cat\/ceipmdcandela-valls\/wp-content\/uploads\/usu705\/2024\/04\/IMG_20240423_115329-1024x461.jpg 1024w, https:\/\/agora.xtec.cat\/ceipmdcandela-valls\/wp-content\/uploads\/usu705\/2024\/04\/IMG_20240423_115329-300x135.jpg 300w, https:\/\/agora.xtec.cat\/ceipmdcandela-valls\/wp-content\/uploads\/usu705\/2024\/04\/IMG_20240423_115329-768x346.jpg 768w, https:\/\/agora.xtec.cat\/ceipmdcandela-valls\/wp-content\/uploads\/usu705\/2024\/04\/IMG_20240423_115329-1536x692.jpg 1536w, https:\/\/agora.xtec.cat\/ceipmdcandela-valls\/wp-content\/uploads\/usu705\/2024\/04\/IMG_20240423_115329.jpg 1863w\" sizes=\"auto, (max-width: 1024px) 100vw, 1024px\" \/><\/a><\/p>\n<p>Al llarg del mat\u00ed tots els grups han sortit a veure les parades de llibres i roses. Han pogut remenar les novetats i triar quin llibre volien comprar per la classe. Fins i tot, els m\u00e9s grans han pogut fer una llista amb els llibres que m\u00e9s els han agradat per comprar-los a la tarda amb les fam\u00edlies.\u00a0<\/p>\n<p>Podeu veure les imatges de la jornada <a href=\"https:\/\/photos.app.goo.gl\/nuJjdkSHKwvtTYH98\">aqu\u00ed<\/a>!<\/p>\n","protected":false},"excerpt":{"rendered":"<p>Per celebrar la diada de Sant Jordi aquest any ho hem viscut d&#8217;una manera molt especial i molt Candelera!<br \/>\n<a href=\"https:\/\/agora.xtec.cat\/ceipmdcandela-valls\/wp-content\/uploads\/usu705\/2024\/04\/IMG_20240423_090037.jpg\"><\/a><br \/>\nEn arribar al mat\u00ed a l&#8217;escola hem compartit una estona de danses al pati, on l&#8217;alumnat de 1r i 2n ens ha fet una mostra de&hellip;  <a href=\"https:\/\/agora.xtec.cat\/ceipmdcandela-valls\/activitats-i-festes\/sant-jordi\/\" title=\"Read Sant Jordi\">Llegeix m\u00e9s\u00bb<\/a><\/p>\n","protected":false},"author":1,"featured_media":0,"parent":251,"menu_order":0,"comment_status":"closed","ping_status":"closed","template":"page-templates\/side-menu.php","meta":{"_bbp_topic_count":0,"_bbp_reply_count":0,"_bbp_total_topic_count":0,"_bbp_total_reply_count":0,"_bbp_voice_count":0,"_bbp_anonymous_reply_count":0,"_bbp_topic_count_hidden":0,"_bbp_reply_count_hidden":0,"_bbp_forum_subforum_count":0,"footnotes":""},"class_list":["post-266","page","type-page","status-publish","hentry"],"post_mailing_queue_ids":[],"_links":{"self":[{"href":"https:\/\/agora.xtec.cat\/ceipmdcandela-valls\/wp-json\/wp\/v2\/pages\/266","targetHints":{"allow":["GET"]}}],"collection":[{"href":"https:\/\/agora.xtec.cat\/ceipmdcandela-valls\/wp-json\/wp\/v2\/pages"}],"about":[{"href":"https:\/\/agora.xtec.cat\/ceipmdcandela-valls\/wp-json\/wp\/v2\/types\/page"}],"author":[{"embeddable":true,"href":"https:\/\/agora.xtec.cat\/ceipmdcandela-valls\/wp-json\/wp\/v2\/users\/1"}],"replies":[{"embeddable":true,"href":"https:\/\/agora.xtec.cat\/ceipmdcandela-valls\/wp-json\/wp\/v2\/comments?post=266"}],"version-history":[{"count":5,"href":"https:\/\/agora.xtec.cat\/ceipmdcandela-valls\/wp-json\/wp\/v2\/pages\/266\/revisions"}],"predecessor-version":[{"id":12245,"href":"https:\/\/agora.xtec.cat\/ceipmdcandela-valls\/wp-json\/wp\/v2\/pages\/266\/revisions\/12245"}],"up":[{"embeddable":true,"href":"https:\/\/agora.xtec.cat\/ceipmdcandela-valls\/wp-json\/wp\/v2\/pages\/251"}],"wp:attachment":[{"href":"https:\/\/agora.xtec.cat\/ceipmdcandela-valls\/wp-json\/wp\/v2\/media?parent=266"}],"curies":[{"name":"wp","href":"https:\/\/api.w.org\/{rel}","templated":true}]}}