{"id":264,"date":"2016-01-18T09:13:59","date_gmt":"2016-01-18T08:13:59","guid":{"rendered":"http:\/\/agora.xtec.cat\/ceipmdcandela-valls\/?page_id=264"},"modified":"2026-03-27T12:30:53","modified_gmt":"2026-03-27T11:30:53","slug":"setmana-santa","status":"publish","type":"page","link":"https:\/\/agora.xtec.cat\/ceipmdcandela-valls\/activitats-i-festes\/setmana-santa\/","title":{"rendered":"Pasqua"},"content":{"rendered":"<blockquote>\n<h3 class=\"titular-taronja\" style=\"text-align: justify;\">Pasqua: temps de mona, palmes, palmons i processons<\/h3>\n<p style=\"text-align: justify;\">La Setmana Santa \u00e9s el per\u00edode que va des del Diumenge de Rams, just quan acaba la\u00a0<a href=\"https:\/\/www.sortirambnens.com\/fires-i-festes\/festivitats-i-tradicions\/la-quaresma\/\" target=\"_blank\" rel=\"noopener noreferrer\">Quaresma<\/a>, fins al Diumenge de Pasqua.<\/p>\n<p style=\"text-align: justify;\">Cristians o no, tothom ho celebra o, almenys, les escoles fan festa i molta gent t\u00e9 vacances.<\/p>\n<p style=\"text-align: justify;\"><img loading=\"lazy\" decoding=\"async\" class=\" alignleft size-full wp-image-7638\" src=\"https:\/\/www.sortirambnens.com\/wp-content\/uploads\/2008\/06\/ous_pasqua_220.jpg\" alt=\"\" width=\"200\" height=\"123\" \/><\/p>\n<p style=\"text-align: justify;\"><a href=\"https:\/\/www.sortirambnens.com\/recetas\/mones-de-pasqua\/\" target=\"_blank\" rel=\"noopener noreferrer\">La Mona de Pasqua<\/a> \u00e9s un past\u00eds que els padrins i padrines regalen als seus fillols i filloles el Dilluns de Pasqua. La tradici\u00f3 es deu al fet que en aquesta data se celebrava que el per\u00edode de dejuni i abstin\u00e8ncia de <a href=\"https:\/\/www.sortirambnens.com\/fires-i-festes\/festivitats-i-tradicions\/la-quaresma\/\" target=\"_blank\" rel=\"noopener noreferrer\">Quaresma<\/a>\u00a0s\u2019havia acabat.<\/p>\n<p>&nbsp;<\/p>\n<p style=\"text-align: justify;\"><a href=\"https:\/\/www.sortirambnens.com\/recetas\/mones-de-pasqua\/\" target=\"_blank\" rel=\"noopener noreferrer\"><img loading=\"lazy\" decoding=\"async\" class=\" wp-image-7639 alignright\" src=\"https:\/\/www.sortirambnens.com\/wp-content\/uploads\/2008\/06\/mona%20de%20pasqua.jpg\" alt=\"\" width=\"280\" height=\"210\" \/><\/a><\/p>\n<p style=\"text-align: justify;\">I la manera m\u00e9s simb\u00f2lica de fer-ho era regalant un past\u00eds a la mainada (resulta que el mot Mona prov\u00e9 de la paraula d\u2019origen \u00e0rab <em>munna<\/em>, que vol dir regal). La Mona havia de tenir tants ous com anys tenia el nen o nena.<\/p>\n<p style=\"text-align: justify;\">Tradicionalment, les Mones no eren de xocolata, sin\u00f3 que simplement eren un pastis amb ous durs per sobre.<\/p>\n<p><img loading=\"lazy\" decoding=\"async\" class=\"size-full wp-image-7640 alignleft\" style=\"text-align: justify;\" src=\"https:\/\/www.sortirambnens.com\/wp-content\/uploads\/2008\/06\/mona_de_pasqua_1.jpg\" alt=\"\" width=\"250\" height=\"211\" border=\"0\" \/><\/p>\n<p>&nbsp;<\/p>\n<p style=\"text-align: justify;\">Encara ara hi ha molts indrets a Catalunya on es troben les Mones tradicionals, per\u00f2 la majoria han evolucionat cap als pastissos que continuen tenint ous, per\u00f2 de xocolata. I amb els anys, els ous tamb\u00e9 s\u2019han anat complementant o substituint per figures de xocolata que, fins i tot, es poden convertir amb creacions o obres d\u2019art. Aix\u00f2 si, quasi totes mantenen unes plomes de colors i uns pollets (com si haguessin sortit dels ous) que les fa molt caracter\u00edstiques.<\/p>\n<h5>\u00a0<\/h5>\n<h5 class=\"data-taronja\" style=\"text-align: justify;\">Les palmes i els palmons<\/h5>\n<p style=\"text-align: justify;\">Potser \u00e9s el de Vic el Mercat del Ram m\u00e9s conegut de Catalunya. Aqu\u00ed totes les padrines poden comprar la palma a les seves filloles o el palm\u00f3 als seus fillols.\u00a0<br \/>\nA les palmes i palmons que es porten a beneir s\u2019hi pengen caramels de sucre, figuretes de pa i grans lla\u00e7ades.<\/p>\n<p style=\"text-align: justify;\">Els ous s\u00f3n sin\u00f2nim de vida, de naixement (\u00e9s el comen\u00e7ament de la vida) i \u00e9s per aix\u00f2 que a la Mona hi posem ous. En altres pa\u00efsos, on la Mona no \u00e9s tradici\u00f3, us heu fixat que tamb\u00e9 mengen ous i els pinten?<\/p>\n<\/blockquote>\n<p>\u00a0Font:\u00a0<a style=\"color: #2795b6;\" href=\"https:\/\/www.sortirambnens.com\/fires-i-festes\/festivitats-i-tradicions\/setmana-santa-i-pasqua\/\" target=\"_blank\" rel=\"noopener noreferrer\">aqu\u00ed<\/a><\/p>\n<p><strong>La geganta de La Vella Quaresma<\/strong><\/p>\n<p style=\"font-family: 'Helvetica Neue', Helvetica, Helvetica, Arial, sans-serif; font-size: 16px;\"><img loading=\"lazy\" decoding=\"async\" class=\"alignright\" src=\"https:\/\/gegantcat.com\/storage\/img\/elements\/geganta-vella-quarsema-de-valls_1607299920.jpg\" alt=\"Geganta vella Quarsema de Valls | GegantCat\" width=\"228\" height=\"304\" \/><\/p>\n<p>El dimecres de cendra, la geganta de La Vella Quaresma arriba a la pla\u00e7a del B<span style=\"font-family: inherit; font-size: 1em;\">lat<\/span>\u00a0per passar els 49 dies de la Quaresma al vest\u00edbul de l&#8217;Ajuntament de Valls. La Vella Quaresma t\u00e9 7 arengades al cistell i cada setmana els infants de la ciutat n&#8217;hi treuen una. Aix\u00ed, cada setmana perd una arengada que simbolitza cadascuna de les setmanes que dura la Quaresma.\u00a0<\/p>\n<p>Podeu llegir el conte que ha escrit el Roger Roig i que ha il\u00b7lustrat el David Rovira <a href=\"https:\/\/uaf.cat\/wp-content\/uploads\/2021\/02\/Geganta-Vella-Quaresma-conte.pdf\">aqu\u00ed<\/a>.<\/p>\n<p>&nbsp;<\/p>\n<p>&nbsp;<\/p>\n<p>&nbsp;<\/p>\n<p>Podeu veure tot el que hem fet aquests dies aqu\u00ed:<\/p>\n<p>Comprem els ingredients de la mona<\/p>\n<p>Mercat de les palmes<\/p>\n<p><a href=\"https:\/\/photos.app.goo.gl\/DB79KiGEQqaAt1sw8\">Fem la mona i ens la mengem al Forn\u00e0s<\/a><\/p>\n<p>&nbsp;<\/p>\n","protected":false},"excerpt":{"rendered":"<p>Pasqua: temps de mona, palmes, palmons i processons<br \/>\nLa Setmana Santa \u00e9s el per\u00edode que va des del Diumenge de Rams, just quan acaba la\u00a0<a href=\"https:\/\/www.sortirambnens.com\/fires-i-festes\/festivitats-i-tradicions\/la-quaresma\/\" target=\"_blank\" rel=\"noopener noreferrer\">Quaresma<\/a>, fins al Diumenge de Pasqua.<br \/>\nCristians o no, tothom ho celebra o, almenys, les escoles fan festa i&hellip;  <a href=\"https:\/\/agora.xtec.cat\/ceipmdcandela-valls\/activitats-i-festes\/setmana-santa\/\" title=\"Read Pasqua\">Llegeix m\u00e9s\u00bb<\/a><\/p>\n","protected":false},"author":1,"featured_media":0,"parent":251,"menu_order":0,"comment_status":"closed","ping_status":"closed","template":"page-templates\/side-menu.php","meta":{"_bbp_topic_count":0,"_bbp_reply_count":0,"_bbp_total_topic_count":0,"_bbp_total_reply_count":0,"_bbp_voice_count":0,"_bbp_anonymous_reply_count":0,"_bbp_topic_count_hidden":0,"_bbp_reply_count_hidden":0,"_bbp_forum_subforum_count":0,"footnotes":""},"class_list":["post-264","page","type-page","status-publish","hentry"],"post_mailing_queue_ids":[],"_links":{"self":[{"href":"https:\/\/agora.xtec.cat\/ceipmdcandela-valls\/wp-json\/wp\/v2\/pages\/264","targetHints":{"allow":["GET"]}}],"collection":[{"href":"https:\/\/agora.xtec.cat\/ceipmdcandela-valls\/wp-json\/wp\/v2\/pages"}],"about":[{"href":"https:\/\/agora.xtec.cat\/ceipmdcandela-valls\/wp-json\/wp\/v2\/types\/page"}],"author":[{"embeddable":true,"href":"https:\/\/agora.xtec.cat\/ceipmdcandela-valls\/wp-json\/wp\/v2\/users\/1"}],"replies":[{"embeddable":true,"href":"https:\/\/agora.xtec.cat\/ceipmdcandela-valls\/wp-json\/wp\/v2\/comments?post=264"}],"version-history":[{"count":8,"href":"https:\/\/agora.xtec.cat\/ceipmdcandela-valls\/wp-json\/wp\/v2\/pages\/264\/revisions"}],"predecessor-version":[{"id":13771,"href":"https:\/\/agora.xtec.cat\/ceipmdcandela-valls\/wp-json\/wp\/v2\/pages\/264\/revisions\/13771"}],"up":[{"embeddable":true,"href":"https:\/\/agora.xtec.cat\/ceipmdcandela-valls\/wp-json\/wp\/v2\/pages\/251"}],"wp:attachment":[{"href":"https:\/\/agora.xtec.cat\/ceipmdcandela-valls\/wp-json\/wp\/v2\/media?parent=264"}],"curies":[{"name":"wp","href":"https:\/\/api.w.org\/{rel}","templated":true}]}}