{"id":260,"date":"2016-01-18T09:13:23","date_gmt":"2016-01-18T08:13:23","guid":{"rendered":"http:\/\/agora.xtec.cat\/ceipmdcandela-valls\/?page_id=260"},"modified":"2025-12-19T13:06:55","modified_gmt":"2025-12-19T12:06:55","slug":"nadal","status":"publish","type":"page","link":"https:\/\/agora.xtec.cat\/ceipmdcandela-valls\/activitats-i-festes\/nadal\/","title":{"rendered":"Solstici d&#8217;hivern i festes de Nadal"},"content":{"rendered":"<ul>\n<li><strong>FESTIVAL DE NADAL:<\/strong><\/li>\n<\/ul>\n<p>A continuaci\u00f3, podreu veure els <strong>poemes<\/strong> i les <strong>can\u00e7ons <\/strong>interpretades magistralment per les nenes i els nens de l&#8217;escola. <strong>Gaudiu-ne!<\/strong>\u00a0<\/p>\n<p>Comunitat de Petits: <a href=\"https:\/\/photos.app.goo.gl\/xZh9gQpmPh66JWnK6\" target=\"_blank\" rel=\"noopener\">I3<\/a>, <a href=\"https:\/\/photos.app.goo.gl\/gXVLfWoHjHn5mtWH6\" target=\"_blank\" rel=\"noopener\">I4<\/a>, <a href=\"https:\/\/photos.app.goo.gl\/wMeTFeF51qZfvJNR8\" target=\"_blank\" rel=\"noopener\">I5<\/a>, <a href=\"https:\/\/photos.app.goo.gl\/oaNFSmEYcPSmVdUf8\" target=\"_blank\" rel=\"noopener\">Can\u00e7\u00f3<\/a><\/p>\n<p>Comunitat de Mitjans: <a href=\"https:\/\/photos.app.goo.gl\/yct7ZjV2mfVdsT6R8\" target=\"_blank\" rel=\"noopener\">1r<\/a>, <a href=\"https:\/\/photos.app.goo.gl\/bTrJAFg1pNzc2sKb8\" target=\"_blank\" rel=\"noopener\">2n<\/a>, <a href=\"https:\/\/photos.app.goo.gl\/B2WhimxGEfSybh8X7\" target=\"_blank\" rel=\"noopener\">3r<\/a><\/p>\n<p>Comunitat de Grans: <a href=\"https:\/\/photos.app.goo.gl\/W3C6sRd53XzKeXZU7\" target=\"_blank\" rel=\"noopener\">4t<\/a>, <a href=\"https:\/\/photos.app.goo.gl\/EbywYBPEMtXnPSiY6\" target=\"_blank\" rel=\"noopener\">5\u00e8<\/a>, <a href=\"https:\/\/photos.app.goo.gl\/GAnQZ99erJ3SAAY47\" target=\"_blank\" rel=\"noopener\">6\u00e8<\/a><\/p>\n<p>***********************************************************************************************************************<\/p>\n<ul>\n<li><strong>EL TI\u00d3<\/strong><\/li>\n<\/ul>\n<p>Despr\u00e9s d&#8217;un llarg viatge a trav\u00e9s de muntanyes i turons, boscos i prats, el <strong>TI\u00d3 <\/strong><a href=\"https:\/\/photos.app.goo.gl\/ARSeqHCBNmPX9u6c7\">va arribar a l&#8217;escola<\/a>. Quina alegria, quines ganes de rebre&#8217;l! Amb molt d&#8217;amor, abra\u00e7ades, petons&#8230; i unes quantes peles de mandarina i taronja&#8230; va anar revifant-se.<\/p>\n<p>Fixeu-vos quin goig feia el dia que va cagar els regals a tot l&#8217;alumnat de l&#8217;escola.<\/p>\n<p><a href=\"https:\/\/photos.app.goo.gl\/FVux9M62oBsdXsB86\">Comunitat de Petits<\/a><\/p>\n<p><a href=\"https:\/\/photos.app.goo.gl\/3wYcJ59rFRGApCrM8\">Comunitat de Mitjans<\/a><\/p>\n<p><a href=\"https:\/\/photos.app.goo.gl\/iNcgMBquBXiUKsMj9\">Comunitat de Grans<\/a><\/p>\n<p>***********************************************************************************************************************<\/p>\n<ul>\n<li><strong>VISITA DELS PATGES REIALS<\/strong><\/li>\n<\/ul>\n<p>Durant les festes d&#8217;hivern tamb\u00e9 hem rebut la visita dels <strong>Patges Reials<\/strong>, emissaris de Ses Majestats els Reis d&#8217;Orient, a qui v\u00e0rem poder donar les cartes amb els nostres desitjos. Ens van explicar un munt d&#8217;an\u00e8cdotes del seu viatge<strong>.\u00a0<\/strong><\/p>\n<p><a href=\"https:\/\/photos.app.goo.gl\/2toRvoM8RsLcDsvy9\" target=\"_blank\" rel=\"noopener\">Comunitat de Petits<\/a><\/p>\n<p><a href=\"https:\/\/photos.app.goo.gl\/jbAJuz5UvRbdGx178\">Comunitat de Mitjans<\/a><\/p>\n<p><a href=\"https:\/\/photos.app.goo.gl\/B536Smu5etwe8KNd7\">Comunitat de Grans<\/a><\/p>\n<p>***********************************************************************************************************************<\/p>\n<ul>\n<li><strong>VISITA AL PESSEBRE MONUMENTAL<\/strong><\/li>\n<\/ul>\n<p>La <strong>Comunitat de Petits<\/strong> vam anar el dilluns, 15 de desembre, a visitar el <a href=\"https:\/\/photos.app.goo.gl\/wV4MpzzRAuCKajTW6\">Pessebre monumental<\/a>. Aqu\u00ed teniu la mostra fotogr\u00e0fica.<\/p>\n","protected":false},"excerpt":{"rendered":"<ul>\n<li>FESTIVAL DE NADAL:<\/li>\n<\/ul>\n<p>A continuaci\u00f3, podreu veure els poemes i les can\u00e7ons interpretades magistralment per les nenes i els nens de l&#8217;escola. Gaudiu-ne!\u00a0<br \/>\nComunitat de Petits: <a href=\"https:\/\/photos.app.goo.gl\/xZh9gQpmPh66JWnK6\" target=\"_blank\" rel=\"noopener\">I3<\/a>, <a href=\"https:\/\/photos.app.goo.gl\/gXVLfWoHjHn5mtWH6\" target=\"_blank\" rel=\"noopener\">I4<\/a>, <a href=\"https:\/\/photos.app.goo.gl\/wMeTFeF51qZfvJNR8\" target=\"_blank\" rel=\"noopener\">I5<\/a>, <a href=\"https:\/\/photos.app.goo.gl\/oaNFSmEYcPSmVdUf8\" target=\"_blank\" rel=\"noopener\">Can\u00e7\u00f3<\/a><br \/>\nComunitat de Mitjans: <a href=\"https:\/\/photos.app.goo.gl\/yct7ZjV2mfVdsT6R8\" target=\"_blank\"&hellip;  <a href=\"https:\/\/agora.xtec.cat\/ceipmdcandela-valls\/activitats-i-festes\/nadal\/\" title=\"Read Solstici d&#8217;hivern i festes de Nadal\">Llegeix m\u00e9s\u00bb<\/a><\/p>\n","protected":false},"author":1,"featured_media":0,"parent":251,"menu_order":0,"comment_status":"closed","ping_status":"closed","template":"page-templates\/side-menu.php","meta":{"_bbp_topic_count":0,"_bbp_reply_count":0,"_bbp_total_topic_count":0,"_bbp_total_reply_count":0,"_bbp_voice_count":0,"_bbp_anonymous_reply_count":0,"_bbp_topic_count_hidden":0,"_bbp_reply_count_hidden":0,"_bbp_forum_subforum_count":0,"footnotes":""},"class_list":["post-260","page","type-page","status-publish","hentry"],"post_mailing_queue_ids":[],"_links":{"self":[{"href":"https:\/\/agora.xtec.cat\/ceipmdcandela-valls\/wp-json\/wp\/v2\/pages\/260","targetHints":{"allow":["GET"]}}],"collection":[{"href":"https:\/\/agora.xtec.cat\/ceipmdcandela-valls\/wp-json\/wp\/v2\/pages"}],"about":[{"href":"https:\/\/agora.xtec.cat\/ceipmdcandela-valls\/wp-json\/wp\/v2\/types\/page"}],"author":[{"embeddable":true,"href":"https:\/\/agora.xtec.cat\/ceipmdcandela-valls\/wp-json\/wp\/v2\/users\/1"}],"replies":[{"embeddable":true,"href":"https:\/\/agora.xtec.cat\/ceipmdcandela-valls\/wp-json\/wp\/v2\/comments?post=260"}],"version-history":[{"count":7,"href":"https:\/\/agora.xtec.cat\/ceipmdcandela-valls\/wp-json\/wp\/v2\/pages\/260\/revisions"}],"predecessor-version":[{"id":13586,"href":"https:\/\/agora.xtec.cat\/ceipmdcandela-valls\/wp-json\/wp\/v2\/pages\/260\/revisions\/13586"}],"up":[{"embeddable":true,"href":"https:\/\/agora.xtec.cat\/ceipmdcandela-valls\/wp-json\/wp\/v2\/pages\/251"}],"wp:attachment":[{"href":"https:\/\/agora.xtec.cat\/ceipmdcandela-valls\/wp-json\/wp\/v2\/media?parent=260"}],"curies":[{"name":"wp","href":"https:\/\/api.w.org\/{rel}","templated":true}]}}