{"id":11398,"date":"2023-06-30T09:06:42","date_gmt":"2023-06-30T07:06:42","guid":{"rendered":"https:\/\/agora.xtec.cat\/ceipmdcandela-valls\/?page_id=11398"},"modified":"2023-06-30T09:06:51","modified_gmt":"2023-06-30T07:06:51","slug":"tecnics-dintegracio-social-i-educadors-socials","status":"publish","type":"page","link":"https:\/\/agora.xtec.cat\/ceipmdcandela-valls\/serveis\/tecnics-dintegracio-social-i-educadors-socials\/","title":{"rendered":"T\u00e8cnics d&#8217;Integraci\u00f3 Social i Educadors Socials"},"content":{"rendered":"<p>Per indicaci\u00f3 de la Direcci\u00f3 General d&#8217;Atenci\u00f3 a la Fam\u00edlia i Comunitat Educativa us informem que:<\/p>\n<p>L\u2019escola ha disposat d\u2019una T\u00e8cnic d\u2019integraci\u00f3 social durant els darrers 3 cursos escolars. La contractaci\u00f3 d\u2019aquesta professional l\u2019\u00faltim any i en els propers 2, est\u00e0 cofinan\u00e7ada en un 40% per la Uni\u00f3 Europea i la resta pel Departament d\u2019Educaci\u00f3.<\/p>\n<p>La incorporaci\u00f3 dels t\u00e8cnics d\u2019integraci\u00f3 social t\u00e9 uns objectius concrets, tal com:<\/p>\n<ul>\n<li>Prevenir l\u2019absentisme escolar.<\/li>\n<li>Procurar el benestar emocional de l\u2019alumnat.<\/li>\n<li>Facilitar una bona conviv\u00e8ncia en els centres educatius.<\/li>\n<li>Fomentar la implicaci\u00f3 de les fam\u00edlies.<\/li>\n<li>Fomentar el vincle entre l\u2019escola i el seu entorn.<\/li>\n<li>Acollir l\u2019alumnat nouvingut.<\/li>\n<\/ul>\n<p><a href=\"https:\/\/agora.xtec.cat\/ceipmdcandela-valls\/wp-content\/uploads\/usu705\/2023\/06\/TIS.jpg\"><img loading=\"lazy\" decoding=\"async\" class=\"aligncenter  wp-image-11399\" src=\"https:\/\/agora.xtec.cat\/ceipmdcandela-valls\/wp-content\/uploads\/usu705\/2023\/06\/TIS.jpg\" alt=\"\" width=\"461\" height=\"72\" srcset=\"https:\/\/agora.xtec.cat\/ceipmdcandela-valls\/wp-content\/uploads\/usu705\/2023\/06\/TIS.jpg 724w, https:\/\/agora.xtec.cat\/ceipmdcandela-valls\/wp-content\/uploads\/usu705\/2023\/06\/TIS-300x47.jpg 300w\" sizes=\"auto, (max-width: 461px) 100vw, 461px\" \/><\/a><\/p>\n","protected":false},"excerpt":{"rendered":"<p>Per indicaci\u00f3 de la Direcci\u00f3 General d&#8217;Atenci\u00f3 a la Fam\u00edlia i Comunitat Educativa us informem que:<br \/>\nL\u2019escola ha disposat d\u2019una T\u00e8cnic d\u2019integraci\u00f3 social durant els darrers 3 cursos escolars. La contractaci\u00f3 d\u2019aquesta professional l\u2019\u00faltim any i en els propers 2, est\u00e0 cofinan\u00e7ada en un 40% per&hellip;  <a href=\"https:\/\/agora.xtec.cat\/ceipmdcandela-valls\/serveis\/tecnics-dintegracio-social-i-educadors-socials\/\" title=\"Read T\u00e8cnics d&#8217;Integraci\u00f3 Social i Educadors Socials\">Llegeix m\u00e9s\u00bb<\/a><\/p>\n","protected":false},"author":1,"featured_media":0,"parent":66,"menu_order":5,"comment_status":"closed","ping_status":"closed","template":"","meta":{"_bbp_topic_count":0,"_bbp_reply_count":0,"_bbp_total_topic_count":0,"_bbp_total_reply_count":0,"_bbp_voice_count":0,"_bbp_anonymous_reply_count":0,"_bbp_topic_count_hidden":0,"_bbp_reply_count_hidden":0,"_bbp_forum_subforum_count":0,"footnotes":""},"class_list":["post-11398","page","type-page","status-publish","hentry"],"post_mailing_queue_ids":[],"_links":{"self":[{"href":"https:\/\/agora.xtec.cat\/ceipmdcandela-valls\/wp-json\/wp\/v2\/pages\/11398","targetHints":{"allow":["GET"]}}],"collection":[{"href":"https:\/\/agora.xtec.cat\/ceipmdcandela-valls\/wp-json\/wp\/v2\/pages"}],"about":[{"href":"https:\/\/agora.xtec.cat\/ceipmdcandela-valls\/wp-json\/wp\/v2\/types\/page"}],"author":[{"embeddable":true,"href":"https:\/\/agora.xtec.cat\/ceipmdcandela-valls\/wp-json\/wp\/v2\/users\/1"}],"replies":[{"embeddable":true,"href":"https:\/\/agora.xtec.cat\/ceipmdcandela-valls\/wp-json\/wp\/v2\/comments?post=11398"}],"version-history":[{"count":2,"href":"https:\/\/agora.xtec.cat\/ceipmdcandela-valls\/wp-json\/wp\/v2\/pages\/11398\/revisions"}],"predecessor-version":[{"id":11401,"href":"https:\/\/agora.xtec.cat\/ceipmdcandela-valls\/wp-json\/wp\/v2\/pages\/11398\/revisions\/11401"}],"up":[{"embeddable":true,"href":"https:\/\/agora.xtec.cat\/ceipmdcandela-valls\/wp-json\/wp\/v2\/pages\/66"}],"wp:attachment":[{"href":"https:\/\/agora.xtec.cat\/ceipmdcandela-valls\/wp-json\/wp\/v2\/media?parent=11398"}],"curies":[{"name":"wp","href":"https:\/\/api.w.org\/{rel}","templated":true}]}}