{"id":9433,"date":"2025-06-04T10:13:29","date_gmt":"2025-06-04T08:13:29","guid":{"rendered":"https:\/\/agora.xtec.cat\/ceipmdangels\/?page_id=9433"},"modified":"2025-06-11T13:08:45","modified_gmt":"2025-06-11T11:08:45","slug":"acollida-3","status":"publish","type":"page","link":"https:\/\/agora.xtec.cat\/ceipmdangels\/que-volem\/amipa\/acollida-3\/","title":{"rendered":"Acollida"},"content":{"rendered":"<div class=\"wp-block-image\">\n<figure class=\"alignleft is-resized\"><a href=\"https:\/\/agora.xtec.cat\/ceipmdangels\/wp-content\/uploads\/usu320\/2023\/10\/acollida.png\" target=\"_blank\" rel=\"noreferrer noopener\"><img loading=\"lazy\" decoding=\"async\" width=\"220\" height=\"300\" src=\"https:\/\/agora.xtec.cat\/ceipmdangels\/wp-content\/uploads\/usu320\/2023\/10\/acollida-220x300.png\" alt=\"\" class=\"wp-image-8022\" style=\"width:232px;height:auto\" srcset=\"https:\/\/agora.xtec.cat\/ceipmdangels\/wp-content\/uploads\/usu320\/2023\/10\/acollida-220x300.png 220w, https:\/\/agora.xtec.cat\/ceipmdangels\/wp-content\/uploads\/usu320\/2023\/10\/acollida.png 532w\" sizes=\"auto, (max-width: 220px) 100vw, 220px\" \/><\/a><\/figure><\/div>\n\n\n<p>Us informem que des d&#8217;AFA gestionem el servei d&#8217;acollida, aquest es fa al centre de 8 a 9 h.\u00a0(En adjunt la informaci\u00f3 dels preus).<\/p>\n\n\n\n<ul class=\"wp-block-list\">\n<li>Per apuntar a l&#8217;alumnat a acollida s&#8217;ha d&#8217;anar al centre de 8 a 9 h i parlar amb la monitora (Montse).<\/li>\n\n\n\n<li>Es considera fix quan es quedi m\u00e9s de 10 dies al mes.<\/li>\n\n\n\n<li>El servei no es inclou l&#8217;esmorzar dels alumnes, per\u00f2 l&#8217;usuari el pot portar de casa.<\/li>\n\n\n\n<li>L&#8217;acollida es paga per transfer\u00e8ncia banc\u00e0ria al seg\u00fcent compte de l&#8217;AFA, indicant Nom i cognoms de l&#8217;alumne:\u00a0<strong>ES91 0049 1583 2722 1031 8377<\/strong><\/li>\n<\/ul>\n\n\n\n<p><strong><u>Important:<\/u><\/strong>&nbsp;Les fam\u00edlies que tinguin deutes pendents del curs passat no poden beneficiar-se del servei fins que no paguin l&#8217;import pendent.<\/p>\n\n\n\n<p>La Junta<br>A.F.A. Escola els \u00c0ngels<\/p>\n\n\n\n<p><\/p>\n","protected":false},"excerpt":{"rendered":"<p><a href=\"https:\/\/agora.xtec.cat\/ceipmdangels\/wp-content\/uploads\/usu320\/2023\/10\/acollida.png\" target=\"_blank\" rel=\"noreferrer noopener\"><\/a><\/p>\n<p>Us informem que des d&#8217;AFA gestionem el servei d&#8217;acollida, aquest es fa al centre de 8 a 9 h.\u00a0(En adjunt la informaci\u00f3 dels preus).<\/p>\n<ul class=\"wp-block-list\">\n<li>Per apuntar a l&#8217;alumnat a acollida s&#8217;ha d&#8217;anar al centre de 8 a 9 h i parlar&hellip;  <a href=\"https:\/\/agora.xtec.cat\/ceipmdangels\/que-volem\/amipa\/acollida-3\/\" title=\"Read Acollida\">Llegeix m\u00e9s\u00bb<\/a><br \/>\n","protected":false},"author":1,"featured_media":0,"parent":51,"menu_order":0,"comment_status":"closed","ping_status":"close","template":"page-templates\/side-menu.php","meta":{"_bbp_topic_count":0,"_bbp_reply_count":0,"_bbp_total_topic_count":0,"_bbp_total_reply_count":0,"_bbp_voice_count":0,"_bbp_anonymous_reply_count":0,"_bbp_topic_count_hidden":0,"_bbp_reply_count_hidden":0,"_bbp_forum_subforum_count":0,"footnotes":""},"class_list":["post-9433","page","type-page","status-publish","hentry"],"post_mailing_queue_ids":[],"_links":{"self":[{"href":"https:\/\/agora.xtec.cat\/ceipmdangels\/wp-json\/wp\/v2\/pages\/9433","targetHints":{"allow":["GET"]}}],"collection":[{"href":"https:\/\/agora.xtec.cat\/ceipmdangels\/wp-json\/wp\/v2\/pages"}],"about":[{"href":"https:\/\/agora.xtec.cat\/ceipmdangels\/wp-json\/wp\/v2\/types\/page"}],"author":[{"embeddable":true,"href":"https:\/\/agora.xtec.cat\/ceipmdangels\/wp-json\/wp\/v2\/users\/1"}],"replies":[{"embeddable":true,"href":"https:\/\/agora.xtec.cat\/ceipmdangels\/wp-json\/wp\/v2\/comments?post=9433"}],"version-history":[{"count":3,"href":"https:\/\/agora.xtec.cat\/ceipmdangels\/wp-json\/wp\/v2\/pages\/9433\/revisions"}],"predecessor-version":[{"id":9463,"href":"https:\/\/agora.xtec.cat\/ceipmdangels\/wp-json\/wp\/v2\/pages\/9433\/revisions\/9463"}],"up":[{"embeddable":true,"href":"https:\/\/agora.xtec.cat\/ceipmdangels\/wp-json\/wp\/v2\/pages\/51"}],"wp:attachment":[{"href":"https:\/\/agora.xtec.cat\/ceipmdangels\/wp-json\/wp\/v2\/media?parent=9433"}],"curies":[{"name":"wp","href":"https:\/\/api.w.org\/{rel}","templated":true}]}}

<div class="wp-block-image">
<figure class="alignleft is-resized"><a href="https://agora.xtec.cat/ceipmdangels/wp-content/uploads/usu320/2023/10/acollida.png" target="_blank" rel="noreferrer noopener"><img loading="lazy" decoding="async" width="220" height="300" src="https://agora.xtec.cat/ceipmdangels/wp-content/uploads/usu320/2023/10/acollida-220x300.png" alt="" class="wp-image-8022" style="width:232px;height:auto" srcset="https://agora.xtec.cat/ceipmdangels/wp-content/uploads/usu320/2023/10/acollida-220x300.png 220w, https://agora.xtec.cat/ceipmdangels/wp-content/uploads/usu320/2023/10/acollida.png 532w" sizes="auto, (max-width: 220px) 100vw, 220px" /></a></figure></div>


<p>Us informem que des d&#8217;AFA gestionem el servei d&#8217;acollida, aquest es fa al centre de 8 a 9 h. (En adjunt la informació dels preus).</p>



<ul class="wp-block-list">
<li>Per apuntar a l&#8217;alumnat a acollida s&#8217;ha d&#8217;anar al centre de 8 a 9 h i parlar amb la monitora (Montse).</li>



<li>Es considera fix quan es quedi més de 10 dies al mes.</li>



<li>El servei no es inclou l&#8217;esmorzar dels alumnes, però l&#8217;usuari el pot portar de casa.</li>



<li>L&#8217;acollida es paga per transferència bancària al següent compte de l&#8217;AFA, indicant Nom i cognoms de l&#8217;alumne: <strong>ES91 0049 1583 2722 1031 8377</strong></li>
</ul>



<p><strong><u>Important:</u></strong>&nbsp;Les famílies que tinguin deutes pendents del curs passat no poden beneficiar-se del servei fins que no paguin l&#8217;import pendent.</p>



<p>La Junta<br>A.F.A. Escola els Àngels</p>



<p></p>

<p><a href="https://agora.xtec.cat/ceipmdangels/wp-content/uploads/usu320/2023/10/acollida.png" target="_blank" rel="noreferrer noopener"></a></p>
<p>Us informem que des d&#8217;AFA gestionem el servei d&#8217;acollida, aquest es fa al centre de 8 a 9 h. (En adjunt la informació dels preus).</p>
<ul class="wp-block-list">
<li>Per apuntar a l&#8217;alumnat a acollida s&#8217;ha d&#8217;anar al centre de 8 a 9 h i parlar&hellip;  <a href="https://agora.xtec.cat/ceipmdangels/que-volem/amipa/acollida-3/" title="Read Acollida">Llegeix més»</a><br />
