{"id":797,"date":"2015-10-29T13:02:11","date_gmt":"2015-10-29T12:02:11","guid":{"rendered":"http:\/\/agora.xtec.cat\/ceipmdangels\/?page_id=797"},"modified":"2025-01-15T08:24:21","modified_gmt":"2025-01-15T07:24:21","slug":"qui-som","status":"publish","type":"page","link":"https:\/\/agora.xtec.cat\/ceipmdangels\/lescola\/qui-som\/","title":{"rendered":"Qui som"},"content":{"rendered":"<h3 style=\"text-align: center;\"><a href=\"http:\/\/agora.xtec.cat\/ceipmdangels\/wp-content\/uploads\/usu320\/2015\/10\/Foto_escola-angels.jpg\"><img loading=\"lazy\" decoding=\"async\" class=\" size-full wp-image-815 aligncenter\" src=\"http:\/\/agora.xtec.cat\/ceipmdangels\/wp-content\/uploads\/usu320\/2015\/10\/Foto_escola-angels.jpg\" alt=\"Foto_escola angels\" width=\"450\" height=\"337\" srcset=\"https:\/\/agora.xtec.cat\/ceipmdangels\/wp-content\/uploads\/usu320\/2015\/10\/Foto_escola-angels.jpg 450w, https:\/\/agora.xtec.cat\/ceipmdangels\/wp-content\/uploads\/usu320\/2015\/10\/Foto_escola-angels-300x225.jpg 300w, https:\/\/agora.xtec.cat\/ceipmdangels\/wp-content\/uploads\/usu320\/2015\/10\/Foto_escola-angels-200x150.jpg 200w\" sizes=\"auto, (max-width: 450px) 100vw, 450px\" \/><\/a><\/h3>\n<h4><span class=\"mw-headline\"> Nivells educatius<\/span><\/h4>\n<ul>\n<li>Educaci\u00f3 Infantil: I3, I4 i I5, dues l\u00ednies.<\/li>\n<li>Educaci\u00f3 Prim\u00e0ria: de 1r a 6\u00e8, dues l\u00ednies.<\/li>\n<\/ul>\n<h4><span class=\"mw-headline\"> Caracter\u00edstiques del centre <\/span><\/h4>\n<p style=\"text-align: justify;\">Som una escola p\u00fablica, plural, laica i democr\u00e0tica. El nostre Projecte Edu\u00adcatiu de Centre prioritza l\u2018adquisici\u00f3 d\u2019h\u00e0bits, de t\u00e8cniques d\u2019estudi, de co\u00adneixements i la recerca, aix\u00ed com el desenvolupament de l\u2019esperit cr\u00edtic, de la capacitat de discussi\u00f3 i la presa de decisions. Afavoreix actituds de con\u00adviv\u00e8ncia, de col\u00b7laboraci\u00f3, toler\u00e0ncia i solidaritat.<\/p>\n<p style=\"text-align: justify;\">Per aix\u00f2 la tasca docent es complementa en l\u2019organitzaci\u00f3 del claustre de mestres en Comissions Pedag\u00f2giques i Grups de Treball que es reuneixen setmanalment. Del Consell Escolar de centre se\u2019n deriva la Comissi\u00f3 de Conviv\u00e8ncia i Disciplina, formada per mestres i pares\/mares representants en el CE, que interv\u00e9 com a mediadora en la resoluci\u00f3 de conflictes entre l\u2019alumnat i entre les fam\u00edlies, tema del qual tamb\u00e9 el Claustre ha rebut assessorament a trav\u00e9s de diferents cursos de formaci\u00f3.<\/p>\n<p style=\"text-align: justify;\">Aix\u00ed mateix, el centre i l\u2019AMPA col\u2022laboren estretament en l\u2019organitzaci\u00f3 de les activitats de les Jornades Culturals i Festives (Castanyada, Nadal, Dia de la Pau, Carnaval, Jornades sobre la Igualtat de G\u00e8nere, Sant Jordi i final de curs). Tamb\u00e9 en l\u2019organitzaci\u00f3 del Cros i les Jornades Esportives.<\/p>\n<p style=\"text-align: justify;\">L\u2019escola est\u00e0 immersa en el Pla Educatiu d\u2019Entorn de la zona Ponent, mantenint els tallers de conta contes a Ed. Infantil i Inicial, teatre a Prim\u00e0ria, trobades esportives i activitats liter\u00e0ries al voltant de la festa de Sant Jordi, a m\u00e9s a m\u00e9s de fomentar els h\u00e0bits de recollida selectiva i reciclatge entre l\u2019alumnat.<\/p>\n<p style=\"text-align: justify;\">Donem una gran import\u00e0ncia a l\u2019esport escolar de base, per la qual cosa l\u2019Associaci\u00f3 Esportiva Escolar i l\u2019AMPA del centre coordinen les activitats esportives participant en el Pla Catal\u00e0 de l\u2019Esport, l\u2019organitzaci\u00f3 de Jornades Esportives anuals i el reconegut Cros d\u2019Els \u00c0ngels amb m\u00e9s de 40 edicions.<\/p>\n<p style=\"text-align: justify;\">Per tal d&#8217;assolir d&#8217;una forma m\u00e9s adient de les compet\u00e8ncies b\u00e0siques de l\u2019expressi\u00f3 oral de la llengua estrangera i les noves tecnologies, es desdoblen els grups-classe a les sessions d&#8217;angl\u00e8s (1 hora setmanal de les que es fan a Prim\u00e0ria) i les classes d\u2019inform\u00e0tica.<\/p>\n<p style=\"text-align: justify;\">Les 3 aules d\u2019Educaci\u00f3 Especial (una d\u2019Infantil i dues de Prim\u00e0ria), m\u00e9s l\u2019aula SIEI, atenen l\u2019alumnat amb necessitats educatives especials, amb el suport de la psicopedagoga, el\/la treballador\/a social de l\u2019EAP i les logopedes del CREDA.<\/p>\n<p style=\"text-align: justify;\">Tot plegat amb l\u2019objectiu que el nostre alumnat assoleixi una bona formaci\u00f3 integral i tingui recursos per integrar-se a la societat que els\/les envolta.<\/p>\n<p style=\"text-align: justify;\">Tamb\u00e9 es pot consultar a la web les fotografies, v\u00eddeos i dem\u00e9s material audiovisual que es van recollint durant el curs (sortides, activitats, projectes, etc.).<\/p>\n<h4><span class=\"mw-headline\"> Equipaments<\/span><\/h4>\n<ul>\n<li>1 aula d\u2019idiomes a Prim\u00e0ria equipades amb material audiovisual.<\/li>\n<li>1 aula d\u2019inform\u00e0tica.<\/li>\n<li>Aula de M\u00fasica.<\/li>\n<li>Aula de Psicomotricitat, \u201cSala M\u00e0gica\u201d.<\/li>\n<li>Aula de racons d\u2019EI.<\/li>\n<li>Biblioteca escolar.<\/li>\n<li>2 aules d\u2019Educaci\u00f3 Especial i suport.<\/li>\n<li>1 aula SIEI<\/li>\n<li>Sala d\u2019Actes equipada amb mitjans audiovisuals.<\/li>\n<li>Pistes poliesportives \u00e0mplies i patis amb zones de joc.<\/li>\n<\/ul>\n<h4><span class=\"mw-headline\"> Aspectes Generals <\/span><\/h4>\n<ul>\n<li>AMPA.<\/li>\n<li>Llengua estrangera: angl\u00e8s.<\/li>\n<li>Servei de guarderia matinal.<\/li>\n<li>Atenci\u00f3 de l&#8217;Equip d&#8217;Assessorament Psicopedag\u00f2gic (EAP) i logopeda.<\/li>\n<li>TIS<\/li>\n<li>Activitats complement\u00e0ries: sortides, visites culturals, tallers, celebraci\u00f3 de les festes tradicionals (Sta. Tecla, Castanyada, Nadal, Carnaval, Sant Jordi).<\/li>\n<li>Taller de Teatre.<\/li>\n<li>Els \u00c0ngels toquen (3r fan violins i violoncels).<\/li>\n<li>Cros esportiu, amb una tradici\u00f3 de m\u00e9s de 40 anys.<\/li>\n<li>Col\u00f2nies escolars.<\/li>\n<li>Jornades Esportives.<\/li>\n<li>Jornada de portes obertes amb les fam\u00edlies dels nens\/es de I3 matriculats\/des.<\/li>\n<li>M\u00faltiples activitats extraescolars, organitzades per l&#8217;AMPA.<\/li>\n<li>Tallers de pares i mares dins del Pla Educatiu d&#8217;Entorn.<\/li>\n<li>Xerrades per a les fam\u00edlies sobre temes de salut, higiene, alimentaci\u00f3, &#8230;<\/li>\n<li>Casal d&#8217;Estiu.<\/li>\n<\/ul>\n<h4>Altres informacions<\/h4>\n<p>Per tal de no destorbar el funcionament de la sessi\u00f3 de classe, els\/les nens\/es que arribin fora de l\u2019horari normal d\u2019entrada, solament podran entrar (i tamb\u00e9 sortir) de l\u2019escola en les hores de canvi de mat\u00e8ria (9:45, 10:30, 11, 11:45 del mat\u00ed i 3:45 de la tarda).<\/p>\n<ul>\n<li>Finalment, tamb\u00e9 fer constar que als matins els\/les conserges no agafaran <em>esmorzars<\/em> que els\/les nenes s\u2019hagin oblidat. Solament per raons m\u00e8diques i material escolar oblidat es podran fer excepcions a aquesta normativa.<\/li>\n<\/ul>\n","protected":false},"excerpt":{"rendered":"<p><a href=\"http:\/\/agora.xtec.cat\/ceipmdangels\/wp-content\/uploads\/usu320\/2015\/10\/Foto_escola-angels.jpg\"><\/a><br \/>\n Nivells educatius<\/p>\n<ul>\n<li>Educaci\u00f3 Infantil: I3, I4 i I5, dues l\u00ednies.<\/li>\n<li>Educaci\u00f3 Prim\u00e0ria: de 1r a 6\u00e8, dues l\u00ednies.<\/li>\n<\/ul>\n<p> Caracter\u00edstiques del centre<br \/>\nSom una escola p\u00fablica, plural, laica i democr\u00e0tica. El nostre Projecte Edu\u00adcatiu de Centre prioritza l\u2018adquisici\u00f3 d\u2019h\u00e0bits, de t\u00e8cniques d\u2019estudi, de co\u00adneixements i la&hellip;  <a href=\"https:\/\/agora.xtec.cat\/ceipmdangels\/lescola\/qui-som\/\" title=\"Read Qui som\">Llegeix m\u00e9s\u00bb<\/a><\/p>\n","protected":false},"author":5,"featured_media":0,"parent":22,"menu_order":2,"comment_status":"closed","ping_status":"closed","template":"page-templates\/side-menu.php","meta":{"_bbp_topic_count":0,"_bbp_reply_count":0,"_bbp_total_topic_count":0,"_bbp_total_reply_count":0,"_bbp_voice_count":0,"_bbp_anonymous_reply_count":0,"_bbp_topic_count_hidden":0,"_bbp_reply_count_hidden":0,"_bbp_forum_subforum_count":0,"footnotes":""},"class_list":["post-797","page","type-page","status-publish","hentry"],"post_mailing_queue_ids":[],"_links":{"self":[{"href":"https:\/\/agora.xtec.cat\/ceipmdangels\/wp-json\/wp\/v2\/pages\/797","targetHints":{"allow":["GET"]}}],"collection":[{"href":"https:\/\/agora.xtec.cat\/ceipmdangels\/wp-json\/wp\/v2\/pages"}],"about":[{"href":"https:\/\/agora.xtec.cat\/ceipmdangels\/wp-json\/wp\/v2\/types\/page"}],"author":[{"embeddable":true,"href":"https:\/\/agora.xtec.cat\/ceipmdangels\/wp-json\/wp\/v2\/users\/5"}],"replies":[{"embeddable":true,"href":"https:\/\/agora.xtec.cat\/ceipmdangels\/wp-json\/wp\/v2\/comments?post=797"}],"version-history":[{"count":5,"href":"https:\/\/agora.xtec.cat\/ceipmdangels\/wp-json\/wp\/v2\/pages\/797\/revisions"}],"predecessor-version":[{"id":9021,"href":"https:\/\/agora.xtec.cat\/ceipmdangels\/wp-json\/wp\/v2\/pages\/797\/revisions\/9021"}],"up":[{"embeddable":true,"href":"https:\/\/agora.xtec.cat\/ceipmdangels\/wp-json\/wp\/v2\/pages\/22"}],"wp:attachment":[{"href":"https:\/\/agora.xtec.cat\/ceipmdangels\/wp-json\/wp\/v2\/media?parent=797"}],"curies":[{"name":"wp","href":"https:\/\/api.w.org\/{rel}","templated":true}]}}

<h3 style="text-align: center;"><a href="http://agora.xtec.cat/ceipmdangels/wp-content/uploads/usu320/2015/10/Foto_escola-angels.jpg"><img loading="lazy" decoding="async" class=" size-full wp-image-815 aligncenter" src="http://agora.xtec.cat/ceipmdangels/wp-content/uploads/usu320/2015/10/Foto_escola-angels.jpg" alt="Foto_escola angels" width="450" height="337" srcset="https://agora.xtec.cat/ceipmdangels/wp-content/uploads/usu320/2015/10/Foto_escola-angels.jpg 450w, https://agora.xtec.cat/ceipmdangels/wp-content/uploads/usu320/2015/10/Foto_escola-angels-300x225.jpg 300w, https://agora.xtec.cat/ceipmdangels/wp-content/uploads/usu320/2015/10/Foto_escola-angels-200x150.jpg 200w" sizes="auto, (max-width: 450px) 100vw, 450px" /></a></h3>
<h4><span class="mw-headline"> Nivells educatius</span></h4>
<ul>
<li>Educació Infantil: I3, I4 i I5, dues línies.</li>
<li>Educació Primària: de 1r a 6è, dues línies.</li>
</ul>
<h4><span class="mw-headline"> Característiques del centre </span></h4>
<p style="text-align: justify;">Som una escola pública, plural, laica i democràtica. El nostre Projecte Edu­catiu de Centre prioritza l‘adquisició d’hàbits, de tècniques d’estudi, de co­neixements i la recerca, així com el desenvolupament de l’esperit crític, de la capacitat de discussió i la presa de decisions. Afavoreix actituds de con­vivència, de col·laboració, tolerància i solidaritat.</p>
<p style="text-align: justify;">Per això la tasca docent es complementa en l’organització del claustre de mestres en Comissions Pedagògiques i Grups de Treball que es reuneixen setmanalment. Del Consell Escolar de centre se’n deriva la Comissió de Convivència i Disciplina, formada per mestres i pares/mares representants en el CE, que intervé com a mediadora en la resolució de conflictes entre l’alumnat i entre les famílies, tema del qual també el Claustre ha rebut assessorament a través de diferents cursos de formació.</p>
<p style="text-align: justify;">Així mateix, el centre i l’AMPA col•laboren estretament en l’organització de les activitats de les Jornades Culturals i Festives (Castanyada, Nadal, Dia de la Pau, Carnaval, Jornades sobre la Igualtat de Gènere, Sant Jordi i final de curs). També en l’organització del Cros i les Jornades Esportives.</p>
<p style="text-align: justify;">L’escola està immersa en el Pla Educatiu d’Entorn de la zona Ponent, mantenint els tallers de conta contes a Ed. Infantil i Inicial, teatre a Primària, trobades esportives i activitats literàries al voltant de la festa de Sant Jordi, a més a més de fomentar els hàbits de recollida selectiva i reciclatge entre l’alumnat.</p>
<p style="text-align: justify;">Donem una gran importància a l’esport escolar de base, per la qual cosa l’Associació Esportiva Escolar i l’AMPA del centre coordinen les activitats esportives participant en el Pla Català de l’Esport, l’organització de Jornades Esportives anuals i el reconegut Cros d’Els Àngels amb més de 40 edicions.</p>
<p style="text-align: justify;">Per tal d&#8217;assolir d&#8217;una forma més adient de les competències bàsiques de l’expressió oral de la llengua estrangera i les noves tecnologies, es desdoblen els grups-classe a les sessions d&#8217;anglès (1 hora setmanal de les que es fan a Primària) i les classes d’informàtica.</p>
<p style="text-align: justify;">Les 3 aules d’Educació Especial (una d’Infantil i dues de Primària), més l’aula SIEI, atenen l’alumnat amb necessitats educatives especials, amb el suport de la psicopedagoga, el/la treballador/a social de l’EAP i les logopedes del CREDA.</p>
<p style="text-align: justify;">Tot plegat amb l’objectiu que el nostre alumnat assoleixi una bona formació integral i tingui recursos per integrar-se a la societat que els/les envolta.</p>
<p style="text-align: justify;">També es pot consultar a la web les fotografies, vídeos i demés material audiovisual que es van recollint durant el curs (sortides, activitats, projectes, etc.).</p>
<h4><span class="mw-headline"> Equipaments</span></h4>
<ul>
<li>1 aula d’idiomes a Primària equipades amb material audiovisual.</li>
<li>1 aula d’informàtica.</li>
<li>Aula de Música.</li>
<li>Aula de Psicomotricitat, “Sala Màgica”.</li>
<li>Aula de racons d’EI.</li>
<li>Biblioteca escolar.</li>
<li>2 aules d’Educació Especial i suport.</li>
<li>1 aula SIEI</li>
<li>Sala d’Actes equipada amb mitjans audiovisuals.</li>
<li>Pistes poliesportives àmplies i patis amb zones de joc.</li>
</ul>
<h4><span class="mw-headline"> Aspectes Generals </span></h4>
<ul>
<li>AMPA.</li>
<li>Llengua estrangera: anglès.</li>
<li>Servei de guarderia matinal.</li>
<li>Atenció de l&#8217;Equip d&#8217;Assessorament Psicopedagògic (EAP) i logopeda.</li>
<li>TIS</li>
<li>Activitats complementàries: sortides, visites culturals, tallers, celebració de les festes tradicionals (Sta. Tecla, Castanyada, Nadal, Carnaval, Sant Jordi).</li>
<li>Taller de Teatre.</li>
<li>Els Àngels toquen (3r fan violins i violoncels).</li>
<li>Cros esportiu, amb una tradició de més de 40 anys.</li>
<li>Colònies escolars.</li>
<li>Jornades Esportives.</li>
<li>Jornada de portes obertes amb les famílies dels nens/es de I3 matriculats/des.</li>
<li>Múltiples activitats extraescolars, organitzades per l&#8217;AMPA.</li>
<li>Tallers de pares i mares dins del Pla Educatiu d&#8217;Entorn.</li>
<li>Xerrades per a les famílies sobre temes de salut, higiene, alimentació, &#8230;</li>
<li>Casal d&#8217;Estiu.</li>
</ul>
<h4>Altres informacions</h4>
<p>Per tal de no destorbar el funcionament de la sessió de classe, els/les nens/es que arribin fora de l’horari normal d’entrada, solament podran entrar (i també sortir) de l’escola en les hores de canvi de matèria (9:45, 10:30, 11, 11:45 del matí i 3:45 de la tarda).</p>
<ul>
<li>Finalment, també fer constar que als matins els/les conserges no agafaran <em>esmorzars</em> que els/les nenes s’hagin oblidat. Solament per raons mèdiques i material escolar oblidat es podran fer excepcions a aquesta normativa.</li>
</ul>

<p><a href="http://agora.xtec.cat/ceipmdangels/wp-content/uploads/usu320/2015/10/Foto_escola-angels.jpg"></a><br />
 Nivells educatius</p>
<ul>
<li>Educació Infantil: I3, I4 i I5, dues línies.</li>
<li>Educació Primària: de 1r a 6è, dues línies.</li>
</ul>
<p> Característiques del centre<br />
Som una escola pública, plural, laica i democràtica. El nostre Projecte Edu­catiu de Centre prioritza l‘adquisició d’hàbits, de tècniques d’estudi, de co­neixements i la&hellip;  <a href="https://agora.xtec.cat/ceipmdangels/lescola/qui-som/" title="Read Qui som">Llegeix més»</a></p>
