{"id":6670,"date":"2022-04-27T15:18:14","date_gmt":"2022-04-27T13:18:14","guid":{"rendered":"https:\/\/agora.xtec.cat\/ceipmdangels\/?page_id=6670"},"modified":"2023-06-07T14:29:07","modified_gmt":"2023-06-07T12:29:07","slug":"acollida-digital-alumnes","status":"publish","type":"page","link":"https:\/\/agora.xtec.cat\/ceipmdangels\/estrategia-digital-de-centre\/cultura-digital-de-centre\/acollida-digital-alumnes\/","title":{"rendered":"ACOLLIDA DIGITAL ALUMNES"},"content":{"rendered":"<p><b> <img loading=\"lazy\" decoding=\"async\" class=\"wp-image-7825 alignleft\" src=\"https:\/\/agora.xtec.cat\/ceipmdangels\/wp-content\/uploads\/usu320\/2023\/06\/alumnat-120x300.jpg\" alt=\"\" width=\"411\" height=\"1028\" srcset=\"https:\/\/agora.xtec.cat\/ceipmdangels\/wp-content\/uploads\/usu320\/2023\/06\/alumnat-120x300.jpg 120w, https:\/\/agora.xtec.cat\/ceipmdangels\/wp-content\/uploads\/usu320\/2023\/06\/alumnat-410x1024.jpg 410w, https:\/\/agora.xtec.cat\/ceipmdangels\/wp-content\/uploads\/usu320\/2023\/06\/alumnat-768x1920.jpg 768w, https:\/\/agora.xtec.cat\/ceipmdangels\/wp-content\/uploads\/usu320\/2023\/06\/alumnat-614x1536.jpg 614w, https:\/\/agora.xtec.cat\/ceipmdangels\/wp-content\/uploads\/usu320\/2023\/06\/alumnat.jpg 800w\" sizes=\"auto, (max-width: 411px) 100vw, 411px\" \/>\u00b7 Google Workspace<\/b><\/p>\n<p><span style=\"font-weight: 400;\">Cada alumne\/a de l\u2019escola disposa del seu compte personal i intransferible, format per <\/span><b>nomcognom@escolaelsangels.cat <\/b><span style=\"font-weight: 400;\">que li permet poder obrir els diferents serveis de Google Workspace.<\/span><\/p>\n<p style=\"text-align: justify;\"><span style=\"font-weight: 400;\">Per assegurar que els infants trobaran un entorn del tot correcte i adequat s\u2019han activat alguns dels serveis potencials de l\u2019eina.<\/span><\/p>\n<ul style=\"text-align: justify;\">\n<li style=\"font-weight: 400;\" aria-level=\"1\"><span style=\"font-weight: 400;\">Classroom (aulari virtual)<\/span><\/li>\n<li style=\"font-weight: 400;\" aria-level=\"1\"><span style=\"font-weight: 400;\">Drive i Documents (eines de treball)<\/span><img loading=\"lazy\" decoding=\"async\" class=\"alignright\" src=\"https:\/\/s1.eestatic.com\/2020\/10\/06\/omicrono\/software\/google-software-internet_526208679_161870832_1024x576.jpg\" alt=\"Adi\u00f3s a tu cuenta gratis de G Suite en julio: Google obligar\u00e1 a pagar por Workspace\" width=\"224\" height=\"126\" \/><\/li>\n<li style=\"font-weight: 400;\" aria-level=\"1\"><span style=\"font-weight: 400;\">Meet (videoconfer\u00e8ncies)<\/span><\/li>\n<li style=\"font-weight: 400;\" aria-level=\"1\"><span style=\"font-weight: 400;\">Calendar (organitzaci\u00f3)<\/span><\/li>\n<li style=\"font-weight: 400;\" aria-level=\"1\"><span style=\"font-weight: 400;\">Sites (edici\u00f3 de p\u00e0gines web)<\/span><\/li>\n<li style=\"font-weight: 400;\" aria-level=\"1\"><span style=\"font-weight: 400;\">Contactes<\/span><\/li>\n<li style=\"font-weight: 400;\" aria-level=\"1\"><span style=\"font-weight: 400;\">Gmail<\/span><\/li>\n<\/ul>\n<p style=\"text-align: justify;\"><span style=\"font-weight: 400;\">Al \ufb01nalitzar el curs el compte quedar\u00e0 desactivat i per tant ser\u00e0 inoperatiu.<\/span><\/p>\n<p style=\"text-align: justify;\"><b>Utilitzaci\u00f3 del\u00a0 Google Workspace:<\/b><\/p>\n<p style=\"text-align: justify;\"><span style=\"font-weight: 400;\">L\u2019\u00fas i els serveis de Google Workspace estan disponibles per la comunitat de l\u2019Escola Els \u00c0ngels i en pot fer \u00fas qualsevol persona que tingui identificaci\u00f3 \u00fanica del centre.\u00a0<\/span><\/p>\n<p style=\"text-align: justify;\"><span style=\"font-weight: 400;\">Els comptes de Google Workspace for Education estan creats i utilitzats d\u2019acord amb les condicions establertes en l\u2019acord subscrit entre l\u2019escola i Google. Els termes de l\u2019acord gen\u00e8ric \u201cGoogle Workspace for Education\u201d es poden consultar al lloc:<\/span><\/p>\n<p style=\"text-align: justify;\"><a href=\"http:\/\/www.google.com\/apps\/intl\/es\/terms\/education_terms.html\"><b>http:\/\/www.google.com\/apps\/intl\/es\/terms\/education_terms.html<\/b><\/a><\/p>\n<p style=\"text-align: justify;\"><span style=\"font-weight: 400;\">Els serveis principals de Google Workspace for Education compleixen amb la llei de Drets Educatius de la Fam\u00edlia i privadesa (FERPA).<\/span><\/p>\n<p style=\"text-align: justify;\"><span style=\"font-weight: 400;\">Els serveis de Google Workspace for Education no recopilen ni utilitzen dades dels alumnes amb fins publicitaris ni creen perfils d\u2019anuncis. NO s\u2019analitzen els correus electr\u00f2nics de Google Workspace for Education amb finalitats publicit\u00e0ries. Aquests comptes s\u00f3n administrats per l\u2019Escola Els \u00c0ngels, no funcionen per a correus externs al centre i seran eliminats un cop que l\u2019alumne acabi la prim\u00e0ria.<\/span><\/p>\n<p style=\"text-align: justify;\"><span style=\"font-weight: 400;\">Per a l\u2019\u00fas de totes les eines que incorpora Google Workspace for Education es recomana utilitzar Google Chrome.<\/span><\/p>\n<p style=\"text-align: justify;\"><span style=\"font-weight: 400;\">Els serveis Workspace del centre s&#8217;allotgen sota el domini<\/span><b> escolaelsangels.cat<\/b><span style=\"font-weight: 400;\">. Els tutors de cada grup gestionaran l&#8217;\u00fas dels serveis per part dels alumnes. Tot i aix\u00f2, la creaci\u00f3 i gesti\u00f3 d&#8217;usuaris es far\u00e0 en col\u00b7laboraci\u00f3 amb el coordinador de Cultura Digital del centre.<\/span><\/p>\n<p style=\"text-align: justify;\"><span style=\"font-weight: 400;\">Tot l&#8217;alumnat de 3r a 6\u00e8 disposar\u00e0 d&#8217;un usuari que consistir\u00e0 en: &#8221; nom + cognom&#8221; @escolaelsangels.cat<\/span><\/p>\n<p style=\"text-align: justify;\"><b>Comprom\u00eds dels usuaris amb un compte de Google<\/b><\/p>\n<p style=\"text-align: justify;\"><span style=\"font-weight: 400;\">L\u2019\u00fas del compte Google Workspace per part dels alumnes \u00e9s exclusivament educatiu. Queda prohibit l\u2019\u00fas d\u2019aquest compte en el registre a p\u00e0gines web o aplicacions de car\u00e0cter no educatiu, com videojocs o xarxes socials.<\/span><\/p>\n<p style=\"text-align: justify;\"><span style=\"font-weight: 400;\">No es podr\u00e0 fer servir l\u2019entorn Google Workspace de l\u2019escola per emmagatzemar, compartir o editar cap tipus de material obtingut de manera il\u00b7legal o que no respecti els drets d\u2019autor.<\/span><\/p>\n<p style=\"text-align: justify;\"><span style=\"font-weight: 400;\">L\u2019\u00fas del compte ha de respectar en tot moment les normes de conviv\u00e8ncia del centre recollides a la normativa del centre. El seu incompliment pot comportar la limitaci\u00f3 d\u2019acc\u00e9s a la mateixa.<\/span><\/p>\n<p style=\"text-align: justify;\"><b>Administraci\u00f3 del compte de google<\/b><\/p>\n<p style=\"text-align: justify;\"><span style=\"font-weight: 400;\">\u00c9s el centre qui gestionar\u00e0 la creaci\u00f3 dels usuaris i les contrasenyes associades als serveis de Google Workspace, sempre amb finalitats pedag\u00f2giques.\u00a0<\/span><\/p>\n<p style=\"text-align: justify;\"><span style=\"font-weight: 400;\">Cada alumne disposar\u00e0 d\u2019un \u00fanic compte de Google Workspace de\u00a0 l\u2019escola per \u00fas exclusiu a l\u2019\u00e0mbit escolar i educatiu. Aquest compte \u00e9s personal i intransferible, \u00e9s una falta greu facilitar o oferir acc\u00e9s a persones no autoritzades.<\/span><\/p>\n<p style=\"text-align: justify;\"><span style=\"font-weight: 400;\">Quan un alumne deixi d\u2019estar matriculat a l\u2019escola. Al cap de tres mesos, es procedir\u00e0 a eliminar el seu compte.<\/span><\/p>\n<p style=\"text-align: justify;\"><span style=\"font-weight: 400;\">L\u2019escola es reserva el dret a condicionar el desplegament de les aplicacions segons criteris pedag\u00f2gics i l\u2019edat dels alumnes.<\/span><\/p>\n<p style=\"text-align: justify;\"><span style=\"font-weight: 400;\">Els docents podran consultar el registre de les accions que realitzen els alumnes, consultar el seu historial de navegaci\u00f3, entrar al correu dels alumnes i veure els mails que han enviat o rebut i entrar als documents que han generat encara que no els hagi compartit amb ning\u00fa.<\/span><\/p>\n<p style=\"text-align: justify;\"><span style=\"font-weight: 400;\">En el cas que hi hagi indicis que el compte d\u2019un alumne es pugui veure involucrada en casos greus de disciplina com ciberassetjament, podr\u00e0 ser intervinguda, suspesa i\/o supervisada per la Direcci\u00f3 del centre.<\/span><\/p>\n<p style=\"text-align: justify;\"><span style=\"font-weight: 400;\">El centre no es fa responsable de l\u2019\u00fas indegut del recurs i dels seus continguts per part dels usuaris. L\u2019usuari ser\u00e0 l\u2019\u00fanic responsable de les infraccions en qu\u00e8 pugui inc\u00f3rrer o dels prejudicis que pugui causar per un \u00fas inadequat dels seus serveis o dels seus continguts.<\/span><\/p>\n<p style=\"text-align: justify;\"><b>Autoritzacions<\/b><\/p>\n<p style=\"text-align: justify;\"><span style=\"font-weight: 400;\">Tots els alumnes hauran de tenir obligat\u00f2riament l&#8217;autoritzaci\u00f3 d&#8217;\u00fas dels serveis per part dels seus responsables legals. Aquestes tenen una validesa anual, i es renovaran cada curs.<\/span><\/p>\n<p>&nbsp;<\/p>\n<table style=\"border-collapse: collapse; width: 100%;\">\n<tbody>\n<tr>\n<td style=\"width: 100%; background-color: #ffbfbf;\"><\/td>\n<\/tr>\n<\/tbody>\n<\/table>\n<ul style=\"text-align: justify;\">\n<li>\n<h5>Maquinari<\/h5>\n<\/li>\n<\/ul>\n<p style=\"text-align: justify;\">El centre compta amb una aula d&#8217;inform\u00e0tica amb ordinadors de sobretaula connectats a la xarxa.<\/p>\n<p style=\"text-align: justify;\">Dins del projecte estrat\u00e8gic per l&#8217;acceleraci\u00f3 de la transformaci\u00f3 digital dels centres educatius de Catalunya els alumnes de sis\u00e8 disposen d&#8217;un ordinador port\u00e0til que utilitzen al centre per desenvolupar activitats d&#8217;ensen<span style=\"font-family: inherit; font-size: 1em;\">yament-aprenentatge. El curs 2022-23 l&#8217;escola rebr\u00e0 ordinadors port\u00e0tils que permetran que en disposi tot el cicle superior .<\/span><span style=\"font-family: inherit; font-size: 1em;\">Aquests ordinadors s\u00f3n propietat del centre i \u00e9s aquest qui els cedeix a l&#8217;alumnat mitjan\u00e7ant un document de comprom\u00eds de fer un bon \u00fas de l&#8217;aparell.<\/span><\/p>\n<p style=\"text-align: justify;\"><a href=\"https:\/\/educacio.gencat.cat\/ca\/departament\/linies-estrategiques\/pla-educacio-digital\/\" target=\"_blank\" rel=\"noopener\"><img loading=\"lazy\" decoding=\"async\" class=\"aligncenter\" style=\"text-align: center;\" src=\"https:\/\/serveiseducatius.xtec.cat\/sarria-santgervasi\/wp-content\/uploads\/usu1168\/2021\/04\/PEDC.png\" alt=\"\" width=\"227\" height=\"127\" \/><\/a><\/p>\n<p style=\"text-align: justify;\">El centre disposa de tauletes digitals per fer-ne \u00fas a l&#8217;aula que es fan servir en tots els cicles seguint una distribuci\u00f3 hor\u00e0ria.<\/p>\n<p>&nbsp;<\/p>\n<table style=\"border-collapse: collapse; width: 100%;\">\n<tbody>\n<tr>\n<td style=\"width: 100%; background-color: #ffbfbf;\"><\/td>\n<\/tr>\n<\/tbody>\n<\/table>\n<ul style=\"text-align: justify;\">\n<li>\n<h5>Compet\u00e8ncies b\u00e0siques de l\u2019\u00e0mbit digital<\/h5>\n<\/li>\n<\/ul>\n<p style=\"text-align: justify;\">Aquest document completa el curr\u00edculum vigent en l\u2019\u00e0mbit dels aprenentatges vinculats a les tecnologies digitals.<\/p>\n<p style=\"text-align: justify;\">Es tracta d\u2019un conjunt d\u2019habilitats, coneixements i tamb\u00e9 d\u2019actituds que els alumnes han d\u2019anar assolint durant la seva estada a l\u2019educaci\u00f3 b\u00e0sica. Les compet\u00e8ncies digitals s\u00f3n d\u2019\u00e0mbit transversal.<\/p>\n<figure class=\"figure wp-caption alignleft\"><a href=\"https:\/\/agora.xtec.cat\/ceipmdangels\/wp-content\/uploads\/usu320\/2022\/05\/ambit-digital.pdf\" target=\"_blank\" rel=\"attachment noopener wp-att-6807\"><img loading=\"lazy\" decoding=\"async\" class=\"wp-image-6807 size-medium\" src=\"https:\/\/agora.xtec.cat\/ceipmdangels\/wp-content\/uploads\/usu320\/2022\/05\/ambit-digital.jpg_2026732490-213x300.jpg\" alt=\"\" width=\"213\" height=\"300\" srcset=\"https:\/\/agora.xtec.cat\/ceipmdangels\/wp-content\/uploads\/usu320\/2022\/05\/ambit-digital.jpg_2026732490-213x300.jpg 213w, https:\/\/agora.xtec.cat\/ceipmdangels\/wp-content\/uploads\/usu320\/2022\/05\/ambit-digital.jpg_2026732490.jpg 268w\" sizes=\"auto, (max-width: 213px) 100vw, 213px\" \/><\/a><figcaption class=\"wp-caption-text\">Clica a sobre per veure el document<\/figcaption><\/figure>\n","protected":false},"excerpt":{"rendered":"<p> \u00b7 Google Workspace<br \/>\nCada alumne\/a de l\u2019escola disposa del seu compte personal i intransferible, format per nomcognom@escolaelsangels.cat que li permet poder obrir els diferents serveis de Google Workspace.<br \/>\nPer assegurar que els infants trobaran un entorn del tot correcte i adequat s\u2019han activat alguns dels serveis&hellip;  <a href=\"https:\/\/agora.xtec.cat\/ceipmdangels\/estrategia-digital-de-centre\/cultura-digital-de-centre\/acollida-digital-alumnes\/\" title=\"Read ACOLLIDA DIGITAL ALUMNES\">Llegeix m\u00e9s\u00bb<\/a><\/p>\n","protected":false},"author":1,"featured_media":0,"parent":6564,"menu_order":0,"comment_status":"closed","ping_status":"closed","template":"page-templates\/side-menu.php","meta":{"_bbp_topic_count":0,"_bbp_reply_count":0,"_bbp_total_topic_count":0,"_bbp_total_reply_count":0,"_bbp_voice_count":0,"_bbp_anonymous_reply_count":0,"_bbp_topic_count_hidden":0,"_bbp_reply_count_hidden":0,"_bbp_forum_subforum_count":0,"footnotes":""},"class_list":["post-6670","page","type-page","status-publish","hentry"],"post_mailing_queue_ids":[],"_links":{"self":[{"href":"https:\/\/agora.xtec.cat\/ceipmdangels\/wp-json\/wp\/v2\/pages\/6670","targetHints":{"allow":["GET"]}}],"collection":[{"href":"https:\/\/agora.xtec.cat\/ceipmdangels\/wp-json\/wp\/v2\/pages"}],"about":[{"href":"https:\/\/agora.xtec.cat\/ceipmdangels\/wp-json\/wp\/v2\/types\/page"}],"author":[{"embeddable":true,"href":"https:\/\/agora.xtec.cat\/ceipmdangels\/wp-json\/wp\/v2\/users\/1"}],"replies":[{"embeddable":true,"href":"https:\/\/agora.xtec.cat\/ceipmdangels\/wp-json\/wp\/v2\/comments?post=6670"}],"version-history":[{"count":3,"href":"https:\/\/agora.xtec.cat\/ceipmdangels\/wp-json\/wp\/v2\/pages\/6670\/revisions"}],"predecessor-version":[{"id":7829,"href":"https:\/\/agora.xtec.cat\/ceipmdangels\/wp-json\/wp\/v2\/pages\/6670\/revisions\/7829"}],"up":[{"embeddable":true,"href":"https:\/\/agora.xtec.cat\/ceipmdangels\/wp-json\/wp\/v2\/pages\/6564"}],"wp:attachment":[{"href":"https:\/\/agora.xtec.cat\/ceipmdangels\/wp-json\/wp\/v2\/media?parent=6670"}],"curies":[{"name":"wp","href":"https:\/\/api.w.org\/{rel}","templated":true}]}}