{"id":6557,"date":"2022-04-04T20:54:38","date_gmt":"2022-04-04T18:54:38","guid":{"rendered":"https:\/\/agora.xtec.cat\/ceipmdangels\/?page_id=6557"},"modified":"2023-06-07T14:42:11","modified_gmt":"2023-06-07T12:42:11","slug":"competencia-digital-alumnat","status":"publish","type":"page","link":"https:\/\/agora.xtec.cat\/ceipmdangels\/estrategia-digital-de-centre\/cultura-digital-de-centre\/competencia-digital-alumnat\/","title":{"rendered":"ACOLLIDA DIGITAL DOCENT"},"content":{"rendered":"<p><img loading=\"lazy\" decoding=\"async\" class=\"wp-image-7824 alignleft\" src=\"https:\/\/agora.xtec.cat\/ceipmdangels\/wp-content\/uploads\/usu320\/2023\/06\/docent-120x300.jpg\" alt=\"\" width=\"429\" height=\"1073\" srcset=\"https:\/\/agora.xtec.cat\/ceipmdangels\/wp-content\/uploads\/usu320\/2023\/06\/docent-120x300.jpg 120w, https:\/\/agora.xtec.cat\/ceipmdangels\/wp-content\/uploads\/usu320\/2023\/06\/docent-410x1024.jpg 410w, https:\/\/agora.xtec.cat\/ceipmdangels\/wp-content\/uploads\/usu320\/2023\/06\/docent-768x1920.jpg 768w, https:\/\/agora.xtec.cat\/ceipmdangels\/wp-content\/uploads\/usu320\/2023\/06\/docent-614x1536.jpg 614w, https:\/\/agora.xtec.cat\/ceipmdangels\/wp-content\/uploads\/usu320\/2023\/06\/docent.jpg 800w\" sizes=\"auto, (max-width: 429px) 100vw, 429px\" \/><\/p>\n<ul>\n<li style=\"text-align: justify;\">\n<h3><strong>Acollida<\/strong><\/h3>\n<\/li>\n<\/ul>\n<ol style=\"text-align: justify;\">\n<li class=\"CDt4Ke zfr3Q\" dir=\"ltr\" style=\"text-align: justify;\">\n<h4><em>Presentaci\u00f3 i explicaci\u00f3 del pla d&#8217;acollida digital del mestre.<\/em><\/h4>\n<\/li>\n<\/ol>\n<p class=\"CDt4Ke zfr3Q\" dir=\"ltr\" style=\"text-align: justify;\">En el moment de la incorporaci\u00f3 al centre el coordinador digital explicar\u00e0 al nou docent el protocol d\u2019acolliment digital.<\/p>\n<p dir=\"ltr\">\n<h4 class=\"CDt4Ke zfr3Q\" dir=\"ltr\" style=\"text-align: justify;\"><em>2. Alta unitats compartides centre<\/em><\/h4>\n<p class=\"CDt4Ke zfr3Q\" dir=\"ltr\" style=\"text-align: justify;\">En el moment de la incorporaci\u00f3 al centre l\u2019equip directiu donar\u00e0 d\u2019alta al nou\/va mestre\/a amb identificador @xtec a les unitats compartides del claustre perqu\u00e8 tingui acc\u00e9s a tots els serveis digitals d\u2019organitzaci\u00f3 de l&#8217;escola (Drive).<\/p>\n<p dir=\"ltr\">\n<h5><\/h5>\n<h4 dir=\"ltr\" style=\"text-align: justify;\"><em>3. Portal de centre<\/em><\/h4>\n<p dir=\"ltr\" style=\"text-align: justify;\">La Intranet &#8211; Portal de centre \u00e9s el punt d&#8217;acc\u00e9s a les aplicacions de gesti\u00f3 i organitzaci\u00f3 dels centres, que el Departament d&#8217;Educaci\u00f3 posa a disposici\u00f3 dels centres educatius. Aqu\u00ed es recullen les eines de gesti\u00f3 acad\u00e8mica i administrativa i el calendari d&#8217;actuacions. El centre comprovar\u00e0 que tingui les credencials correctes o generar-les per poder-hi accedir.<\/p>\n<p><a href=\"https:\/\/inici.espai.educacio.gencat.cat\/\" target=\"_blank\" rel=\"attachment noopener wp-att-6823\"><img loading=\"lazy\" decoding=\"async\" class=\"wp-image-6823\" src=\"https:\/\/agora.xtec.cat\/ceipmdangels\/wp-content\/uploads\/usu320\/2022\/05\/Portal-de-centres.jpg\" alt=\"\" width=\"190\" height=\"132\" \/><\/a><\/p>\n<h4><a href=\"https:\/\/inici.espai.educacio.gencat.cat\/\">\u00a0<\/a><em>4. Alta Plataforma Google Workspace de centre<\/em><\/h4>\n<p class=\"CDt4Ke zfr3Q\" dir=\"ltr\" style=\"text-align: justify;\">En el moment de la incorporaci\u00f3 al centre l\u2019equip directiu donar\u00e0 d\u2019alta al nou\/va mestre\/a amb identificador @escolaelsangels.cat.\u00a0 Aquest usuari es far\u00e0 servir per gestionar els diferents serveis de Google Workspace de l&#8217;escola.<img loading=\"lazy\" decoding=\"async\" class=\"wp-image-9410 alignright\" src=\"https:\/\/projectes.xtec.cat\/edc-suport\/wp-content\/uploads\/usu2435\/2021\/12\/workspace-300x123.png\" sizes=\"auto, (max-width: 300px) 100vw, 300px\" srcset=\"https:\/\/projectes.xtec.cat\/edc-suport\/wp-content\/uploads\/usu2435\/2021\/12\/workspace-300x123.png 300w, https:\/\/projectes.xtec.cat\/edc-suport\/wp-content\/uploads\/usu2435\/2021\/12\/workspace-1024x421.png 1024w, https:\/\/projectes.xtec.cat\/edc-suport\/wp-content\/uploads\/usu2435\/2021\/12\/workspace-768x316.png 768w, https:\/\/projectes.xtec.cat\/edc-suport\/wp-content\/uploads\/usu2435\/2021\/12\/workspace.png 1280w\" alt=\"\" width=\"168\" height=\"69\" \/><\/p>\n<p dir=\"ltr\">\n<p dir=\"ltr\">\n<p dir=\"ltr\">\n<h4 dir=\"ltr\" style=\"text-align: justify;\"><em>5. Alta plataforma Dinantia<\/em><\/h4>\n<p dir=\"ltr\" style=\"text-align: justify;\">Dinantia \u00e9s la plataforma de comunicaci\u00f3 web i m\u00f2bil dirigida a escoles, professors, pares i alumnes que utilitza el nostre centre. Aquesta plataforma ens serveix per enviar arxius adjunts juntament amb els missatges, informes, imatges, v\u00eddeos, documents, autoritzar sortides escolars i pagar-les, etc.<\/p>\n<p dir=\"ltr\" style=\"text-align: justify;\">En el moment de la incorporaci\u00f3 al centre l\u2019equip directiu donar\u00e0 d\u2019alta al nou\/va mestre\/a amb identificador @escolaelsangels.cat amb els permisos que li corresponguin.<\/p>\n<p dir=\"ltr\">\n<h4><em style=\"font-family: inherit; font-size: 1em; font-weight: normal;\">6. Recursos TIC<\/em><\/h4>\n<p class=\"CDt4Ke zfr3Q\" dir=\"ltr\" style=\"text-align: justify;\">Durant els primers dies al centre la coordinadora de cicle on s\u2019incorpori el nou mestre\/a mostrar\u00e0 els recursos TIC de l\u2019escola (carret\u00f3 port\u00e0til, ordinador d\u2019aula i projector d\u2019aula, tauletes, espai TIC, etc), informar\u00e0 sobre el model de gesti\u00f3 hor\u00e0ria i explicar\u00e0 com utilitzar-los a l\u2019aula.<\/p>\n<p style=\"text-align: justify;\">El centre est\u00e0 desenvolupant un nou protocol de funcionament intern d&#8217;acolliment digital per a tot el claustre.<\/p>\n<h4><em style=\"font-family: inherit; font-size: 1em; font-weight: normal;\">7. Recull d&#8217;incid\u00e8ncies<\/em><\/h4>\n<p>El centre disposa d&#8217;un q\u00fcestionari <em>Google<\/em> on l&#8217;equip docent pot escriure les incid\u00e8ncies de caire inform\u00e0tic que es van trobant. D&#8217;aquesta manera es fa una recollida ordenada i posteriorment es solventa la citada incid\u00e8ncia.<\/p>\n<p style=\"text-align: center;\"><strong><a href=\"https:\/\/forms.gle\/NkBou4PXoA6Ze7uZ7\" target=\"_blank\" rel=\"noopener\"><img loading=\"lazy\" decoding=\"async\" class=\"wp-image-7831 aligncenter\" src=\"https:\/\/agora.xtec.cat\/ceipmdangels\/wp-content\/uploads\/usu320\/2023\/06\/qrcode.png\" alt=\"\" width=\"199\" height=\"199\" srcset=\"https:\/\/agora.xtec.cat\/ceipmdangels\/wp-content\/uploads\/usu320\/2023\/06\/qrcode.png 296w, https:\/\/agora.xtec.cat\/ceipmdangels\/wp-content\/uploads\/usu320\/2023\/06\/qrcode-150x150.png 150w\" sizes=\"auto, (max-width: 199px) 100vw, 199px\" \/><\/a><\/strong><\/p>\n","protected":false},"excerpt":{"rendered":"<ul>\n<li style=\"text-align: justify;\">\nAcollida\n<\/li>\n<\/ul>\n<ol style=\"text-align: justify;\">\n<li class=\"CDt4Ke zfr3Q\" dir=\"ltr\" style=\"text-align: justify;\">\nPresentaci\u00f3 i explicaci\u00f3 del pla d&#8217;acollida digital del mestre.\n<\/li>\n<\/ol>\n<p>En el moment de la incorporaci\u00f3 al centre el coordinador digital explicar\u00e0 al nou docent el protocol d\u2019acolliment digital.<\/p>\n<p>2. Alta unitats compartides centre<br \/>\nEn el moment de la incorporaci\u00f3&hellip;  <a href=\"https:\/\/agora.xtec.cat\/ceipmdangels\/estrategia-digital-de-centre\/cultura-digital-de-centre\/competencia-digital-alumnat\/\" title=\"Read ACOLLIDA DIGITAL DOCENT\">Llegeix m\u00e9s\u00bb<\/a><\/p>\n","protected":false},"author":1,"featured_media":0,"parent":6564,"menu_order":0,"comment_status":"closed","ping_status":"closed","template":"page-templates\/side-menu.php","meta":{"_bbp_topic_count":0,"_bbp_reply_count":0,"_bbp_total_topic_count":0,"_bbp_total_reply_count":0,"_bbp_voice_count":0,"_bbp_anonymous_reply_count":0,"_bbp_topic_count_hidden":0,"_bbp_reply_count_hidden":0,"_bbp_forum_subforum_count":0,"footnotes":""},"class_list":["post-6557","page","type-page","status-publish","hentry"],"post_mailing_queue_ids":[],"_links":{"self":[{"href":"https:\/\/agora.xtec.cat\/ceipmdangels\/wp-json\/wp\/v2\/pages\/6557","targetHints":{"allow":["GET"]}}],"collection":[{"href":"https:\/\/agora.xtec.cat\/ceipmdangels\/wp-json\/wp\/v2\/pages"}],"about":[{"href":"https:\/\/agora.xtec.cat\/ceipmdangels\/wp-json\/wp\/v2\/types\/page"}],"author":[{"embeddable":true,"href":"https:\/\/agora.xtec.cat\/ceipmdangels\/wp-json\/wp\/v2\/users\/1"}],"replies":[{"embeddable":true,"href":"https:\/\/agora.xtec.cat\/ceipmdangels\/wp-json\/wp\/v2\/comments?post=6557"}],"version-history":[{"count":3,"href":"https:\/\/agora.xtec.cat\/ceipmdangels\/wp-json\/wp\/v2\/pages\/6557\/revisions"}],"predecessor-version":[{"id":7832,"href":"https:\/\/agora.xtec.cat\/ceipmdangels\/wp-json\/wp\/v2\/pages\/6557\/revisions\/7832"}],"up":[{"embeddable":true,"href":"https:\/\/agora.xtec.cat\/ceipmdangels\/wp-json\/wp\/v2\/pages\/6564"}],"wp:attachment":[{"href":"https:\/\/agora.xtec.cat\/ceipmdangels\/wp-json\/wp\/v2\/media?parent=6557"}],"curies":[{"name":"wp","href":"https:\/\/api.w.org\/{rel}","templated":true}]}}