{"id":47,"date":"2014-05-16T14:37:58","date_gmt":"2014-05-16T12:37:58","guid":{"rendered":"http:\/\/www.escolaelsangels.cat\/?page_id=47"},"modified":"2019-01-21T16:11:16","modified_gmt":"2019-01-21T15:11:16","slug":"historia-del-centre","status":"publish","type":"page","link":"https:\/\/agora.xtec.cat\/ceipmdangels\/qui-som\/historia-del-centre\/","title":{"rendered":"Hist\u00f2ria del centre"},"content":{"rendered":"<p><em><strong>HIST\u00d2RIA DE L&#8217;EDIFICI DELS \u00c0NGELS<\/strong><\/em><\/p>\n<p>El gener de 1978 m\u00e9s d\u2019un centenar de nens i nenes es traslladaven des dels baixos de diversos edificis del barri, al que seria el seu nou col\u00b7legi.<br \/>\nS\u2019estrenava aix\u00ed el nou edifici de color verd de l\u2019escola dels \u00c0ngels, un lloc emblem\u00e0tic i amb carisma que enguany celebra els trenta anys de tasca educativa.<\/p>\n<p><a href=\"http:\/\/blocs.xtec.cat\/elpatipuntnet\/files\/2012\/05\/construcci%C3%B3-edifici-Angels.-001b.jpg\"><img loading=\"lazy\" decoding=\"async\" class=\"aligncenter\" src=\"http:\/\/blocs.xtec.cat\/elpatipuntnet\/files\/2012\/05\/construcci%C3%B3-edifici-Angels.-001b-300x209.jpg\" alt=\"\" width=\"300\" height=\"209\" \/><\/a><\/p>\n<p>Ens tenim que situar al final dels anys seixanta, en el boom laboral que va patir Tarragona. Gent de diferents punts d\u2019 Espanya, <a href=\"http:\/\/www.monzon.es\">Monz\u00f3n<\/a>, <a href=\"http:\/\/www.ayto-murcia.es\">M\u00farcia<\/a>, Mataporqueras\u2026 venien a treballar a les grans f\u00e0briques que s\u2019instal\u2022laven aqu\u00ed i necessitaven m\u00e0 d\u2019obra, molta i r\u00e0pidament. Dues d\u2019aquestes ind\u00fastries s\u00f3n la <a href=\"http:\/\/www.dow.com\">DOW<\/a> i <a href=\"http:\/\/www.quimica.urv.es\/%7Ew3siiq\/DALUMNES\/98\/siiq10\/iqa.htm%20-%204k%20-\">IQA<\/a>.<\/p>\n<p>Per una necessitat imperativa i per pr\u00f2pia iniciativa dels directius, aquestes dues empreses van cedir-hi uns locals al barri perqu\u00e8 es pogu\u00e9s impartir classes als fills del seus treballadors. Aquests, a m\u00e9s a m\u00e9s, tamb\u00e9 vivien majorit\u00e0riament en edificis que les mateixes empreses els hi constru\u00efen per instal\u2022lar- s\u00b4hi amb les seves fam\u00edlies. <a href=\"http:\/\/www.dow.com\">DOW<\/a> i <a href=\"http:\/\/www.quimica.urv.es\/%7Ew3siiq\/DALUMNES\/98\/siiq10\/iqa.htm%20-%204k%20-\">IQA<\/a> intentava facilitar al m\u00e0xim la vida dels seus treballadors perqu\u00e8 la m\u00e0 d\u2019obra era molt necess\u00e0ria per fer tirar endavant les empreses.<\/p>\n<p>D\u2019 aquesta manera va comen\u00e7ar la tasca educativa del col\u2022legi dels \u00c0ngels el 1 de setembre de 1968. Tres aules a uns locals de la <a href=\"http:\/\/www.quimica.urv.es\/%7Ew3siiq\/DALUMNES\/98\/siiq10\/iqa.htm%20-%204k%20-\">IQA<\/a> i dos a uns de la <a href=\"http:\/\/www.dow.com\">DOW<\/a>. Enrique D\u00edez, Ramon Carreter, Ovidio, Maruja i Carmen Quilez van ser els primers professors\/es que van encetar la nostra hist\u00f2ria.<\/p>\n<p>Els inicis van ser durs, els diners no acompanyaven i tot es feia amb molt pocs recursos, per\u00f2 amb molta professionalitat i vocaci\u00f3.<\/p>\n<p>Anys despr\u00e9s la demanda de nens i nenes a aquestes aules era tan gran, que no donaven per m\u00e9s. Van comen\u00e7ar aleshores una \u00e8poca de reivindicacions per part del professorat a la Administraci\u00f3, dels pares en manifestacions\u2026 per tal de que es fes un col\u2022legi on unificar a totes els alumnes que ara estaven dispersos en diferents locals del barri. Tanta va ser la pressi\u00f3, que el centre que principi es tenia que construir al sud de la prov\u00edncia, va acabar fent-se al nostre barri.<\/p>\n<p><a href=\"http:\/\/blocs.xtec.cat\/elpatipuntnet\/files\/2012\/05\/construcci%C3%B3-edifici-Angels.-001c.jpg\"><img loading=\"lazy\" decoding=\"async\" class=\"aligncenter size-medium wp-image-10\" src=\"http:\/\/blocs.xtec.cat\/elpatipuntnet\/files\/2012\/05\/construcci%C3%B3-edifici-Angels.-001c-300x208.jpg\" alt=\"\" width=\"300\" height=\"208\" \/><\/a><\/p>\n<p>La realitat era palesa en el gener de 1978. A corre-cuita professors i nens van traslladar-se al nou edifici, el que coneixem actualment amb el seu color verd caracter\u00edstic, el CEIP Mare de D\u00e9u dels \u00c0ngels.<\/p>\n<p>Tanta presa, tanta presa, va haver-hi en aquells moments que hi ha fets anecd\u00f2tics. L\u2019 orientaci\u00f3 de l\u2019 escola est\u00e0 ubicada al rev\u00e9s, la teulada \u00e9s de pissarra, propi de les escoles de muntanya, no hi havia tanca, tampoc hi havia tel\u00e8fon\u2026 Per no tenir, no van tenir ni una inauguraci\u00f3 oficial<\/p>\n<p>Per\u00f2 en aquells moments tot aix\u00f2 eren fets de poca import\u00e0ncia. L\u2019 \u00e8xit era que havien aconseguit una escola nova per el barri:24 aules, de 1er a 8\u00e8 d\u2019 EGB, amb tres l\u00ednies. Naixia l\u2019 escola Mare de D\u00e9u dels \u00c0ngels.<\/p>\n<p><a href=\"http:\/\/blocs.xtec.cat\/elpatipuntnet\/files\/2012\/05\/foto-antiga-cole-castells.jpg\"><img loading=\"lazy\" decoding=\"async\" class=\"aligncenter size-medium wp-image-71\" src=\"http:\/\/blocs.xtec.cat\/elpatipuntnet\/files\/2012\/05\/foto-antiga-cole-castells-195x300.jpg\" alt=\"\" width=\"195\" height=\"300\" \/><\/a><\/p>\n<p>&nbsp;<\/p>\n","protected":false},"excerpt":{"rendered":"<p>HIST\u00d2RIA DE L&#8217;EDIFICI DELS \u00c0NGELS<br \/>\nEl gener de 1978 m\u00e9s d\u2019un centenar de nens i nenes es traslladaven des dels baixos de diversos edificis del barri, al que seria el seu nou col\u00b7legi.<br \/>\nS\u2019estrenava aix\u00ed el nou edifici de color verd de l\u2019escola dels \u00c0ngels, un lloc&hellip;  <a href=\"https:\/\/agora.xtec.cat\/ceipmdangels\/qui-som\/historia-del-centre\/\" title=\"Read Hist\u00f2ria del centre\">Llegeix m\u00e9s\u00bb<\/a><\/p>\n","protected":false},"author":1,"featured_media":0,"parent":12,"menu_order":7,"comment_status":"closed","ping_status":"closed","template":"page-templates\/side-menu.php","meta":{"_bbp_topic_count":0,"_bbp_reply_count":0,"_bbp_total_topic_count":0,"_bbp_total_reply_count":0,"_bbp_voice_count":0,"_bbp_anonymous_reply_count":0,"_bbp_topic_count_hidden":0,"_bbp_reply_count_hidden":0,"_bbp_forum_subforum_count":0,"footnotes":""},"class_list":["post-47","page","type-page","status-publish","hentry"],"post_mailing_queue_ids":[],"_links":{"self":[{"href":"https:\/\/agora.xtec.cat\/ceipmdangels\/wp-json\/wp\/v2\/pages\/47","targetHints":{"allow":["GET"]}}],"collection":[{"href":"https:\/\/agora.xtec.cat\/ceipmdangels\/wp-json\/wp\/v2\/pages"}],"about":[{"href":"https:\/\/agora.xtec.cat\/ceipmdangels\/wp-json\/wp\/v2\/types\/page"}],"author":[{"embeddable":true,"href":"https:\/\/agora.xtec.cat\/ceipmdangels\/wp-json\/wp\/v2\/users\/1"}],"replies":[{"embeddable":true,"href":"https:\/\/agora.xtec.cat\/ceipmdangels\/wp-json\/wp\/v2\/comments?post=47"}],"version-history":[{"count":3,"href":"https:\/\/agora.xtec.cat\/ceipmdangels\/wp-json\/wp\/v2\/pages\/47\/revisions"}],"predecessor-version":[{"id":806,"href":"https:\/\/agora.xtec.cat\/ceipmdangels\/wp-json\/wp\/v2\/pages\/47\/revisions\/806"}],"up":[{"embeddable":true,"href":"https:\/\/agora.xtec.cat\/ceipmdangels\/wp-json\/wp\/v2\/pages\/12"}],"wp:attachment":[{"href":"https:\/\/agora.xtec.cat\/ceipmdangels\/wp-json\/wp\/v2\/media?parent=47"}],"curies":[{"name":"wp","href":"https:\/\/api.w.org\/{rel}","templated":true}]}}

Història del centre

<p><em><strong>HISTÒRIA DE L&#8217;EDIFICI DELS ÀNGELS</strong></em></p>
<p>El gener de 1978 més d’un centenar de nens i nenes es traslladaven des dels baixos de diversos edificis del barri, al que seria el seu nou col·legi.<br />
S’estrenava així el nou edifici de color verd de l’escola dels Àngels, un lloc emblemàtic i amb carisma que enguany celebra els trenta anys de tasca educativa.</p>
<p><a href="http://blocs.xtec.cat/elpatipuntnet/files/2012/05/construcci%C3%B3-edifici-Angels.-001b.jpg"><img loading="lazy" decoding="async" class="aligncenter" src="http://blocs.xtec.cat/elpatipuntnet/files/2012/05/construcci%C3%B3-edifici-Angels.-001b-300x209.jpg" alt="" width="300" height="209" /></a></p>
<p>Ens tenim que situar al final dels anys seixanta, en el boom laboral que va patir Tarragona. Gent de diferents punts d’ Espanya, <a href="http://www.monzon.es">Monzón</a>, <a href="http://www.ayto-murcia.es">Múrcia</a>, Mataporqueras… venien a treballar a les grans fàbriques que s’instal•laven aquí i necessitaven mà d’obra, molta i ràpidament. Dues d’aquestes indústries són la <a href="http://www.dow.com">DOW</a> i <a href="http://www.quimica.urv.es/%7Ew3siiq/DALUMNES/98/siiq10/iqa.htm%20-%204k%20-">IQA</a>.</p>
<p>Per una necessitat imperativa i per pròpia iniciativa dels directius, aquestes dues empreses van cedir-hi uns locals al barri perquè es pogués impartir classes als fills del seus treballadors. Aquests, a més a més, també vivien majoritàriament en edificis que les mateixes empreses els hi construïen per instal•lar- s´hi amb les seves famílies. <a href="http://www.dow.com">DOW</a> i <a href="http://www.quimica.urv.es/%7Ew3siiq/DALUMNES/98/siiq10/iqa.htm%20-%204k%20-">IQA</a> intentava facilitar al màxim la vida dels seus treballadors perquè la mà d’obra era molt necessària per fer tirar endavant les empreses.</p>
<p>D’ aquesta manera va començar la tasca educativa del col•legi dels Àngels el 1 de setembre de 1968. Tres aules a uns locals de la <a href="http://www.quimica.urv.es/%7Ew3siiq/DALUMNES/98/siiq10/iqa.htm%20-%204k%20-">IQA</a> i dos a uns de la <a href="http://www.dow.com">DOW</a>. Enrique Díez, Ramon Carreter, Ovidio, Maruja i Carmen Quilez van ser els primers professors/es que van encetar la nostra història.</p>
<p>Els inicis van ser durs, els diners no acompanyaven i tot es feia amb molt pocs recursos, però amb molta professionalitat i vocació.</p>
<p>Anys després la demanda de nens i nenes a aquestes aules era tan gran, que no donaven per més. Van començar aleshores una època de reivindicacions per part del professorat a la Administració, dels pares en manifestacions… per tal de que es fes un col•legi on unificar a totes els alumnes que ara estaven dispersos en diferents locals del barri. Tanta va ser la pressió, que el centre que principi es tenia que construir al sud de la província, va acabar fent-se al nostre barri.</p>
<p><a href="http://blocs.xtec.cat/elpatipuntnet/files/2012/05/construcci%C3%B3-edifici-Angels.-001c.jpg"><img loading="lazy" decoding="async" class="aligncenter size-medium wp-image-10" src="http://blocs.xtec.cat/elpatipuntnet/files/2012/05/construcci%C3%B3-edifici-Angels.-001c-300x208.jpg" alt="" width="300" height="208" /></a></p>
<p>La realitat era palesa en el gener de 1978. A corre-cuita professors i nens van traslladar-se al nou edifici, el que coneixem actualment amb el seu color verd característic, el CEIP Mare de Déu dels Àngels.</p>
<p>Tanta presa, tanta presa, va haver-hi en aquells moments que hi ha fets anecdòtics. L’ orientació de l’ escola està ubicada al revés, la teulada és de pissarra, propi de les escoles de muntanya, no hi havia tanca, tampoc hi havia telèfon… Per no tenir, no van tenir ni una inauguració oficial</p>
<p>Però en aquells moments tot això eren fets de poca importància. L’ èxit era que havien aconseguit una escola nova per el barri:24 aules, de 1er a 8è d’ EGB, amb tres línies. Naixia l’ escola Mare de Déu dels Àngels.</p>
<p><a href="http://blocs.xtec.cat/elpatipuntnet/files/2012/05/foto-antiga-cole-castells.jpg"><img loading="lazy" decoding="async" class="aligncenter size-medium wp-image-71" src="http://blocs.xtec.cat/elpatipuntnet/files/2012/05/foto-antiga-cole-castells-195x300.jpg" alt="" width="195" height="300" /></a></p>
<p>&nbsp;</p>

<p>HISTÒRIA DE L&#8217;EDIFICI DELS ÀNGELS<br />
El gener de 1978 més d’un centenar de nens i nenes es traslladaven des dels baixos de diversos edificis del barri, al que seria el seu nou col·legi.<br />
S’estrenava així el nou edifici de color verd de l’escola dels Àngels, un lloc&hellip;  <a href="https://agora.xtec.cat/ceipmdangels/qui-som/historia-del-centre/" title="Read Història del centre">Llegeix més»</a></p>
