{"id":30,"date":"2014-09-18T12:30:23","date_gmt":"2014-09-18T12:30:23","guid":{"rendered":"http:\/\/agora.xtec.cat\/ceipmdangels\/?page_id=30"},"modified":"2025-01-15T08:25:15","modified_gmt":"2025-01-15T07:25:15","slug":"instal%c2%b7lacions","status":"publish","type":"page","link":"https:\/\/agora.xtec.cat\/ceipmdangels\/lescola\/instal%c2%b7lacions\/","title":{"rendered":"Instal\u00b7lacions"},"content":{"rendered":"<p>L&#8217;escola Els \u00c0ngels est\u00e0 distribu\u00efda en dos edificis diferenciats un per a educaci\u00f3 prim\u00e0ria i l&#8217;altre per a educaci\u00f3 infantil.<\/p>\n<ul>\n<li>\n<p align=\"left\"><span style=\"font-family: Arial, serif;\"><span style=\"font-size: small;\"><span style=\"color: #000000;\"><span lang=\"ca-ES\">Aula d\u2019idiomes a Prim\u00e0ria equipada amb material audiovisual i infor\u00adm\u00e0tic.<\/span><\/span><\/span><\/span><\/p>\n<\/li>\n<li>\n<p align=\"left\"><span style=\"font-family: Arial, serif;\"><span style=\"font-size: small;\"><span style=\"color: #000000;\"><span lang=\"ca-ES\">1 aula d\u2019inform\u00e0tica. Internet a tota l\u2019escola.<\/span><\/span><\/span><\/span><\/p>\n<\/li>\n<li>\n<p align=\"left\"><span style=\"font-family: Arial, serif;\"><span style=\"font-size: small;\"><span style=\"color: #000000;\"><span lang=\"ca-ES\">Aula de M\u00fasica.<\/span><\/span><\/span><\/span><\/p>\n<\/li>\n<li>\n<p align=\"left\"><span style=\"font-family: Arial, serif;\"><span style=\"font-size: small;\"><span style=\"color: #000000;\"><span lang=\"ca-ES\">Aula de Psicomotricitat, \u201cSala M\u00e0gica\u201d.<\/span><\/span><\/span><\/span><\/p>\n<\/li>\n<li>\n<p align=\"left\"><span style=\"font-family: Arial, serif;\"><span style=\"font-size: small;\"><span style=\"color: #000000;\"><span lang=\"ca-ES\">Aula de racons d\u2019EI.<\/span><\/span><\/span><\/span><\/p>\n<\/li>\n<li>\n<p align=\"left\"><span style=\"font-family: Arial, serif;\"><span style=\"font-size: small;\"><span style=\"color: #000000;\"><span lang=\"ca-ES\">Biblioteca escolar.<\/span><\/span><\/span><\/span><\/p>\n<\/li>\n<li>\n<p align=\"left\"><span style=\"font-family: Arial, serif;\"><span style=\"font-size: small;\"><span style=\"color: #000000;\"><span lang=\"ca-ES\">Aules d\u2019Educaci\u00f3 Especial i suport.<\/span><\/span><\/span><\/span><\/p>\n<\/li>\n<li>\n<p align=\"left\"><span style=\"font-family: Arial, serif;\"><span style=\"font-size: small;\"><span style=\"color: #000000;\"><span lang=\"ca-ES\">Aula SIEI.<\/span><\/span><\/span><\/span><\/p>\n<\/li>\n<li>\n<p align=\"left\"><span style=\"font-family: Arial, serif;\"><span style=\"font-size: small;\"><span style=\"color: #000000;\"><span lang=\"ca-ES\">Menjador.<\/span><\/span><\/span><\/span><\/p>\n<\/li>\n<li>\n<p align=\"left\"><span style=\"font-family: Arial, serif;\"><span style=\"font-size: small;\"><span style=\"color: #000000;\"><span lang=\"ca-ES\">Sala d\u2019actes equipada amb mitjans audiovisuals.<\/span><\/span><\/span><\/span><\/p>\n<\/li>\n<li>\n<p align=\"left\"><span style=\"font-family: Arial, serif;\"><span style=\"font-size: small;\"><span style=\"color: #000000;\"><span lang=\"ca-ES\">Pistes poliesportives \u00e0mplies i patis amb zones de joc.<\/span><\/span><\/span><\/span><\/p>\n<\/li>\n<li>\n<p align=\"left\"><span style=\"font-family: Arial, serif;\"><span style=\"font-size: small;\"><span style=\"color: #000000;\"><span lang=\"ca-ES\">Aula de natura amb hort i caseta meteorol\u00f2gica.<\/span><\/span><\/span><\/span><\/p>\n<\/li>\n<\/ul>\n","protected":false},"excerpt":{"rendered":"<p>L&#8217;escola Els \u00c0ngels est\u00e0 distribu\u00efda en dos edificis diferenciats un per a educaci\u00f3 prim\u00e0ria i l&#8217;altre per a educaci\u00f3 infantil.<\/p>\n<ul>\n<li>\nAula d\u2019idiomes a Prim\u00e0ria equipada amb material audiovisual i infor\u00adm\u00e0tic.\n<\/li>\n<li>\n1 aula d\u2019inform\u00e0tica. Internet a tota l\u2019escola.\n<\/li>\n<li>\nAula de M\u00fasica.\n<\/li>\n<li>\nAula de Psicomotricitat, \u201cSala M\u00e0gica\u201d.\n<\/li>\n<li>\nAula de racons d\u2019EI.\n<\/li>\n<li>\nBiblioteca escolar.\n<\/li>\n<li>\nAules&hellip;  <a href=\"https:\/\/agora.xtec.cat\/ceipmdangels\/lescola\/instal%c2%b7lacions\/\" title=\"Read Instal\u00b7lacions\">Llegeix m\u00e9s\u00bb<\/a><\/p>\n","protected":false},"author":2,"featured_media":0,"parent":22,"menu_order":40,"comment_status":"closed","ping_status":"closed","template":"page-templates\/side-menu.php","meta":{"_bbp_topic_count":0,"_bbp_reply_count":0,"_bbp_total_topic_count":0,"_bbp_total_reply_count":0,"_bbp_voice_count":0,"_bbp_anonymous_reply_count":0,"_bbp_topic_count_hidden":0,"_bbp_reply_count_hidden":0,"_bbp_forum_subforum_count":0,"footnotes":""},"class_list":["post-30","page","type-page","status-publish","hentry"],"post_mailing_queue_ids":[],"_links":{"self":[{"href":"https:\/\/agora.xtec.cat\/ceipmdangels\/wp-json\/wp\/v2\/pages\/30","targetHints":{"allow":["GET"]}}],"collection":[{"href":"https:\/\/agora.xtec.cat\/ceipmdangels\/wp-json\/wp\/v2\/pages"}],"about":[{"href":"https:\/\/agora.xtec.cat\/ceipmdangels\/wp-json\/wp\/v2\/types\/page"}],"author":[{"embeddable":true,"href":"https:\/\/agora.xtec.cat\/ceipmdangels\/wp-json\/wp\/v2\/users\/2"}],"replies":[{"embeddable":true,"href":"https:\/\/agora.xtec.cat\/ceipmdangels\/wp-json\/wp\/v2\/comments?post=30"}],"version-history":[{"count":4,"href":"https:\/\/agora.xtec.cat\/ceipmdangels\/wp-json\/wp\/v2\/pages\/30\/revisions"}],"predecessor-version":[{"id":9023,"href":"https:\/\/agora.xtec.cat\/ceipmdangels\/wp-json\/wp\/v2\/pages\/30\/revisions\/9023"}],"up":[{"embeddable":true,"href":"https:\/\/agora.xtec.cat\/ceipmdangels\/wp-json\/wp\/v2\/pages\/22"}],"wp:attachment":[{"href":"https:\/\/agora.xtec.cat\/ceipmdangels\/wp-json\/wp\/v2\/media?parent=30"}],"curies":[{"name":"wp","href":"https:\/\/api.w.org\/{rel}","templated":true}]}}