{"id":1910,"date":"2018-10-10T16:17:30","date_gmt":"2018-10-10T14:17:30","guid":{"rendered":"http:\/\/agora.xtec.cat\/ceipmdangels\/?page_id=1910"},"modified":"2019-01-14T16:27:41","modified_gmt":"2019-01-14T15:27:41","slug":"educacio-integral","status":"publish","type":"page","link":"https:\/\/agora.xtec.cat\/ceipmdangels\/projecte-educatiu\/educacio-integral\/","title":{"rendered":"Educaci\u00f3 integral"},"content":{"rendered":"<p>Durant el curs escolar l&#8217;equip de mestres organitza juntament amb la col.col\u00b7laboraci\u00f3 de l&#8217;Ajuntament de Tarragona i d&#8217;altres entitats privades tallers sobre diferents eixos transversals:<\/p>\n<p style=\"text-align: justify;\"><span style=\"color: #008080;\"><strong>Fer salut mola! <\/strong>(\u00e0rea de servei de promoci\u00f3 de la salut de <a href=\"https:\/\/agora.xtec.cat\/ceipmdangels\/wp-content\/uploads\/usu320\/2018\/10\/c7efb9_849b70ac5c734ff9b89a995ce6f2ab09mv2_d_2988_5312_s_4_2.jpg\"><img loading=\"lazy\" decoding=\"async\" class=\"wp-image-1911 alignright\" src=\"https:\/\/agora.xtec.cat\/ceipmdangels\/wp-content\/uploads\/usu320\/2018\/10\/c7efb9_849b70ac5c734ff9b89a995ce6f2ab09mv2_d_2988_5312_s_4_2.jpg\" alt=\"\" width=\"71\" height=\"188\" srcset=\"https:\/\/agora.xtec.cat\/ceipmdangels\/wp-content\/uploads\/usu320\/2018\/10\/c7efb9_849b70ac5c734ff9b89a995ce6f2ab09mv2_d_2988_5312_s_4_2.jpg 200w, https:\/\/agora.xtec.cat\/ceipmdangels\/wp-content\/uploads\/usu320\/2018\/10\/c7efb9_849b70ac5c734ff9b89a995ce6f2ab09mv2_d_2988_5312_s_4_2-113x300.jpg 113w\" sizes=\"auto, (max-width: 71px) 100vw, 71px\" \/><\/a>l&#8217;Ajuntament de Tarragona)\u00a0<strong>\u00a0<\/strong><\/span><\/p>\n<p style=\"text-align: justify;\">L&#8217;alumnat d&#8217;educaci\u00f3 prim\u00e0ria participa dels tallers de promoci\u00f3 de la salut: higiene bucodental, alimentaci\u00f3 saludable, fotoprotecci\u00f3 solar, activitat f\u00edsica i canvis puberals.<\/p>\n<p>&nbsp;<\/p>\n<p><strong><span style=\"color: #008080;\">El Tren de la coeducaci\u00f3<\/span><\/strong><span style=\"color: #008080;\"> (Ajuntament de Tarragona)<\/span><\/p>\n<p><img loading=\"lazy\" decoding=\"async\" class=\"fancybox-image alignright\" src=\"http:\/\/www.tarragonaradio.cat\/DATA\/2016\/2\/54098_educaaaaaaaaaaaaa.JPG\" alt=\"\" width=\"147\" height=\"110\" \/><\/p>\n<p style=\"text-align: justify;\">Programa de sensibilitzaci\u00f3 i prevenci\u00f3 educativa de resoluci\u00f3 de conflictes i igualtat de g\u00e8nere dirigit a l&#8217;alumnat de cicle superior.<\/p>\n<p style=\"text-align: justify;\">Aquest programa es porta a terme paral\u00b7lelament amb la implementaci\u00f3 dels materials did\u00e0ctics de l&#8217;Edu i la Ka que es treballen a 5\u00e8 a les hores de tutoria.<\/p>\n<p><strong><span style=\"color: #008080;\">Higiene bucodental<br \/>\n<\/span><\/strong><\/p>\n<p>&nbsp;<\/p>\n","protected":false},"excerpt":{"rendered":"<p>Durant el curs escolar l&#8217;equip de mestres organitza juntament amb la col.col\u00b7laboraci\u00f3 de l&#8217;Ajuntament de Tarragona i d&#8217;altres entitats privades tallers sobre diferents eixos transversals:<br \/>\nFer salut mola! (\u00e0rea de servei de promoci\u00f3 de la salut de <a href=\"https:\/\/agora.xtec.cat\/ceipmdangels\/wp-content\/uploads\/usu320\/2018\/10\/c7efb9_849b70ac5c734ff9b89a995ce6f2ab09mv2_d_2988_5312_s_4_2.jpg\"><\/a>l&#8217;Ajuntament de Tarragona)\u00a0\u00a0<br \/>\nL&#8217;alumnat d&#8217;educaci\u00f3 prim\u00e0ria participa dels tallers&hellip;  <a href=\"https:\/\/agora.xtec.cat\/ceipmdangels\/projecte-educatiu\/educacio-integral\/\" title=\"Read Educaci\u00f3 integral\">Llegeix m\u00e9s\u00bb<\/a><\/p>\n","protected":false},"author":1,"featured_media":0,"parent":64,"menu_order":0,"comment_status":"closed","ping_status":"closed","template":"page-templates\/side-menu.php","meta":{"_bbp_topic_count":0,"_bbp_reply_count":0,"_bbp_total_topic_count":0,"_bbp_total_reply_count":0,"_bbp_voice_count":0,"_bbp_anonymous_reply_count":0,"_bbp_topic_count_hidden":0,"_bbp_reply_count_hidden":0,"_bbp_forum_subforum_count":0,"footnotes":""},"class_list":["post-1910","page","type-page","status-publish","hentry"],"post_mailing_queue_ids":[],"_links":{"self":[{"href":"https:\/\/agora.xtec.cat\/ceipmdangels\/wp-json\/wp\/v2\/pages\/1910","targetHints":{"allow":["GET"]}}],"collection":[{"href":"https:\/\/agora.xtec.cat\/ceipmdangels\/wp-json\/wp\/v2\/pages"}],"about":[{"href":"https:\/\/agora.xtec.cat\/ceipmdangels\/wp-json\/wp\/v2\/types\/page"}],"author":[{"embeddable":true,"href":"https:\/\/agora.xtec.cat\/ceipmdangels\/wp-json\/wp\/v2\/users\/1"}],"replies":[{"embeddable":true,"href":"https:\/\/agora.xtec.cat\/ceipmdangels\/wp-json\/wp\/v2\/comments?post=1910"}],"version-history":[{"count":2,"href":"https:\/\/agora.xtec.cat\/ceipmdangels\/wp-json\/wp\/v2\/pages\/1910\/revisions"}],"predecessor-version":[{"id":1914,"href":"https:\/\/agora.xtec.cat\/ceipmdangels\/wp-json\/wp\/v2\/pages\/1910\/revisions\/1914"}],"up":[{"embeddable":true,"href":"https:\/\/agora.xtec.cat\/ceipmdangels\/wp-json\/wp\/v2\/pages\/64"}],"wp:attachment":[{"href":"https:\/\/agora.xtec.cat\/ceipmdangels\/wp-json\/wp\/v2\/media?parent=1910"}],"curies":[{"name":"wp","href":"https:\/\/api.w.org\/{rel}","templated":true}]}}

Educació integral

<p>Durant el curs escolar l&#8217;equip de mestres organitza juntament amb la col.col·laboració de l&#8217;Ajuntament de Tarragona i d&#8217;altres entitats privades tallers sobre diferents eixos transversals:</p>
<p style="text-align: justify;"><span style="color: #008080;"><strong>Fer salut mola! </strong>(àrea de servei de promoció de la salut de <a href="https://agora.xtec.cat/ceipmdangels/wp-content/uploads/usu320/2018/10/c7efb9_849b70ac5c734ff9b89a995ce6f2ab09mv2_d_2988_5312_s_4_2.jpg"><img loading="lazy" decoding="async" class="wp-image-1911 alignright" src="https://agora.xtec.cat/ceipmdangels/wp-content/uploads/usu320/2018/10/c7efb9_849b70ac5c734ff9b89a995ce6f2ab09mv2_d_2988_5312_s_4_2.jpg" alt="" width="71" height="188" srcset="https://agora.xtec.cat/ceipmdangels/wp-content/uploads/usu320/2018/10/c7efb9_849b70ac5c734ff9b89a995ce6f2ab09mv2_d_2988_5312_s_4_2.jpg 200w, https://agora.xtec.cat/ceipmdangels/wp-content/uploads/usu320/2018/10/c7efb9_849b70ac5c734ff9b89a995ce6f2ab09mv2_d_2988_5312_s_4_2-113x300.jpg 113w" sizes="auto, (max-width: 71px) 100vw, 71px" /></a>l&#8217;Ajuntament de Tarragona) <strong> </strong></span></p>
<p style="text-align: justify;">L&#8217;alumnat d&#8217;educació primària participa dels tallers de promoció de la salut: higiene bucodental, alimentació saludable, fotoprotecció solar, activitat física i canvis puberals.</p>
<p>&nbsp;</p>
<p><strong><span style="color: #008080;">El Tren de la coeducació</span></strong><span style="color: #008080;"> (Ajuntament de Tarragona)</span></p>
<p><img loading="lazy" decoding="async" class="fancybox-image alignright" src="http://www.tarragonaradio.cat/DATA/2016/2/54098_educaaaaaaaaaaaaa.JPG" alt="" width="147" height="110" /></p>
<p style="text-align: justify;">Programa de sensibilització i prevenció educativa de resolució de conflictes i igualtat de gènere dirigit a l&#8217;alumnat de cicle superior.</p>
<p style="text-align: justify;">Aquest programa es porta a terme paral·lelament amb la implementació dels materials didàctics de l&#8217;Edu i la Ka que es treballen a 5è a les hores de tutoria.</p>
<p><strong><span style="color: #008080;">Higiene bucodental<br />
</span></strong></p>
<p>&nbsp;</p>

<p>Durant el curs escolar l&#8217;equip de mestres organitza juntament amb la col.col·laboració de l&#8217;Ajuntament de Tarragona i d&#8217;altres entitats privades tallers sobre diferents eixos transversals:<br />
Fer salut mola! (àrea de servei de promoció de la salut de <a href="https://agora.xtec.cat/ceipmdangels/wp-content/uploads/usu320/2018/10/c7efb9_849b70ac5c734ff9b89a995ce6f2ab09mv2_d_2988_5312_s_4_2.jpg"></a>l&#8217;Ajuntament de Tarragona)  <br />
L&#8217;alumnat d&#8217;educació primària participa dels tallers&hellip;  <a href="https://agora.xtec.cat/ceipmdangels/projecte-educatiu/educacio-integral/" title="Read Educació integral">Llegeix més»</a></p>
