{"id":1839,"date":"2018-10-01T16:26:42","date_gmt":"2018-10-01T14:26:42","guid":{"rendered":"http:\/\/agora.xtec.cat\/ceipmdangels\/?page_id=1839"},"modified":"2019-01-21T16:08:30","modified_gmt":"2019-01-21T15:08:30","slug":"programa-si-fruita-a-lescola","status":"publish","type":"page","link":"https:\/\/agora.xtec.cat\/ceipmdangels\/projecte-educatiu\/programa-si-fruita-a-lescola\/","title":{"rendered":"Fruita a l&#8217;escola"},"content":{"rendered":"<p style=\"text-align: justify;\"><a href=\"https:\/\/agora.xtec.cat\/ceipmdangels\/wp-content\/uploads\/usu320\/2018\/11\/plafruit1.jpg\"><img loading=\"lazy\" decoding=\"async\" class=\"alignright wp-image-2036 \" src=\"https:\/\/agora.xtec.cat\/ceipmdangels\/wp-content\/uploads\/usu320\/2018\/11\/plafruit1-300x116.jpg\" alt=\"\" width=\"212\" height=\"82\" srcset=\"https:\/\/agora.xtec.cat\/ceipmdangels\/wp-content\/uploads\/usu320\/2018\/11\/plafruit1-300x116.jpg 300w, https:\/\/agora.xtec.cat\/ceipmdangels\/wp-content\/uploads\/usu320\/2018\/11\/plafruit1-768x297.jpg 768w, https:\/\/agora.xtec.cat\/ceipmdangels\/wp-content\/uploads\/usu320\/2018\/11\/plafruit1.jpg 770w\" sizes=\"auto, (max-width: 212px) 100vw, 212px\" \/><\/a>Es tracta de distribuir gratu\u00eftament fruita i verdura fresca als escolars de segon cicle d\u2019educaci\u00f3 infantil i de prim\u00e0ria (infants de 3 a 12 anys) de centres educatius que ho demanin.<\/p>\n<p>\u00c9s una iniciativa de la Uni\u00f3 Europea amb l&#8217;acci\u00f3 conjunta dels departaments d\u2019Agricultura, Salut i Ensenyament.<\/p>\n<p>Els objectius s\u00f3n:<\/p>\n<ul>\n<li>Oferir fruita gratu\u00efta en els esmorzars i berenars dins del centre escolar.<\/li>\n<li>Informar sobre els beneficis de pujar el consum de fruites i verdures, i sobre la seva diversitat, trets, producci\u00f3, estacionalitat, etc.<\/li>\n<li>Proposar el consum de fruites com una alternativa excel\u00b7lent al consum d\u2019altres aliments amb menys qualitat nutricional.<\/li>\n<\/ul>\n<p>Es pret\u00e9n amb aix\u00f2 afavorir la salut dels infants i promoure el consum de fruites, verdures, fruita seca, llegums, aigua i joc actiu.<\/p>\n<p>I tamb\u00e9 reduir el consum llaminadures, begudes refrescants, brioxeria i videojocs sedentaris.<\/p>\n<p style=\"text-align: justify;\"><a href=\"https:\/\/agora.xtec.cat\/ceipmdangels\/wp-content\/uploads\/usu320\/2018\/11\/cartell-programa-consum-fruita-hortalisses-escoles-unio-europea-750.jpg_1332006011.jpg\"><img loading=\"lazy\" decoding=\"async\" class=\"wp-image-2038 alignright\" src=\"https:\/\/agora.xtec.cat\/ceipmdangels\/wp-content\/uploads\/usu320\/2018\/11\/cartell-programa-consum-fruita-hortalisses-escoles-unio-europea-750.jpg_1332006011-150x150.jpg\" alt=\"\" width=\"132\" height=\"132\" srcset=\"https:\/\/agora.xtec.cat\/ceipmdangels\/wp-content\/uploads\/usu320\/2018\/11\/cartell-programa-consum-fruita-hortalisses-escoles-unio-europea-750.jpg_1332006011-150x150.jpg 150w, https:\/\/agora.xtec.cat\/ceipmdangels\/wp-content\/uploads\/usu320\/2018\/11\/cartell-programa-consum-fruita-hortalisses-escoles-unio-europea-750.jpg_1332006011-300x300.jpg 300w, https:\/\/agora.xtec.cat\/ceipmdangels\/wp-content\/uploads\/usu320\/2018\/11\/cartell-programa-consum-fruita-hortalisses-escoles-unio-europea-750.jpg_1332006011.jpg 750w\" sizes=\"auto, (max-width: 132px) 100vw, 132px\" \/><\/a>Durant el curs escolar, una setmana de cada mes, es distribueix la fruita i verdura seleccionada en funci\u00f3 de l\u2019estaci\u00f3 de l\u2019any, la proximitat de producci\u00f3 i la qualitat.<\/p>\n<p>La fruita es reparteix a l&#8217;escola entre els nens i les nenes a l&#8217;escola durant l&#8217;esmorzar o el berenar.<\/p>\n<p><a href=\"http:\/\/agricultura.gencat.cat\/ca\/ambits\/alimentacio\/fruita-llet-escoles\/fruita-escoles\/\">http:\/\/agricultura.gencat.cat\/ca\/ambits\/alimentacio\/fruita-llet-escoles\/fruita-escoles\/<\/a><\/p>\n<p>&nbsp;<\/p>\n","protected":false},"excerpt":{"rendered":"<p><a href=\"https:\/\/agora.xtec.cat\/ceipmdangels\/wp-content\/uploads\/usu320\/2018\/11\/plafruit1.jpg\"><\/a>Es tracta de distribuir gratu\u00eftament fruita i verdura fresca als escolars de segon cicle d\u2019educaci\u00f3 infantil i de prim\u00e0ria (infants de 3 a 12 anys) de centres educatius que ho demanin.<br \/>\n\u00c9s una iniciativa de la Uni\u00f3 Europea amb l&#8217;acci\u00f3 conjunta dels departaments d\u2019Agricultura, Salut&hellip;  <a href=\"https:\/\/agora.xtec.cat\/ceipmdangels\/projecte-educatiu\/programa-si-fruita-a-lescola\/\" title=\"Read Fruita a l&#8217;escola\">Llegeix m\u00e9s\u00bb<\/a><\/p>\n","protected":false},"author":1,"featured_media":0,"parent":64,"menu_order":12,"comment_status":"closed","ping_status":"closed","template":"page-templates\/side-menu.php","meta":{"_bbp_topic_count":0,"_bbp_reply_count":0,"_bbp_total_topic_count":0,"_bbp_total_reply_count":0,"_bbp_voice_count":0,"_bbp_anonymous_reply_count":0,"_bbp_topic_count_hidden":0,"_bbp_reply_count_hidden":0,"_bbp_forum_subforum_count":0,"footnotes":""},"class_list":["post-1839","page","type-page","status-publish","hentry"],"post_mailing_queue_ids":[],"_links":{"self":[{"href":"https:\/\/agora.xtec.cat\/ceipmdangels\/wp-json\/wp\/v2\/pages\/1839","targetHints":{"allow":["GET"]}}],"collection":[{"href":"https:\/\/agora.xtec.cat\/ceipmdangels\/wp-json\/wp\/v2\/pages"}],"about":[{"href":"https:\/\/agora.xtec.cat\/ceipmdangels\/wp-json\/wp\/v2\/types\/page"}],"author":[{"embeddable":true,"href":"https:\/\/agora.xtec.cat\/ceipmdangels\/wp-json\/wp\/v2\/users\/1"}],"replies":[{"embeddable":true,"href":"https:\/\/agora.xtec.cat\/ceipmdangels\/wp-json\/wp\/v2\/comments?post=1839"}],"version-history":[{"count":4,"href":"https:\/\/agora.xtec.cat\/ceipmdangels\/wp-json\/wp\/v2\/pages\/1839\/revisions"}],"predecessor-version":[{"id":2040,"href":"https:\/\/agora.xtec.cat\/ceipmdangels\/wp-json\/wp\/v2\/pages\/1839\/revisions\/2040"}],"up":[{"embeddable":true,"href":"https:\/\/agora.xtec.cat\/ceipmdangels\/wp-json\/wp\/v2\/pages\/64"}],"wp:attachment":[{"href":"https:\/\/agora.xtec.cat\/ceipmdangels\/wp-json\/wp\/v2\/media?parent=1839"}],"curies":[{"name":"wp","href":"https:\/\/api.w.org\/{rel}","templated":true}]}}

<p style="text-align: justify;"><a href="https://agora.xtec.cat/ceipmdangels/wp-content/uploads/usu320/2018/11/plafruit1.jpg"><img loading="lazy" decoding="async" class="alignright wp-image-2036 " src="https://agora.xtec.cat/ceipmdangels/wp-content/uploads/usu320/2018/11/plafruit1-300x116.jpg" alt="" width="212" height="82" srcset="https://agora.xtec.cat/ceipmdangels/wp-content/uploads/usu320/2018/11/plafruit1-300x116.jpg 300w, https://agora.xtec.cat/ceipmdangels/wp-content/uploads/usu320/2018/11/plafruit1-768x297.jpg 768w, https://agora.xtec.cat/ceipmdangels/wp-content/uploads/usu320/2018/11/plafruit1.jpg 770w" sizes="auto, (max-width: 212px) 100vw, 212px" /></a>Es tracta de distribuir gratuïtament fruita i verdura fresca als escolars de segon cicle d’educació infantil i de primària (infants de 3 a 12 anys) de centres educatius que ho demanin.</p>
<p>És una iniciativa de la Unió Europea amb l&#8217;acció conjunta dels departaments d’Agricultura, Salut i Ensenyament.</p>
<p>Els objectius són:</p>
<ul>
<li>Oferir fruita gratuïta en els esmorzars i berenars dins del centre escolar.</li>
<li>Informar sobre els beneficis de pujar el consum de fruites i verdures, i sobre la seva diversitat, trets, producció, estacionalitat, etc.</li>
<li>Proposar el consum de fruites com una alternativa excel·lent al consum d’altres aliments amb menys qualitat nutricional.</li>
</ul>
<p>Es pretén amb això afavorir la salut dels infants i promoure el consum de fruites, verdures, fruita seca, llegums, aigua i joc actiu.</p>
<p>I també reduir el consum llaminadures, begudes refrescants, brioxeria i videojocs sedentaris.</p>
<p style="text-align: justify;"><a href="https://agora.xtec.cat/ceipmdangels/wp-content/uploads/usu320/2018/11/cartell-programa-consum-fruita-hortalisses-escoles-unio-europea-750.jpg_1332006011.jpg"><img loading="lazy" decoding="async" class="wp-image-2038 alignright" src="https://agora.xtec.cat/ceipmdangels/wp-content/uploads/usu320/2018/11/cartell-programa-consum-fruita-hortalisses-escoles-unio-europea-750.jpg_1332006011-150x150.jpg" alt="" width="132" height="132" srcset="https://agora.xtec.cat/ceipmdangels/wp-content/uploads/usu320/2018/11/cartell-programa-consum-fruita-hortalisses-escoles-unio-europea-750.jpg_1332006011-150x150.jpg 150w, https://agora.xtec.cat/ceipmdangels/wp-content/uploads/usu320/2018/11/cartell-programa-consum-fruita-hortalisses-escoles-unio-europea-750.jpg_1332006011-300x300.jpg 300w, https://agora.xtec.cat/ceipmdangels/wp-content/uploads/usu320/2018/11/cartell-programa-consum-fruita-hortalisses-escoles-unio-europea-750.jpg_1332006011.jpg 750w" sizes="auto, (max-width: 132px) 100vw, 132px" /></a>Durant el curs escolar, una setmana de cada mes, es distribueix la fruita i verdura seleccionada en funció de l’estació de l’any, la proximitat de producció i la qualitat.</p>
<p>La fruita es reparteix a l&#8217;escola entre els nens i les nenes a l&#8217;escola durant l&#8217;esmorzar o el berenar.</p>
<p><a href="http://agricultura.gencat.cat/ca/ambits/alimentacio/fruita-llet-escoles/fruita-escoles/">http://agricultura.gencat.cat/ca/ambits/alimentacio/fruita-llet-escoles/fruita-escoles/</a></p>
<p>&nbsp;</p>

<p><a href="https://agora.xtec.cat/ceipmdangels/wp-content/uploads/usu320/2018/11/plafruit1.jpg"></a>Es tracta de distribuir gratuïtament fruita i verdura fresca als escolars de segon cicle d’educació infantil i de primària (infants de 3 a 12 anys) de centres educatius que ho demanin.<br />
És una iniciativa de la Unió Europea amb l&#8217;acció conjunta dels departaments d’Agricultura, Salut&hellip;  <a href="https://agora.xtec.cat/ceipmdangels/projecte-educatiu/programa-si-fruita-a-lescola/" title="Read Fruita a l&#8217;escola">Llegeix més»</a></p>
