{"id":1833,"date":"2018-10-01T16:21:42","date_gmt":"2018-10-01T14:21:42","guid":{"rendered":"http:\/\/agora.xtec.cat\/ceipmdangels\/?page_id=1833"},"modified":"2024-01-13T18:48:28","modified_gmt":"2024-01-13T17:48:28","slug":"4-cordes","status":"publish","type":"page","link":"https:\/\/agora.xtec.cat\/ceipmdangels\/projecte-educatiu\/4-cordes\/","title":{"rendered":"&#8220;ELS \u00c0NGELS TOQUEN&#8221;"},"content":{"rendered":"<p><span style=\"font-weight: 400;\">El curs 2017-18, l\u2019Escola Els \u00c0ngels engega un projecte lligat a la m\u00fasica. <\/span><span style=\"font-weight: 400;\">Inicialment, el projecte es deia <\/span><i><span style=\"font-weight: 400;\">4 cordes,<\/span><\/i><span style=\"font-weight: 400;\"> per\u00f2 des<\/span><span style=\"font-weight: 400;\"> d<\/span><span style=\"font-weight: 400;\">es de fa 4 cursos vam obrir a fonts municipals, <\/span><span style=\"font-weight: 400;\">l\u2019escola municipal de m\u00fasica de Tarragona, i actualment l&#8217;anomenen<strong><em> \u201cEls \u00c0ngels toquen\u201d \ud83c\udfbb<\/em><\/strong><\/span><\/p>\n<p><span style=\"font-weight: 400;\">Per una banda, aquest projecte ajuda a comprendre l\u2019art i els seus processos i de l\u2019altra genera sin\u00e8rgi<a style=\"color: #2795b6;\" href=\"https:\/\/agora.xtec.cat\/ceipmdangels\/wp-content\/uploads\/usu320\/2018\/11\/DSC_0075.jpg\"><img loading=\"lazy\" decoding=\"async\" class=\"wp-image-2048 alignright\" src=\"https:\/\/agora.xtec.cat\/ceipmdangels\/wp-content\/uploads\/usu320\/2018\/11\/DSC_0075-1024x620.jpg\" alt=\"\" width=\"408\" height=\"247\" srcset=\"https:\/\/agora.xtec.cat\/ceipmdangels\/wp-content\/uploads\/usu320\/2018\/11\/DSC_0075-1024x620.jpg 1024w, https:\/\/agora.xtec.cat\/ceipmdangels\/wp-content\/uploads\/usu320\/2018\/11\/DSC_0075-300x182.jpg 300w, https:\/\/agora.xtec.cat\/ceipmdangels\/wp-content\/uploads\/usu320\/2018\/11\/DSC_0075-768x465.jpg 768w\" sizes=\"auto, (max-width: 408px) 100vw, 408px\" \/><\/a>es que contribueixen al canvi social i a la cohesi\u00f3 entre l\u2019alumnat, atenent igualment a objectius socials, educatius i art\u00edstics.<\/span><\/p>\n<p><span style=\"font-weight: 400;\">L&#8217;alumnat de Cicle Mitj\u00e0 s\u2019endinsa en l\u2019aprenentatge de tocar el viol\u00ed o el violoncel amb el suport dels professionals de l\u2019escola de m\u00fasica de Tarragona i les tutories. Aix\u00f2, ha perm\u00e8s crear un espai d\u2019enfortiment de vincles i generador de noves oportunitats entre alumnat amb bagatges socioculturals diversos. Tamb\u00e9 ha donat la possibilitat de viure experi\u00e8ncies fora de l\u2019escola, lligades al m\u00f3n cultural que d\u2019una altra manera i donat la tipologia d\u2019alumnat i fam\u00edlies, hagu\u00e9s estat impossible.<\/span><\/p>\n<p><span style=\"font-weight: 400;\">Creiem que el descobriment de les intel\u00b7lig\u00e8ncies m\u00faltiples del nostre alumnat neix d\u2019una manera m\u00e9s espont\u00e0nia i natural si t\u00e9 com a eina l\u2019art, ja que a vegades en el dia a dia a l\u2019aula no \u00e9s possible.\u00a0<\/span><\/p>\n<p><span style=\"font-weight: 400;\">\u00c9s un projecte que promociona l\u2019\u00e0mbit art\u00edstic m\u00e9s enll\u00e0 dels aprenentatges curriculars permetent crear un espai de creixement personal, enfortint l\u2019esperit cr\u00edtic per a contribuir positivament a la cohesi\u00f3 de grup mitjan\u00e7ant accions de cooperaci\u00f3 i intercanvi d\u2019experi\u00e8ncies, l\u2019educaci\u00f3 emocional i el desenvolupament personal sempre de manera cooperativa i inclusiva.<\/span><\/p>\n<p><strong style=\"font-family: inherit; font-size: 1em;\"><br \/>\nPetit tast dels reculls de premsa i actuacions:\u00a0<\/strong><\/p>\n<p style=\"text-align: justify;\"><a href=\"https:\/\/agora.xtec.cat\/ceipmdangels\/general\/4-cordes-al-diari-tarragona\/\">\ud83d\udd34 https:\/\/agora.xtec.cat\/ceipmdangels\/general\/4-cordes-al-diari-tarragona\/<\/a><\/p>\n<p><a href=\"https:\/\/www.diaridetarragona.com\/tarragona\/cuatro-cuerdas-que-transforman-clases-enteras-20191219-0023-JSDT201912190023\">\ud83d\udd34 https:\/\/www.diaridetarragona.com\/tarragona\/cuatro-cuerdas-que-transforman-clases-enteras-20191219-0023-JSDT201912190023<\/a><\/p>\n<p><a href=\"https:\/\/agora.xtec.cat\/ceipmdangels\/portada\/alumnes-de-3r-a-vorion\/\">\ud83d\udd34 https:\/\/agora.xtec.cat\/ceipmdangels\/portada\/alumnes-de-3r-a-vorion\/<\/a><\/p>\n<p><a href=\"https:\/\/youtu.be\/M8ZjwdO-JZk\">\ud83d\udd34 https:\/\/youtu.be\/M8ZjwdO-JZk<\/a><\/p>\n<p>\ud83d\udd34\u00a0<a href=\"https:\/\/agora.xtec.cat\/ceipmdangels\/portada\/els-angels-toquen-intercanvi-voiron-2023\/\" target=\"_blank\" rel=\"noopener\">Concerts intercanvi, febrer 2023<\/a><\/p>\n<p><a href=\"https:\/\/www.diaridetarragona.com\/movil\/camp\/els-premis-baldiri-reixac-reconeixen-les-iniciatives-de-29-escoles-catalanes-FH15657064?fbclid=IwAR1LMrcHi89G7RfypuaJsmc-fHHarN7TS6m87werih5koun-CfED7bdt2QA_aem_th_AVKrIO2X3Q8E-oRUVPfLj_XzVpodKkqaca3cpzwUZN9TTEddsTQ20S6G9bFQAGX1ML0\" target=\"_blank\" rel=\"noopener\">\ud83d\udd34 Premi Baldiri Reixac a Experi\u00e8ncia Innovadora, 2023<\/a><\/p>\n<p><img loading=\"lazy\" decoding=\"async\" class=\"size-medium wp-image-7869 aligncenter\" src=\"https:\/\/agora.xtec.cat\/ceipmdangels\/wp-content\/uploads\/usu320\/2023\/06\/IMG_9365-300x209.jpeg\" alt=\"\" width=\"300\" height=\"209\" srcset=\"https:\/\/agora.xtec.cat\/ceipmdangels\/wp-content\/uploads\/usu320\/2023\/06\/IMG_9365-300x209.jpeg 300w, https:\/\/agora.xtec.cat\/ceipmdangels\/wp-content\/uploads\/usu320\/2023\/06\/IMG_9365-1024x715.jpeg 1024w, https:\/\/agora.xtec.cat\/ceipmdangels\/wp-content\/uploads\/usu320\/2023\/06\/IMG_9365-768x536.jpeg 768w, https:\/\/agora.xtec.cat\/ceipmdangels\/wp-content\/uploads\/usu320\/2023\/06\/IMG_9365-1536x1073.jpeg 1536w, https:\/\/agora.xtec.cat\/ceipmdangels\/wp-content\/uploads\/usu320\/2023\/06\/IMG_9365.jpeg 2048w\" sizes=\"auto, (max-width: 300px) 100vw, 300px\" \/><\/p>\n<blockquote class=\"wp-embedded-content\" data-secret=\"QnxbsIHR3A\"><p><a href=\"https:\/\/agora.xtec.cat\/ceipmdangels\/general\/tac12-nadales-2017-4-cordes\/\">Tac12 Nadales 2017 &#8211; 4 Cordes<\/a><\/p><\/blockquote>\n<p><iframe loading=\"lazy\" class=\"wp-embedded-content\" sandbox=\"allow-scripts\" security=\"restricted\" style=\"position: absolute; clip: rect(1px, 1px, 1px, 1px);\" title=\"&#8220;Tac12 Nadales 2017 &#8211; 4 Cordes&#8221; &#8212; Escola Els \u00c0ngels\" src=\"https:\/\/agora.xtec.cat\/ceipmdangels\/general\/tac12-nadales-2017-4-cordes\/embed\/#?secret=e6oHlMmxwI#?secret=QnxbsIHR3A\" data-secret=\"QnxbsIHR3A\" width=\"500\" height=\"282\" frameborder=\"0\" marginwidth=\"0\" marginheight=\"0\" scrolling=\"no\"><\/iframe><\/p>\n","protected":false},"excerpt":{"rendered":"<p>El curs 2017-18, l\u2019Escola Els \u00c0ngels engega un projecte lligat a la m\u00fasica. Inicialment, el projecte es deia 4 cordes, per\u00f2 des des de fa 4 cursos vam obrir a fonts municipals, l\u2019escola municipal de m\u00fasica de Tarragona, i actualment l&#8217;anomenen \u201cEls \u00c0ngels toquen\u201d \ud83c\udfbb<br \/>\nPer&hellip;  <a href=\"https:\/\/agora.xtec.cat\/ceipmdangels\/projecte-educatiu\/4-cordes\/\" title=\"Read &#8220;ELS \u00c0NGELS TOQUEN&#8221;\">Llegeix m\u00e9s\u00bb<\/a><\/p>\n","protected":false},"author":1,"featured_media":0,"parent":64,"menu_order":10,"comment_status":"closed","ping_status":"closed","template":"page-templates\/side-menu.php","meta":{"_bbp_topic_count":0,"_bbp_reply_count":0,"_bbp_total_topic_count":0,"_bbp_total_reply_count":0,"_bbp_voice_count":0,"_bbp_anonymous_reply_count":0,"_bbp_topic_count_hidden":0,"_bbp_reply_count_hidden":0,"_bbp_forum_subforum_count":0,"footnotes":""},"class_list":["post-1833","page","type-page","status-publish","hentry"],"post_mailing_queue_ids":[],"_links":{"self":[{"href":"https:\/\/agora.xtec.cat\/ceipmdangels\/wp-json\/wp\/v2\/pages\/1833","targetHints":{"allow":["GET"]}}],"collection":[{"href":"https:\/\/agora.xtec.cat\/ceipmdangels\/wp-json\/wp\/v2\/pages"}],"about":[{"href":"https:\/\/agora.xtec.cat\/ceipmdangels\/wp-json\/wp\/v2\/types\/page"}],"author":[{"embeddable":true,"href":"https:\/\/agora.xtec.cat\/ceipmdangels\/wp-json\/wp\/v2\/users\/1"}],"replies":[{"embeddable":true,"href":"https:\/\/agora.xtec.cat\/ceipmdangels\/wp-json\/wp\/v2\/comments?post=1833"}],"version-history":[{"count":5,"href":"https:\/\/agora.xtec.cat\/ceipmdangels\/wp-json\/wp\/v2\/pages\/1833\/revisions"}],"predecessor-version":[{"id":8265,"href":"https:\/\/agora.xtec.cat\/ceipmdangels\/wp-json\/wp\/v2\/pages\/1833\/revisions\/8265"}],"up":[{"embeddable":true,"href":"https:\/\/agora.xtec.cat\/ceipmdangels\/wp-json\/wp\/v2\/pages\/64"}],"wp:attachment":[{"href":"https:\/\/agora.xtec.cat\/ceipmdangels\/wp-json\/wp\/v2\/media?parent=1833"}],"curies":[{"name":"wp","href":"https:\/\/api.w.org\/{rel}","templated":true}]}}

&#8220;ELS ÀNGELS TOQUEN&#8221;

<p><span style="font-weight: 400;">El curs 2017-18, l’Escola Els Àngels engega un projecte lligat a la música. </span><span style="font-weight: 400;">Inicialment, el projecte es deia </span><i><span style="font-weight: 400;">4 cordes,</span></i><span style="font-weight: 400;"> però des</span><span style="font-weight: 400;"> d</span><span style="font-weight: 400;">es de fa 4 cursos vam obrir a fonts municipals, </span><span style="font-weight: 400;">l’escola municipal de música de Tarragona, i actualment l&#8217;anomenen<strong><em> “Els Àngels toquen” 🎻</em></strong></span></p>
<p><span style="font-weight: 400;">Per una banda, aquest projecte ajuda a comprendre l’art i els seus processos i de l’altra genera sinèrgi<a style="color: #2795b6;" href="https://agora.xtec.cat/ceipmdangels/wp-content/uploads/usu320/2018/11/DSC_0075.jpg"><img loading="lazy" decoding="async" class="wp-image-2048 alignright" src="https://agora.xtec.cat/ceipmdangels/wp-content/uploads/usu320/2018/11/DSC_0075-1024x620.jpg" alt="" width="408" height="247" srcset="https://agora.xtec.cat/ceipmdangels/wp-content/uploads/usu320/2018/11/DSC_0075-1024x620.jpg 1024w, https://agora.xtec.cat/ceipmdangels/wp-content/uploads/usu320/2018/11/DSC_0075-300x182.jpg 300w, https://agora.xtec.cat/ceipmdangels/wp-content/uploads/usu320/2018/11/DSC_0075-768x465.jpg 768w" sizes="auto, (max-width: 408px) 100vw, 408px" /></a>es que contribueixen al canvi social i a la cohesió entre l’alumnat, atenent igualment a objectius socials, educatius i artístics.</span></p>
<p><span style="font-weight: 400;">L&#8217;alumnat de Cicle Mitjà s’endinsa en l’aprenentatge de tocar el violí o el violoncel amb el suport dels professionals de l’escola de música de Tarragona i les tutories. Això, ha permès crear un espai d’enfortiment de vincles i generador de noves oportunitats entre alumnat amb bagatges socioculturals diversos. També ha donat la possibilitat de viure experiències fora de l’escola, lligades al món cultural que d’una altra manera i donat la tipologia d’alumnat i famílies, hagués estat impossible.</span></p>
<p><span style="font-weight: 400;">Creiem que el descobriment de les intel·ligències múltiples del nostre alumnat neix d’una manera més espontània i natural si té com a eina l’art, ja que a vegades en el dia a dia a l’aula no és possible. </span></p>
<p><span style="font-weight: 400;">És un projecte que promociona l’àmbit artístic més enllà dels aprenentatges curriculars permetent crear un espai de creixement personal, enfortint l’esperit crític per a contribuir positivament a la cohesió de grup mitjançant accions de cooperació i intercanvi d’experiències, l’educació emocional i el desenvolupament personal sempre de manera cooperativa i inclusiva.</span></p>
<p><strong style="font-family: inherit; font-size: 1em;"><br />
Petit tast dels reculls de premsa i actuacions: </strong></p>
<p style="text-align: justify;"><a href="https://agora.xtec.cat/ceipmdangels/general/4-cordes-al-diari-tarragona/">🔴 https://agora.xtec.cat/ceipmdangels/general/4-cordes-al-diari-tarragona/</a></p>
<p><a href="https://www.diaridetarragona.com/tarragona/cuatro-cuerdas-que-transforman-clases-enteras-20191219-0023-JSDT201912190023">🔴 https://www.diaridetarragona.com/tarragona/cuatro-cuerdas-que-transforman-clases-enteras-20191219-0023-JSDT201912190023</a></p>
<p><a href="https://agora.xtec.cat/ceipmdangels/portada/alumnes-de-3r-a-vorion/">🔴 https://agora.xtec.cat/ceipmdangels/portada/alumnes-de-3r-a-vorion/</a></p>
<p><a href="https://youtu.be/M8ZjwdO-JZk">🔴 https://youtu.be/M8ZjwdO-JZk</a></p>
<p>🔴 <a href="https://agora.xtec.cat/ceipmdangels/portada/els-angels-toquen-intercanvi-voiron-2023/" target="_blank" rel="noopener">Concerts intercanvi, febrer 2023</a></p>
<p><a href="https://www.diaridetarragona.com/movil/camp/els-premis-baldiri-reixac-reconeixen-les-iniciatives-de-29-escoles-catalanes-FH15657064?fbclid=IwAR1LMrcHi89G7RfypuaJsmc-fHHarN7TS6m87werih5koun-CfED7bdt2QA_aem_th_AVKrIO2X3Q8E-oRUVPfLj_XzVpodKkqaca3cpzwUZN9TTEddsTQ20S6G9bFQAGX1ML0" target="_blank" rel="noopener">🔴 Premi Baldiri Reixac a Experiència Innovadora, 2023</a></p>
<p><img loading="lazy" decoding="async" class="size-medium wp-image-7869 aligncenter" src="https://agora.xtec.cat/ceipmdangels/wp-content/uploads/usu320/2023/06/IMG_9365-300x209.jpeg" alt="" width="300" height="209" srcset="https://agora.xtec.cat/ceipmdangels/wp-content/uploads/usu320/2023/06/IMG_9365-300x209.jpeg 300w, https://agora.xtec.cat/ceipmdangels/wp-content/uploads/usu320/2023/06/IMG_9365-1024x715.jpeg 1024w, https://agora.xtec.cat/ceipmdangels/wp-content/uploads/usu320/2023/06/IMG_9365-768x536.jpeg 768w, https://agora.xtec.cat/ceipmdangels/wp-content/uploads/usu320/2023/06/IMG_9365-1536x1073.jpeg 1536w, https://agora.xtec.cat/ceipmdangels/wp-content/uploads/usu320/2023/06/IMG_9365.jpeg 2048w" sizes="auto, (max-width: 300px) 100vw, 300px" /></p>
<blockquote class="wp-embedded-content" data-secret="QnxbsIHR3A"><p><a href="https://agora.xtec.cat/ceipmdangels/general/tac12-nadales-2017-4-cordes/">Tac12 Nadales 2017 &#8211; 4 Cordes</a></p></blockquote>
<p><iframe loading="lazy" class="wp-embedded-content" sandbox="allow-scripts" security="restricted" style="position: absolute; clip: rect(1px, 1px, 1px, 1px);" title="&#8220;Tac12 Nadales 2017 &#8211; 4 Cordes&#8221; &#8212; Escola Els Àngels" src="https://agora.xtec.cat/ceipmdangels/general/tac12-nadales-2017-4-cordes/embed/#?secret=e6oHlMmxwI#?secret=QnxbsIHR3A" data-secret="QnxbsIHR3A" width="500" height="282" frameborder="0" marginwidth="0" marginheight="0" scrolling="no"></iframe></p>

<p>El curs 2017-18, l’Escola Els Àngels engega un projecte lligat a la música. Inicialment, el projecte es deia 4 cordes, però des des de fa 4 cursos vam obrir a fonts municipals, l’escola municipal de música de Tarragona, i actualment l&#8217;anomenen “Els Àngels toquen” 🎻<br />
Per&hellip;  <a href="https://agora.xtec.cat/ceipmdangels/projecte-educatiu/4-cordes/" title="Read &#8220;ELS ÀNGELS TOQUEN&#8221;">Llegeix més»</a></p>
