{"id":14,"date":"2014-05-05T10:57:12","date_gmt":"2014-05-05T08:57:12","guid":{"rendered":"http:\/\/www.escolaelsangels.cat\/?page_id=14"},"modified":"2025-10-20T12:58:52","modified_gmt":"2025-10-20T10:58:52","slug":"que-volem","status":"publish","type":"page","link":"https:\/\/agora.xtec.cat\/ceipmdangels\/que-volem\/","title":{"rendered":"FAM\u00cdLIES"},"content":{"rendered":"\n<p>En aquest apartar trobareu la informaci\u00f3 de l&#8217;escola referent a les fam\u00edlies i tamb\u00e9 la que proporciona l&#8217;AFA.<\/p>\n","protected":false},"excerpt":{"rendered":"<p>En aquest apartar trobareu la informaci\u00f3 de l&#8217;escola referent a les fam\u00edlies i tamb\u00e9 la que proporciona l&#8217;AFA.<\/p>\n","protected":false},"author":1,"featured_media":0,"parent":0,"menu_order":15,"comment_status":"closed","ping_status":"closed","template":"page-templates\/side-menu.php","meta":{"_bbp_topic_count":0,"_bbp_reply_count":0,"_bbp_total_topic_count":0,"_bbp_total_reply_count":0,"_bbp_voice_count":0,"_bbp_anonymous_reply_count":0,"_bbp_topic_count_hidden":0,"_bbp_reply_count_hidden":0,"_bbp_forum_subforum_count":0,"footnotes":""},"class_list":["post-14","page","type-page","status-publish","hentry"],"post_mailing_queue_ids":[],"_links":{"self":[{"href":"https:\/\/agora.xtec.cat\/ceipmdangels\/wp-json\/wp\/v2\/pages\/14","targetHints":{"allow":["GET"]}}],"collection":[{"href":"https:\/\/agora.xtec.cat\/ceipmdangels\/wp-json\/wp\/v2\/pages"}],"about":[{"href":"https:\/\/agora.xtec.cat\/ceipmdangels\/wp-json\/wp\/v2\/types\/page"}],"author":[{"embeddable":true,"href":"https:\/\/agora.xtec.cat\/ceipmdangels\/wp-json\/wp\/v2\/users\/1"}],"replies":[{"embeddable":true,"href":"https:\/\/agora.xtec.cat\/ceipmdangels\/wp-json\/wp\/v2\/comments?post=14"}],"version-history":[{"count":4,"href":"https:\/\/agora.xtec.cat\/ceipmdangels\/wp-json\/wp\/v2\/pages\/14\/revisions"}],"predecessor-version":[{"id":9729,"href":"https:\/\/agora.xtec.cat\/ceipmdangels\/wp-json\/wp\/v2\/pages\/14\/revisions\/9729"}],"wp:attachment":[{"href":"https:\/\/agora.xtec.cat\/ceipmdangels\/wp-json\/wp\/v2\/media?parent=14"}],"curies":[{"name":"wp","href":"https:\/\/api.w.org\/{rel}","templated":true}]}}