{"id":71,"date":"2014-09-18T12:44:56","date_gmt":"2014-09-18T11:44:56","guid":{"rendered":"http:\/\/agora.xtec.cat\/ceipmatildeordunya\/?page_id=71"},"modified":"2021-12-13T16:38:18","modified_gmt":"2021-12-13T15:38:18","slug":"serveis-digitals","status":"publish","type":"page","link":"https:\/\/agora.xtec.cat\/ceipmatildeordunya\/serveis\/serveis-digitals\/","title":{"rendered":"Dinantia"},"content":{"rendered":"<p>La comunicaci\u00f3 amb les fam\u00edlies es fa a trav\u00e9s de<em> l&#8217;APP <\/em><a href=\"https:\/\/www.dinantia.com\/ca\/\" target=\"_blank\" rel=\"noopener\"><em>DINANTIA<\/em><\/a>. A trav\u00e9s d&#8217;aquesta rebreu totes les circulars informatives i informacions dels tutors\/es i altres mestres al tel\u00e8fon m\u00f2bil. Els missatges poden contenir arxius adjunts, com fotografies o altres arxius que podreu compartir amb altres aplicacions (email, whatsapp&#8230;). Tamb\u00e9 trobareu informaci\u00f3 di\u00e0ria del men\u00fa escolar i les dades de contacte del centre. D&#8217;aquesta forma, podreu trobar f\u00e0cil i r\u00e0pidament tota la informaci\u00f3 rellevant al centre. <strong>\u00c9s important que la tingueu descarregada i feu un seguiment diari.<\/strong><\/p>\n<p>Us podeu descarregar l&#8217;aplicaci\u00f3 des del <a href=\"https:\/\/play.google.com\/store\/apps\/details?id=com.dinantia.dinantia&amp;hl=ca&amp;gl=US\" target=\"_blank\" rel=\"noopener\">Play Store.<\/a><\/p>\n<p>Des de l&#8217;escola se us registrar\u00e0 a Dinantia amb el correu electr\u00f2nic que doneu en el moment de matricular l&#8217;alumne\/a, autom\u00e0ticament us arribar\u00e0 un missatge al vostre correu electr\u00f2nic amb tota la informaci\u00f3 per descarregar-vos l&#8217;aplicaci\u00f3 i donar-vos d&#8217;alta.<\/p>\n<p>En cas que volgueu fer un canvi de correu electr\u00f2nic o afegir-ne cal que ho comuniqueu a secret\u00e0ria.<\/p>\n<p>La instal\u00b7laci\u00f3 \u00e9s molt senzilla, per\u00f2 us adjuntem informaci\u00f3 m\u00e9s abaix per si necessiteu ajuda.<br \/>\n<iframe loading=\"lazy\" src=\"https:\/\/drive.google.com\/file\/d\/1TQwYhOjRAffS_ivis5Szk7RP1PBtU6v8\/preview\" width=\"640\" height=\"480\"><\/iframe><\/p>\n","protected":false},"excerpt":{"rendered":"<p>La comunicaci\u00f3 amb les fam\u00edlies es fa a trav\u00e9s de l&#8217;APP DINANTIA. A trav\u00e9s d&#8217;aquesta rebreu totes les circulars informatives [&hellip;]<\/p>\n","protected":false},"author":1,"featured_media":0,"parent":66,"menu_order":10,"comment_status":"closed","ping_status":"closed","template":"page-templates\/side-menu.php","meta":{"_bbp_topic_count":0,"_bbp_reply_count":0,"_bbp_total_topic_count":0,"_bbp_total_reply_count":0,"_bbp_voice_count":0,"_bbp_anonymous_reply_count":0,"_bbp_topic_count_hidden":0,"_bbp_reply_count_hidden":0,"_bbp_forum_subforum_count":0,"site-sidebar-layout":"default","site-content-layout":"","ast-site-content-layout":"","site-content-style":"default","site-sidebar-style":"default","ast-global-header-display":"","ast-banner-title-visibility":"","ast-main-header-display":"","ast-hfb-above-header-display":"","ast-hfb-below-header-display":"","ast-hfb-mobile-header-display":"","site-post-title":"","ast-breadcrumbs-content":"","ast-featured-img":"","footer-sml-layout":"","theme-transparent-header-meta":"","adv-header-id-meta":"","stick-header-meta":"","header-above-stick-meta":"","header-main-stick-meta":"","header-below-stick-meta":"","astra-migrate-meta-layouts":"default","ast-page-background-enabled":"default","ast-page-background-meta":{"desktop":{"background-color":"var(--ast-global-color-4)","background-image":"","background-repeat":"repeat","background-position":"center center","background-size":"auto","background-attachment":"scroll","background-type":"","background-media":"","overlay-type":"","overlay-color":"","overlay-opacity":"","overlay-gradient":""},"tablet":{"background-color":"","background-image":"","background-repeat":"repeat","background-position":"center center","background-size":"auto","background-attachment":"scroll","background-type":"","background-media":"","overlay-type":"","overlay-color":"","overlay-opacity":"","overlay-gradient":""},"mobile":{"background-color":"","background-image":"","background-repeat":"repeat","background-position":"center center","background-size":"auto","background-attachment":"scroll","background-type":"","background-media":"","overlay-type":"","overlay-color":"","overlay-opacity":"","overlay-gradient":""}},"ast-content-background-meta":{"desktop":{"background-color":"var(--ast-global-color-5)","background-image":"","background-repeat":"repeat","background-position":"center center","background-size":"auto","background-attachment":"scroll","background-type":"","background-media":"","overlay-type":"","overlay-color":"","overlay-opacity":"","overlay-gradient":""},"tablet":{"background-color":"var(--ast-global-color-5)","background-image":"","background-repeat":"repeat","background-position":"center center","background-size":"auto","background-attachment":"scroll","background-type":"","background-media":"","overlay-type":"","overlay-color":"","overlay-opacity":"","overlay-gradient":""},"mobile":{"background-color":"var(--ast-global-color-5)","background-image":"","background-repeat":"repeat","background-position":"center center","background-size":"auto","background-attachment":"scroll","background-type":"","background-media":"","overlay-type":"","overlay-color":"","overlay-opacity":"","overlay-gradient":""}},"footnotes":""},"class_list":["post-71","page","type-page","status-publish","hentry"],"post_mailing_queue_ids":[],"_links":{"self":[{"href":"https:\/\/agora.xtec.cat\/ceipmatildeordunya\/wp-json\/wp\/v2\/pages\/71","targetHints":{"allow":["GET"]}}],"collection":[{"href":"https:\/\/agora.xtec.cat\/ceipmatildeordunya\/wp-json\/wp\/v2\/pages"}],"about":[{"href":"https:\/\/agora.xtec.cat\/ceipmatildeordunya\/wp-json\/wp\/v2\/types\/page"}],"author":[{"embeddable":true,"href":"https:\/\/agora.xtec.cat\/ceipmatildeordunya\/wp-json\/wp\/v2\/users\/1"}],"replies":[{"embeddable":true,"href":"https:\/\/agora.xtec.cat\/ceipmatildeordunya\/wp-json\/wp\/v2\/comments?post=71"}],"version-history":[{"count":2,"href":"https:\/\/agora.xtec.cat\/ceipmatildeordunya\/wp-json\/wp\/v2\/pages\/71\/revisions"}],"predecessor-version":[{"id":658,"href":"https:\/\/agora.xtec.cat\/ceipmatildeordunya\/wp-json\/wp\/v2\/pages\/71\/revisions\/658"}],"up":[{"embeddable":true,"href":"https:\/\/agora.xtec.cat\/ceipmatildeordunya\/wp-json\/wp\/v2\/pages\/66"}],"wp:attachment":[{"href":"https:\/\/agora.xtec.cat\/ceipmatildeordunya\/wp-json\/wp\/v2\/media?parent=71"}],"curies":[{"name":"wp","href":"https:\/\/api.w.org\/{rel}","templated":true}]}}