{"id":32,"date":"2014-09-18T12:31:33","date_gmt":"2014-09-18T11:31:33","guid":{"rendered":"http:\/\/agora.xtec.cat\/ceipmatildeordunya\/?page_id=32"},"modified":"2025-09-08T11:09:11","modified_gmt":"2025-09-08T09:09:11","slug":"calendari-del-curs","status":"publish","type":"page","link":"https:\/\/agora.xtec.cat\/ceipmatildeordunya\/lescola\/calendari-del-curs\/","title":{"rendered":"Calendari del curs 2025-2026"},"content":{"rendered":"\n<div class=\"wp-block-columns is-layout-flex wp-container-core-columns-is-layout-1 wp-block-columns-is-layout-flex\">\n<div class=\"wp-block-column is-layout-flow wp-block-column-is-layout-flow\" style=\"flex-basis:100%\">\n<figure class=\"wp-block-image size-large\"><a href=\"https:\/\/agora.xtec.cat\/ceipmatildeordunya\/wp-content\/uploads\/usu2651\/2025\/09\/calendari-25-26.jpg\"><img loading=\"lazy\" decoding=\"async\" width=\"1024\" height=\"615\" src=\"https:\/\/agora.xtec.cat\/ceipmatildeordunya\/wp-content\/uploads\/usu2651\/2025\/09\/calendari-25-26-1024x615.jpg\" alt=\"\" class=\"wp-image-1320\" srcset=\"https:\/\/agora.xtec.cat\/ceipmatildeordunya\/wp-content\/uploads\/usu2651\/2025\/09\/calendari-25-26-1024x615.jpg 1024w, https:\/\/agora.xtec.cat\/ceipmatildeordunya\/wp-content\/uploads\/usu2651\/2025\/09\/calendari-25-26-300x180.jpg 300w, https:\/\/agora.xtec.cat\/ceipmatildeordunya\/wp-content\/uploads\/usu2651\/2025\/09\/calendari-25-26-768x461.jpg 768w, https:\/\/agora.xtec.cat\/ceipmatildeordunya\/wp-content\/uploads\/usu2651\/2025\/09\/calendari-25-26.jpg 1247w\" sizes=\"auto, (max-width: 1024px) 100vw, 1024px\" \/><\/a><\/figure>\n\n\n\n<p><\/p>\n<\/div>\n<\/div>\n\n\n\n<p><strong>Inici de curs:<\/strong> 9 de setembre del 2024<\/p>\n\n\n\n<p><strong>Vacances:<\/strong><\/p>\n\n\n\n<ul class=\"wp-block-list\">\n<li><strong>Nadal:<\/strong> del 22 de desembre del 2025 al 7 de gener del 2026 (ambd\u00f3s inclosos).<\/li>\n\n\n\n<li><strong>Setmana Santa:<\/strong> del 30 de mar\u00e7 al 6 d&#8217;abril del 2026 (ambd\u00f3s inclosos).<\/li>\n\n\n\n<li><strong>Estiu:<\/strong> a partir del 22 de juny del 2026 (\u00faltim dia de curs 19 de juny del 2026).<\/li>\n<\/ul>\n\n\n\n<p><strong>Dies de lliure disposici\u00f3:<\/strong><\/p>\n\n\n\n<ul class=\"wp-block-list\">\n<li>31 d&#8217;octubre del 2025<\/li>\n\n\n\n<li>21 de novembre del 2025<\/li>\n\n\n\n<li>16 de febrer del 2026<\/li>\n\n\n\n<li>4 de maig del 2026<\/li>\n<\/ul>\n\n\n\n<p><strong>Jornada continuada:<\/strong> 19 de desembre del 2025 i del 8 al 19 de juny (ambd\u00f3s inclosos)<\/p>\n\n\n\n<p>L&#8217;<strong>horari lectiu<\/strong> del centre \u00e9s de 9 a 12:30 i de 15 a 16:30 per tot l&#8217;alumnat.<\/p>\n\n\n\n<p>El dia 19 de desembre del 2025 i a partir del 8 de juny del 2026 es realitza horari compactat de 9 a 13h. (L&#8217;alumnat que utilitza el servei de menjador sortir\u00e0 a les 15:30h).<\/p>\n\n\n\n<p>Per l&#8217;alumnat que inicien l&#8217;escolaritzaci\u00f3 a I3 s&#8217;organitza un breu per\u00edode d&#8217;adaptaci\u00f3 que suposa una certa modificaci\u00f3 dels horaris durant la primera setmana de classe, i que es fa saber a les fam\u00edlies en les reunions pr\u00e8vies.<\/p>\n","protected":false},"excerpt":{"rendered":"<p>Inici de curs: 9 de setembre del 2024 Vacances: Dies de lliure disposici\u00f3: Jornada continuada: 19 de desembre del 2025 [&hellip;]<\/p>\n","protected":false},"author":1,"featured_media":0,"parent":22,"menu_order":50,"comment_status":"closed","ping_status":"closed","template":"","meta":{"_bbp_topic_count":0,"_bbp_reply_count":0,"_bbp_total_topic_count":0,"_bbp_total_reply_count":0,"_bbp_voice_count":0,"_bbp_anonymous_reply_count":0,"_bbp_topic_count_hidden":0,"_bbp_reply_count_hidden":0,"_bbp_forum_subforum_count":0,"site-sidebar-layout":"default","site-content-layout":"","ast-site-content-layout":"default","site-content-style":"default","site-sidebar-style":"default","ast-global-header-display":"","ast-banner-title-visibility":"","ast-main-header-display":"","ast-hfb-above-header-display":"","ast-hfb-below-header-display":"","ast-hfb-mobile-header-display":"","site-post-title":"","ast-breadcrumbs-content":"","ast-featured-img":"","footer-sml-layout":"","theme-transparent-header-meta":"","adv-header-id-meta":"","stick-header-meta":"","header-above-stick-meta":"","header-main-stick-meta":"","header-below-stick-meta":"","astra-migrate-meta-layouts":"set","ast-page-background-enabled":"default","ast-page-background-meta":{"desktop":{"background-color":"var(--ast-global-color-4)","background-image":"","background-repeat":"repeat","background-position":"center center","background-size":"auto","background-attachment":"scroll","background-type":"","background-media":"","overlay-type":"","overlay-color":"","overlay-opacity":"","overlay-gradient":""},"tablet":{"background-color":"","background-image":"","background-repeat":"repeat","background-position":"center center","background-size":"auto","background-attachment":"scroll","background-type":"","background-media":"","overlay-type":"","overlay-color":"","overlay-opacity":"","overlay-gradient":""},"mobile":{"background-color":"","background-image":"","background-repeat":"repeat","background-position":"center center","background-size":"auto","background-attachment":"scroll","background-type":"","background-media":"","overlay-type":"","overlay-color":"","overlay-opacity":"","overlay-gradient":""}},"ast-content-background-meta":{"desktop":{"background-color":"var(--ast-global-color-5)","background-image":"","background-repeat":"repeat","background-position":"center center","background-size":"auto","background-attachment":"scroll","background-type":"","background-media":"","overlay-type":"","overlay-color":"","overlay-opacity":"","overlay-gradient":""},"tablet":{"background-color":"var(--ast-global-color-5)","background-image":"","background-repeat":"repeat","background-position":"center center","background-size":"auto","background-attachment":"scroll","background-type":"","background-media":"","overlay-type":"","overlay-color":"","overlay-opacity":"","overlay-gradient":""},"mobile":{"background-color":"var(--ast-global-color-5)","background-image":"","background-repeat":"repeat","background-position":"center center","background-size":"auto","background-attachment":"scroll","background-type":"","background-media":"","overlay-type":"","overlay-color":"","overlay-opacity":"","overlay-gradient":""}},"footnotes":""},"class_list":["post-32","page","type-page","status-publish","hentry"],"post_mailing_queue_ids":[],"_links":{"self":[{"href":"https:\/\/agora.xtec.cat\/ceipmatildeordunya\/wp-json\/wp\/v2\/pages\/32","targetHints":{"allow":["GET"]}}],"collection":[{"href":"https:\/\/agora.xtec.cat\/ceipmatildeordunya\/wp-json\/wp\/v2\/pages"}],"about":[{"href":"https:\/\/agora.xtec.cat\/ceipmatildeordunya\/wp-json\/wp\/v2\/types\/page"}],"author":[{"embeddable":true,"href":"https:\/\/agora.xtec.cat\/ceipmatildeordunya\/wp-json\/wp\/v2\/users\/1"}],"replies":[{"embeddable":true,"href":"https:\/\/agora.xtec.cat\/ceipmatildeordunya\/wp-json\/wp\/v2\/comments?post=32"}],"version-history":[{"count":5,"href":"https:\/\/agora.xtec.cat\/ceipmatildeordunya\/wp-json\/wp\/v2\/pages\/32\/revisions"}],"predecessor-version":[{"id":1322,"href":"https:\/\/agora.xtec.cat\/ceipmatildeordunya\/wp-json\/wp\/v2\/pages\/32\/revisions\/1322"}],"up":[{"embeddable":true,"href":"https:\/\/agora.xtec.cat\/ceipmatildeordunya\/wp-json\/wp\/v2\/pages\/22"}],"wp:attachment":[{"href":"https:\/\/agora.xtec.cat\/ceipmatildeordunya\/wp-json\/wp\/v2\/media?parent=32"}],"curies":[{"name":"wp","href":"https:\/\/api.w.org\/{rel}","templated":true}]}}

<div class="wp-block-columns is-layout-flex wp-container-core-columns-is-layout-1 wp-block-columns-is-layout-flex">
<div class="wp-block-column is-layout-flow wp-block-column-is-layout-flow" style="flex-basis:100%">
<figure class="wp-block-image size-large"><a href="https://agora.xtec.cat/ceipmatildeordunya/wp-content/uploads/usu2651/2025/09/calendari-25-26.jpg"><img loading="lazy" decoding="async" width="1024" height="615" src="https://agora.xtec.cat/ceipmatildeordunya/wp-content/uploads/usu2651/2025/09/calendari-25-26-1024x615.jpg" alt="" class="wp-image-1320" srcset="https://agora.xtec.cat/ceipmatildeordunya/wp-content/uploads/usu2651/2025/09/calendari-25-26-1024x615.jpg 1024w, https://agora.xtec.cat/ceipmatildeordunya/wp-content/uploads/usu2651/2025/09/calendari-25-26-300x180.jpg 300w, https://agora.xtec.cat/ceipmatildeordunya/wp-content/uploads/usu2651/2025/09/calendari-25-26-768x461.jpg 768w, https://agora.xtec.cat/ceipmatildeordunya/wp-content/uploads/usu2651/2025/09/calendari-25-26.jpg 1247w" sizes="auto, (max-width: 1024px) 100vw, 1024px" /></a></figure>



<p></p>
</div>
</div>



<p><strong>Inici de curs:</strong> 9 de setembre del 2024</p>



<p><strong>Vacances:</strong></p>



<ul class="wp-block-list">
<li><strong>Nadal:</strong> del 22 de desembre del 2025 al 7 de gener del 2026 (ambdós inclosos).</li>



<li><strong>Setmana Santa:</strong> del 30 de març al 6 d&#8217;abril del 2026 (ambdós inclosos).</li>



<li><strong>Estiu:</strong> a partir del 22 de juny del 2026 (últim dia de curs 19 de juny del 2026).</li>
</ul>



<p><strong>Dies de lliure disposició:</strong></p>



<ul class="wp-block-list">
<li>31 d&#8217;octubre del 2025</li>



<li>21 de novembre del 2025</li>



<li>16 de febrer del 2026</li>



<li>4 de maig del 2026</li>
</ul>



<p><strong>Jornada continuada:</strong> 19 de desembre del 2025 i del 8 al 19 de juny (ambdós inclosos)</p>



<p>L&#8217;<strong>horari lectiu</strong> del centre és de 9 a 12:30 i de 15 a 16:30 per tot l&#8217;alumnat.</p>



<p>El dia 19 de desembre del 2025 i a partir del 8 de juny del 2026 es realitza horari compactat de 9 a 13h. (L&#8217;alumnat que utilitza el servei de menjador sortirà a les 15:30h).</p>



<p>Per l&#8217;alumnat que inicien l&#8217;escolarització a I3 s&#8217;organitza un breu període d&#8217;adaptació que suposa una certa modificació dels horaris durant la primera setmana de classe, i que es fa saber a les famílies en les reunions prèvies.</p>

<p>Inici de curs: 9 de setembre del 2024 Vacances: Dies de lliure disposició: Jornada continuada: 19 de desembre del 2025 [&hellip;]</p>
