{"id":4159,"date":"2020-11-20T09:18:20","date_gmt":"2020-11-20T08:18:20","guid":{"rendered":"http:\/\/agora.xtec.cat\/ceipmasclara\/?page_id=4159"},"modified":"2026-02-02T13:15:29","modified_gmt":"2026-02-02T12:15:29","slug":"que-hi-trobarem-a-la-nostra-biblioteca","status":"publish","type":"page","link":"https:\/\/agora.xtec.cat\/ceipmasclara\/projectes\/biblioteca\/que-hi-trobarem-a-la-nostra-biblioteca\/","title":{"rendered":"Qu\u00e8 hi trobarem a la nostra biblioteca"},"content":{"rendered":"<p data-pm-slice=\"1 1 []\">-Una biblioteca amb dos espais diferenciats: rac\u00f3 relaxant per gaudir de la lectura i secci\u00f3 de taules on poder accedir a la informaci\u00f3.<br \/>\n-Un fons de llibres: poesia, narrativa, teatre, c\u00f2mics, llibres de coneixements, contes il\u00b7lustrats,&#8230;<br \/>\n-Servei de pr\u00e9stec.<\/p>\n<p data-pm-slice=\"1 1 []\">-Recursos per treballar centres d\u2019inter\u00e8s, projectes, treballs,&#8230;<br \/>\n-Activitats i concursos relacionats amb la lectura: Certamen en veu alta, Un munt de llibres, Visita d&#8217;escriptors, El Lecxit, Clubs de lectura&#8230;<\/p>\n<p data-pm-slice=\"1 1 []\">Els llibres que hi ha a la biblioteca estan identificats per colors:<\/p>\n<ul>\n<li data-pm-slice=\"1 1 []\"><span style=\"color: #ffff00;\"><strong>Groc<\/strong> <span style=\"color: #000000;\">els llibres d&#8217;<strong>Educaci\u00f3 infantil<\/strong><\/span><strong>\u00a0<\/strong><\/span><\/li>\n<li data-pm-slice=\"1 1 []\"><span style=\"color: #0000ff;\"><strong>Blau\u00a0<\/strong><\/span><span style=\"color: #000000;\">els llibres de\u00a0<strong>Cicle Inicial<\/strong><\/span><\/li>\n<li data-pm-slice=\"1 1 []\"><strong><span style=\"color: #00ff00;\">Verd\u00a0<\/span><\/strong><span style=\"color: #000000;\">els llibres de\u00a0<strong>Cicle Mitj\u00e0<\/strong><\/span><\/li>\n<li data-pm-slice=\"1 1 []\"><span style=\"color: #ff0000;\"><strong>Vermell<\/strong> <span style=\"color: #000000;\">els llibres de\u00a0<strong>Cicle Superior\u00a0<\/strong><\/span><\/span><\/li>\n<li data-pm-slice=\"1 1 []\"><strong><span style=\"color: #ff6600;\">Taronja\u00a0<\/span><\/strong><span style=\"color: #ff6600;\"><span style=\"color: #000000;\">els llibres escrits en\u00a0<strong>llengua anglesa<\/strong><\/span><\/span><\/li>\n<li data-pm-slice=\"1 1 []\"><strong><span style=\"color: #ff99cc;\">Rosa\u00a0<\/span><\/strong><span style=\"color: #000000;\">llibres de\u00a0<strong>Coneixements<\/strong><\/span><\/li>\n<li data-pm-slice=\"1 1 []\"><span style=\"color: #800080;\"><strong>Lila\u00a0<span style=\"color: #000000;\">contes il\u00b7lustrats<\/span><\/strong><\/span><\/li>\n<\/ul>\n<p data-pm-slice=\"1 1 []\">\n","protected":false},"excerpt":{"rendered":"<p>-Una biblioteca amb dos espais diferenciats: rac\u00f3 relaxant per gaudir de la lectura i secci\u00f3 de taules on poder accedir a la informaci\u00f3. -Un fons de llibres: poesia, narrativa, teatre, c\u00f2mics, llibres de coneixements, contes il\u00b7lustrats,&#8230; -Servei de pr\u00e9stec. -Recursos per treballar centres d\u2019inter\u00e8s, projectes, treballs,&#8230; -Activitats i concursos relacionats amb la lectura: Certamen en [&hellip;]<\/p>\n","protected":false},"author":12,"featured_media":0,"parent":3623,"menu_order":0,"comment_status":"closed","ping_status":"closed","template":"","meta":{"_bbp_topic_count":0,"_bbp_reply_count":0,"_bbp_total_topic_count":0,"_bbp_total_reply_count":0,"_bbp_voice_count":0,"_bbp_anonymous_reply_count":0,"_bbp_topic_count_hidden":0,"_bbp_reply_count_hidden":0,"_bbp_forum_subforum_count":0,"site-sidebar-layout":"default","site-content-layout":"","ast-site-content-layout":"","site-content-style":"default","site-sidebar-style":"default","ast-global-header-display":"","ast-banner-title-visibility":"","ast-main-header-display":"","ast-hfb-above-header-display":"","ast-hfb-below-header-display":"","ast-hfb-mobile-header-display":"","site-post-title":"","ast-breadcrumbs-content":"","ast-featured-img":"","footer-sml-layout":"","theme-transparent-header-meta":"","adv-header-id-meta":"","stick-header-meta":"","header-above-stick-meta":"","header-main-stick-meta":"","header-below-stick-meta":"","astra-migrate-meta-layouts":"default","ast-page-background-enabled":"default","ast-page-background-meta":{"desktop":{"background-color":"var(--ast-global-color-4)","background-image":"","background-repeat":"repeat","background-position":"center center","background-size":"auto","background-attachment":"scroll","background-type":"","background-media":"","overlay-type":"","overlay-color":"","overlay-opacity":"","overlay-gradient":""},"tablet":{"background-color":"","background-image":"","background-repeat":"repeat","background-position":"center center","background-size":"auto","background-attachment":"scroll","background-type":"","background-media":"","overlay-type":"","overlay-color":"","overlay-opacity":"","overlay-gradient":""},"mobile":{"background-color":"","background-image":"","background-repeat":"repeat","background-position":"center center","background-size":"auto","background-attachment":"scroll","background-type":"","background-media":"","overlay-type":"","overlay-color":"","overlay-opacity":"","overlay-gradient":""}},"ast-content-background-meta":{"desktop":{"background-color":"var(--ast-global-color-5)","background-image":"","background-repeat":"repeat","background-position":"center center","background-size":"auto","background-attachment":"scroll","background-type":"","background-media":"","overlay-type":"","overlay-color":"","overlay-opacity":"","overlay-gradient":""},"tablet":{"background-color":"var(--ast-global-color-5)","background-image":"","background-repeat":"repeat","background-position":"center center","background-size":"auto","background-attachment":"scroll","background-type":"","background-media":"","overlay-type":"","overlay-color":"","overlay-opacity":"","overlay-gradient":""},"mobile":{"background-color":"var(--ast-global-color-5)","background-image":"","background-repeat":"repeat","background-position":"center center","background-size":"auto","background-attachment":"scroll","background-type":"","background-media":"","overlay-type":"","overlay-color":"","overlay-opacity":"","overlay-gradient":""}},"footnotes":""},"class_list":["post-4159","page","type-page","status-publish","hentry"],"post_mailing_queue_ids":[],"_links":{"self":[{"href":"https:\/\/agora.xtec.cat\/ceipmasclara\/wp-json\/wp\/v2\/pages\/4159","targetHints":{"allow":["GET"]}}],"collection":[{"href":"https:\/\/agora.xtec.cat\/ceipmasclara\/wp-json\/wp\/v2\/pages"}],"about":[{"href":"https:\/\/agora.xtec.cat\/ceipmasclara\/wp-json\/wp\/v2\/types\/page"}],"author":[{"embeddable":true,"href":"https:\/\/agora.xtec.cat\/ceipmasclara\/wp-json\/wp\/v2\/users\/12"}],"replies":[{"embeddable":true,"href":"https:\/\/agora.xtec.cat\/ceipmasclara\/wp-json\/wp\/v2\/comments?post=4159"}],"version-history":[{"count":3,"href":"https:\/\/agora.xtec.cat\/ceipmasclara\/wp-json\/wp\/v2\/pages\/4159\/revisions"}],"predecessor-version":[{"id":4479,"href":"https:\/\/agora.xtec.cat\/ceipmasclara\/wp-json\/wp\/v2\/pages\/4159\/revisions\/4479"}],"up":[{"embeddable":true,"href":"https:\/\/agora.xtec.cat\/ceipmasclara\/wp-json\/wp\/v2\/pages\/3623"}],"wp:attachment":[{"href":"https:\/\/agora.xtec.cat\/ceipmasclara\/wp-json\/wp\/v2\/media?parent=4159"}],"curies":[{"name":"wp","href":"https:\/\/api.w.org\/{rel}","templated":true}]}}