{"id":73,"date":"2014-09-18T14:01:51","date_gmt":"2014-09-18T13:01:51","guid":{"rendered":"http:\/\/agora.xtec.cat\/ceipmaricel\/?page_id=73"},"modified":"2026-03-26T09:46:46","modified_gmt":"2026-03-26T08:46:46","slug":"menjador-escolar","status":"publish","type":"page","link":"https:\/\/agora.xtec.cat\/ceipmaricel\/serveis\/menjador-escolar\/","title":{"rendered":"Menjador escolar"},"content":{"rendered":"<p style=\"text-align: center;\"><a href=\"http:\/\/agora.xtec.cat\/ceipmaricel\/wp-content\/uploads\/usu1871\/2018\/07\/nutrichefsitos.gif\"><img loading=\"lazy\" decoding=\"async\" class=\"alignnone wp-image-788\" src=\"http:\/\/agora.xtec.cat\/ceipmaricel\/wp-content\/uploads\/usu1871\/2018\/07\/nutrichefsitos.gif\" alt=\"\" width=\"219\" height=\"183\" \/><\/a><\/p>\n<p>El Servei del menjador de la nostra escola compta amb servei de cuina pr\u00f2pia de la m\u00e0 de l&#8217;empresa <em><strong><a href=\"http:\/\/www.jocsitaula.com\/\">Jocs i Taula<\/a>\u00a0(cliqueu per a m\u00e9s informaci\u00f3).<\/strong><\/em><\/p>\n<p><strong>Directora de Menjador: <\/strong>Assumpta Coll<\/p>\n<p><strong>Ajudant de cuina<\/strong>: Maria Pamplona<\/p>\n<p><strong>Cuinera<\/strong>: Merche Verdejo<\/p>\n<p><strong>Coordinadora<\/strong>: Rosa Rubio<\/p>\n<ul style=\"list-style-type: disc;\">\n<li>HORARIS<br \/>\n<table>\n<tbody>\n<tr style=\"height: 68px;\">\n<td style=\"height: 68px;\" width=\"134\"><strong>De I3 a 3r<\/strong><\/td>\n<td style=\"height: 68px;\" width=\"335\">Dinar de 12:30 a 13:30h<\/p>\n<p>I3 (migdiada) de\u00a0 13:30 a 14:15h<\/td>\n<\/tr>\n<tr style=\"height: 71px;\">\n<td style=\"height: 71px;\" width=\"134\">&nbsp;<\/p>\n<p><strong>De\u00a0 4t a 6\u00e8<\/strong><\/td>\n<td style=\"height: 71px;\" width=\"335\">\u00a0Dinar de 13:30 a 14:25h<\/td>\n<\/tr>\n<\/tbody>\n<\/table>\n<p>Qualsevol modificaci\u00f3 permanent del men\u00fa per problemes de salut, aix\u00ed com qualsevol al\u00b7l\u00e8rgia caldr\u00e0 informar-ho per escrit a la coordinadora de menjador i adjuntar un document escrit.<\/p>\n<p>Cada dia de 9 a 10h \u00a0hi haur\u00e0 la coordinadora al menjador de l\u2019escola. Us podreu adre\u00e7ar a ella per tal de solucionar qualsevol dubte.<\/p>\n<p><strong>Per venir a buscar als infants en horari de menjador<em> caldr\u00e0 picar al timbre de<\/em><\/strong><em> <strong>la cuina<\/strong>.<\/em> Es prega que s\u2019avisi d\u2019aquest fet amb antelaci\u00f3.<\/p>\n<p>Si algun nen o nena fix\/a no ve algun dia, per tal que no cobrin el men\u00fa sencer, caldr\u00e0 trucar al tel\u00e8fon del menjador, <u>abans de les 10:30h <\/u>\u00a0i especificar expressament els dies que estar\u00e0 absent del menjador.<\/p>\n<table>\n<tbody>\n<tr>\n<td width=\"230\"><strong>Coordinaci\u00f3 Pedag\u00f2gica<\/strong><\/td>\n<td width=\"239\">AFA<\/p>\n<p>Directora de Menjador<\/td>\n<\/tr>\n<tr>\n<td width=\"230\"><strong>Gesti\u00f3<\/strong><\/td>\n<td width=\"239\">Coordinadora de Menjador<\/p>\n<p>Empresa JOCS I TAULA<\/td>\n<\/tr>\n<tr>\n<td width=\"230\"><strong>Tel\u00e8fon<\/strong><\/td>\n<td width=\"239\">648131029<\/td>\n<\/tr>\n<\/tbody>\n<\/table>\n<\/li>\n<\/ul>\n<p>Jocs i Taula garanteix una cuina amb aliments sempre frescos, de proximitat i ecol\u00f2gics que permeten mantenir intactes les seves propietats fins el moment de ser consumit.<\/p>\n<p>Tots els\u00a0 men\u00fas que s&#8217;elaboren s\u00f3n variats i casolans, revistats per una dietista col\u00b7legiada de l&#8217;equip de Jocs i Taula.<\/p>\n<p>Es treballa per adaptar els men\u00fas a les necessitats\u00a0 dels\u00a0 infants amb al\u00b7l\u00e8rgies, intoler\u00e0ncies, \u00a0o motius de religi\u00f3.<\/p>\n<p>Els diferents grups b\u00e0sics d\u2019aliments ben distribu\u00efts al llarg del dia, permetran seguir una alimentaci\u00f3 equilibrada, complerta i satisfact\u00f2ria proporcionant les vitamines i minerals necessaris.<\/p>\n<p><strong>SERVEI DE PICNIC<\/strong><\/p>\n<p>Els recordem que quan hi ha una sortida amb l\u2019escola de tot el dia, els nens\/es <strong>usuaris fixes<\/strong> <strong>del servei de menjador<\/strong>, disposen d\u2019una bossa de <strong>PICNIC<\/strong> que se\u2019ls hi entregar\u00e0 abans de marxar de l\u2019escola.<\/p>\n<p><strong>Si alguna fam\u00edlia no vol fer us d\u2019aquest servei ho ha de comunicar amb 48 hores d&#8217;antelaci\u00f3.<\/strong><\/p>\n<p>Tamb\u00e9 poden demanar <strong>PICNIC <\/strong>els alumnes espor\u00e0dics avisant igualment amb 48 hores d&#8217;antelaci\u00f3.<\/p>\n<p>La bossa de<strong> PICNIC<\/strong> porta:<\/p>\n<p>ENTREP\u00c0, FRUITA, I AIGUA.<\/p>\n<p>&nbsp;<\/p>\n<p><b>TARIFES MENJADOR CURS 2025\/2026<\/b><\/p>\n<p><b>-Preu fixe: 6,85\u20ac i preu espor\u00e0dic 7,40\u20ac (m\u00ednim 3 dies\/set)<\/b><\/p>\n<p><b>-Servei d\u2019esmorzar: pe\u00e7a de fruita 0,40\u20ac, entrep\u00e0 petit 1,50\u20ac i mitj\u00e0 2\u20ac.<\/b><\/p>\n<p><strong>AL.L\u00c8RGIES I INTOLER\u00c0NCIES<\/strong><\/p>\n<p><a href=\"https:\/\/agora.xtec.cat\/ceipmaricel\/wp-content\/uploads\/usu1871\/2025\/09\/AL\u00b7lEERGIES-CURS-2025-2026-2.pdf\">AL\u00b7L\u00c8RGIES CURS 2025-2026-<\/a><\/p>\n<p style=\"text-align: left;\"><strong>MEN\u00da ABRIL<\/strong><\/p>\n<p><a href=\"https:\/\/agora.xtec.cat\/ceipmaricel\/wp-content\/uploads\/usu1871\/2026\/03\/ABRIL-2026-4.pdf\">ABRIL 2026 <\/a><\/p>\n<p>&nbsp;<\/p>\n<p><strong>PROPOSTES DE SOPAR<\/strong><\/p>\n<p><a href=\"https:\/\/agora.xtec.cat\/ceipmaricel\/wp-content\/uploads\/usu1871\/2025\/09\/SOPARS-CURS-25-26.pdf\">SOPARS CURS 25-26<\/a><\/p>\n<p><strong>ACTIVITATS MES DE MAR\u00c7<\/strong><\/p>\n<p><img loading=\"lazy\" decoding=\"async\" class=\"alignnone size-large wp-image-2989\" src=\"https:\/\/agora.xtec.cat\/ceipmaricel\/wp-content\/uploads\/usu1871\/2026\/03\/ACTIVITATS-MARC-1R-I-2N-1024x576.png\" alt=\"\" width=\"1024\" height=\"576\" srcset=\"https:\/\/agora.xtec.cat\/ceipmaricel\/wp-content\/uploads\/usu1871\/2026\/03\/ACTIVITATS-MARC-1R-I-2N-1024x576.png 1024w, https:\/\/agora.xtec.cat\/ceipmaricel\/wp-content\/uploads\/usu1871\/2026\/03\/ACTIVITATS-MARC-1R-I-2N-300x169.png 300w, https:\/\/agora.xtec.cat\/ceipmaricel\/wp-content\/uploads\/usu1871\/2026\/03\/ACTIVITATS-MARC-1R-I-2N-768x432.png 768w, https:\/\/agora.xtec.cat\/ceipmaricel\/wp-content\/uploads\/usu1871\/2026\/03\/ACTIVITATS-MARC-1R-I-2N-1536x864.png 1536w, https:\/\/agora.xtec.cat\/ceipmaricel\/wp-content\/uploads\/usu1871\/2026\/03\/ACTIVITATS-MARC-1R-I-2N.png 1920w\" sizes=\"auto, (max-width: 1024px) 100vw, 1024px\" \/> <img loading=\"lazy\" decoding=\"async\" class=\"alignnone size-large wp-image-2990\" src=\"https:\/\/agora.xtec.cat\/ceipmaricel\/wp-content\/uploads\/usu1871\/2026\/03\/ACTIVITATS-MARC-3R-4T-5E-I-6E-1024x576.png\" alt=\"\" width=\"1024\" height=\"576\" srcset=\"https:\/\/agora.xtec.cat\/ceipmaricel\/wp-content\/uploads\/usu1871\/2026\/03\/ACTIVITATS-MARC-3R-4T-5E-I-6E-1024x576.png 1024w, https:\/\/agora.xtec.cat\/ceipmaricel\/wp-content\/uploads\/usu1871\/2026\/03\/ACTIVITATS-MARC-3R-4T-5E-I-6E-300x169.png 300w, https:\/\/agora.xtec.cat\/ceipmaricel\/wp-content\/uploads\/usu1871\/2026\/03\/ACTIVITATS-MARC-3R-4T-5E-I-6E-768x432.png 768w, https:\/\/agora.xtec.cat\/ceipmaricel\/wp-content\/uploads\/usu1871\/2026\/03\/ACTIVITATS-MARC-3R-4T-5E-I-6E-1536x864.png 1536w, https:\/\/agora.xtec.cat\/ceipmaricel\/wp-content\/uploads\/usu1871\/2026\/03\/ACTIVITATS-MARC-3R-4T-5E-I-6E.png 1920w\" sizes=\"auto, (max-width: 1024px) 100vw, 1024px\" \/> <img loading=\"lazy\" decoding=\"async\" class=\"alignnone size-large wp-image-2991\" src=\"https:\/\/agora.xtec.cat\/ceipmaricel\/wp-content\/uploads\/usu1871\/2026\/03\/ACTIVITATS-MARC-I4-I5-1024x576.png\" alt=\"\" width=\"1024\" height=\"576\" srcset=\"https:\/\/agora.xtec.cat\/ceipmaricel\/wp-content\/uploads\/usu1871\/2026\/03\/ACTIVITATS-MARC-I4-I5-1024x576.png 1024w, https:\/\/agora.xtec.cat\/ceipmaricel\/wp-content\/uploads\/usu1871\/2026\/03\/ACTIVITATS-MARC-I4-I5-300x169.png 300w, https:\/\/agora.xtec.cat\/ceipmaricel\/wp-content\/uploads\/usu1871\/2026\/03\/ACTIVITATS-MARC-I4-I5-768x432.png 768w, https:\/\/agora.xtec.cat\/ceipmaricel\/wp-content\/uploads\/usu1871\/2026\/03\/ACTIVITATS-MARC-I4-I5-1536x864.png 1536w, https:\/\/agora.xtec.cat\/ceipmaricel\/wp-content\/uploads\/usu1871\/2026\/03\/ACTIVITATS-MARC-I4-I5.png 1920w\" sizes=\"auto, (max-width: 1024px) 100vw, 1024px\" \/><\/p>\n<p>&nbsp;<\/p>\n<p>&nbsp;<\/p>\n<p>&nbsp;<\/p>\n<p>&nbsp;<\/p>\n<p>&nbsp;<\/p>\n<p>&nbsp;<\/p>\n<p>&nbsp;<\/p>\n<p>&nbsp;<\/p>\n<p>&nbsp;<\/p>\n<p>&nbsp;<\/p>\n<p>&nbsp;<\/p>\n<p>&nbsp;<\/p>\n<p>&nbsp;<\/p>\n<p>&nbsp;<\/p>\n<p>&nbsp;<\/p>\n<p>&nbsp;<\/p>\n<p>&nbsp;<\/p>\n<p>&nbsp;<\/p>\n<p>&nbsp;<\/p>\n<p>&nbsp;<\/p>\n<p>&nbsp;<\/p>\n<h3><\/h3>\n<p>&nbsp;<\/p>\n","protected":false},"excerpt":{"rendered":"<p><a href=\"http:\/\/agora.xtec.cat\/ceipmaricel\/wp-content\/uploads\/usu1871\/2018\/07\/nutrichefsitos.gif\"><\/a><br \/>\nEl Servei del menjador de la nostra escola compta amb servei de cuina pr\u00f2pia de la m\u00e0 de l&#8217;empresa <a href=\"http:\/\/www.jocsitaula.com\/\">Jocs i Taula<\/a>\u00a0(cliqueu per a m\u00e9s informaci\u00f3).<br \/>\nDirectora de Menjador: Assumpta Coll<br \/>\nAjudant de cuina: Maria Pamplona<br \/>\nCuinera: Merche Verdejo<br \/>\nCoordinadora: Rosa Rubio<\/p>\n<ul style=\"list-style-type: disc;\">\n<li>HORARIS\n<p>De I3 a 3r<br \/>\nDinar&hellip;  <a href=\"https:\/\/agora.xtec.cat\/ceipmaricel\/serveis\/menjador-escolar\/\" title=\"Read Menjador escolar\">Llegeix m\u00e9s\u00bb<\/a><\/p>\n","protected":false},"author":1,"featured_media":0,"parent":66,"menu_order":30,"comment_status":"closed","ping_status":"closed","template":"page-templates\/side-menu.php","meta":{"_bbp_topic_count":0,"_bbp_reply_count":0,"_bbp_total_topic_count":0,"_bbp_total_reply_count":0,"_bbp_voice_count":0,"_bbp_anonymous_reply_count":0,"_bbp_topic_count_hidden":0,"_bbp_reply_count_hidden":0,"_bbp_forum_subforum_count":0,"footnotes":""},"class_list":["post-73","page","type-page","status-publish","hentry"],"post_mailing_queue_ids":[],"_links":{"self":[{"href":"https:\/\/agora.xtec.cat\/ceipmaricel\/wp-json\/wp\/v2\/pages\/73","targetHints":{"allow":["GET"]}}],"collection":[{"href":"https:\/\/agora.xtec.cat\/ceipmaricel\/wp-json\/wp\/v2\/pages"}],"about":[{"href":"https:\/\/agora.xtec.cat\/ceipmaricel\/wp-json\/wp\/v2\/types\/page"}],"author":[{"embeddable":true,"href":"https:\/\/agora.xtec.cat\/ceipmaricel\/wp-json\/wp\/v2\/users\/1"}],"replies":[{"embeddable":true,"href":"https:\/\/agora.xtec.cat\/ceipmaricel\/wp-json\/wp\/v2\/comments?post=73"}],"version-history":[{"count":7,"href":"https:\/\/agora.xtec.cat\/ceipmaricel\/wp-json\/wp\/v2\/pages\/73\/revisions"}],"predecessor-version":[{"id":2997,"href":"https:\/\/agora.xtec.cat\/ceipmaricel\/wp-json\/wp\/v2\/pages\/73\/revisions\/2997"}],"up":[{"embeddable":true,"href":"https:\/\/agora.xtec.cat\/ceipmaricel\/wp-json\/wp\/v2\/pages\/66"}],"wp:attachment":[{"href":"https:\/\/agora.xtec.cat\/ceipmaricel\/wp-json\/wp\/v2\/media?parent=73"}],"curies":[{"name":"wp","href":"https:\/\/api.w.org\/{rel}","templated":true}]}}