{"id":648,"date":"2018-07-16T20:37:20","date_gmt":"2018-07-16T18:37:20","guid":{"rendered":"http:\/\/agora.xtec.cat\/ceipmaricel\/?page_id=648"},"modified":"2019-03-24T23:57:04","modified_gmt":"2019-03-24T22:57:04","slug":"aula-de-musica","status":"publish","type":"page","link":"https:\/\/agora.xtec.cat\/ceipmaricel\/aula-de-musica\/","title":{"rendered":"Aula De M\u00fasica"},"content":{"rendered":"<p style=\"text-align: center;\"><a href=\"http:\/\/agora.xtec.cat\/ceipmaricel\/wp-content\/uploads\/usu1871\/2018\/07\/PauCasals2017-300x225.jpg\"><img loading=\"lazy\" decoding=\"async\" class=\"alignnone size-full wp-image-650\" src=\"http:\/\/agora.xtec.cat\/ceipmaricel\/wp-content\/uploads\/usu1871\/2018\/07\/PauCasals2017-300x225.jpg\" alt=\"\" width=\"300\" height=\"225\" srcset=\"https:\/\/agora.xtec.cat\/ceipmaricel\/wp-content\/uploads\/usu1871\/2018\/07\/PauCasals2017-300x225.jpg 300w, https:\/\/agora.xtec.cat\/ceipmaricel\/wp-content\/uploads\/usu1871\/2018\/07\/PauCasals2017-300x225-200x150.jpg 200w\" sizes=\"auto, (max-width: 300px) 100vw, 300px\" \/><\/a><\/p>\n<p style=\"text-align: center;\">A la casa de Pau Casals<\/p>\n<p><a href=\"http:\/\/agora.xtec.cat\/ceipmaricel\/aula-de-musica\/attachment\/sardacubelles2019-web\/\" rel=\"attachment wp-att-1237\"><img loading=\"lazy\" decoding=\"async\" class=\"wp-image-1237 aligncenter\" src=\"https:\/\/agora.xtec.cat\/ceipmaricel\/wp-content\/uploads\/usu1871\/2019\/03\/SardaCUBELLES2019-web-654x1024.jpg\" alt=\"\" width=\"546\" height=\"855\" srcset=\"https:\/\/agora.xtec.cat\/ceipmaricel\/wp-content\/uploads\/usu1871\/2019\/03\/SardaCUBELLES2019-web-654x1024.jpg 654w, https:\/\/agora.xtec.cat\/ceipmaricel\/wp-content\/uploads\/usu1871\/2019\/03\/SardaCUBELLES2019-web-192x300.jpg 192w, https:\/\/agora.xtec.cat\/ceipmaricel\/wp-content\/uploads\/usu1871\/2019\/03\/SardaCUBELLES2019-web-768x1203.jpg 768w, https:\/\/agora.xtec.cat\/ceipmaricel\/wp-content\/uploads\/usu1871\/2019\/03\/SardaCUBELLES2019-web.jpg 1900w\" sizes=\"auto, (max-width: 546px) 100vw, 546px\" \/><\/a><\/p>\n<p style=\"text-align: center;\">Aquests s\u00f3n alguns dels Projectes que des de l&#8217;\u00e0rea de M\u00fasica aquest curs 18-19 es realitzen al nostre centre:<\/p>\n<p><a href=\"http:\/\/agora.xtec.cat\/ceipmaricel\/aula-de-musica\/attachment\/cd-de-la-marato\/\" rel=\"attachment wp-att-1239\"><img loading=\"lazy\" decoding=\"async\" class=\"wp-image-1239 aligncenter\" src=\"https:\/\/agora.xtec.cat\/ceipmaricel\/wp-content\/uploads\/usu1871\/2019\/03\/CD-de-la-MARAT\u00d3-1024x882.jpg\" alt=\"\" width=\"365\" height=\"314\" srcset=\"https:\/\/agora.xtec.cat\/ceipmaricel\/wp-content\/uploads\/usu1871\/2019\/03\/CD-de-la-MARAT\u00d3-1024x882.jpg 1024w, https:\/\/agora.xtec.cat\/ceipmaricel\/wp-content\/uploads\/usu1871\/2019\/03\/CD-de-la-MARAT\u00d3-300x258.jpg 300w, https:\/\/agora.xtec.cat\/ceipmaricel\/wp-content\/uploads\/usu1871\/2019\/03\/CD-de-la-MARAT\u00d3-768x661.jpg 768w, https:\/\/agora.xtec.cat\/ceipmaricel\/wp-content\/uploads\/usu1871\/2019\/03\/CD-de-la-MARAT\u00d3.jpg 1701w\" sizes=\"auto, (max-width: 365px) 100vw, 365px\" \/><\/a><a href=\"http:\/\/agora.xtec.cat\/ceipmaricel\/aula-de-musica\/attachment\/dansaara\/\" rel=\"attachment wp-att-1240\"><img loading=\"lazy\" decoding=\"async\" class=\"wp-image-1240 aligncenter\" src=\"https:\/\/agora.xtec.cat\/ceipmaricel\/wp-content\/uploads\/usu1871\/2019\/03\/DansaARA-1024x899.jpg\" alt=\"\" width=\"373\" height=\"329\" srcset=\"https:\/\/agora.xtec.cat\/ceipmaricel\/wp-content\/uploads\/usu1871\/2019\/03\/DansaARA-300x264.jpg 300w, https:\/\/agora.xtec.cat\/ceipmaricel\/wp-content\/uploads\/usu1871\/2019\/03\/DansaARA-768x675.jpg 768w\" sizes=\"auto, (max-width: 373px) 100vw, 373px\" \/><\/a> <a href=\"http:\/\/agora.xtec.cat\/ceipmaricel\/aula-de-musica\/attachment\/elmusical\/\" rel=\"attachment wp-att-1241\"><img loading=\"lazy\" decoding=\"async\" class=\"wp-image-1241 aligncenter\" src=\"https:\/\/agora.xtec.cat\/ceipmaricel\/wp-content\/uploads\/usu1871\/2019\/03\/ElMusical-619x1024.jpg\" alt=\"\" width=\"363\" height=\"599\" \/><\/a> <a href=\"http:\/\/agora.xtec.cat\/ceipmaricel\/aula-de-musica\/attachment\/cantania\/\" rel=\"attachment wp-att-1242\"><img loading=\"lazy\" decoding=\"async\" class=\"wp-image-1242 aligncenter\" src=\"https:\/\/agora.xtec.cat\/ceipmaricel\/wp-content\/uploads\/usu1871\/2019\/03\/Cant\u00e0nia-680x1024.jpg\" alt=\"\" width=\"398\" height=\"598\" srcset=\"https:\/\/agora.xtec.cat\/ceipmaricel\/wp-content\/uploads\/usu1871\/2019\/03\/Cant\u00e0nia-680x1024.jpg 680w, https:\/\/agora.xtec.cat\/ceipmaricel\/wp-content\/uploads\/usu1871\/2019\/03\/Cant\u00e0nia-199x300.jpg 199w\" sizes=\"auto, (max-width: 398px) 100vw, 398px\" \/><\/a><\/p>\n<p>&nbsp;<\/p>\n<p>&nbsp;<\/p>\n<p>&nbsp;<\/p>\n","protected":false},"excerpt":{"rendered":"<p><a href=\"http:\/\/agora.xtec.cat\/ceipmaricel\/wp-content\/uploads\/usu1871\/2018\/07\/PauCasals2017-300x225.jpg\"><\/a><br \/>\nA la casa de Pau Casals<br \/>\n<a href=\"http:\/\/agora.xtec.cat\/ceipmaricel\/aula-de-musica\/attachment\/sardacubelles2019-web\/\" rel=\"attachment wp-att-1237\"><\/a><br \/>\nAquests s\u00f3n alguns dels Projectes que des de l&#8217;\u00e0rea de M\u00fasica aquest curs 18-19 es realitzen al nostre centre:<br \/>\n<a href=\"http:\/\/agora.xtec.cat\/ceipmaricel\/aula-de-musica\/attachment\/cd-de-la-marato\/\" rel=\"attachment wp-att-1239\"><\/a><a href=\"http:\/\/agora.xtec.cat\/ceipmaricel\/aula-de-musica\/attachment\/dansaara\/\" rel=\"attachment wp-att-1240\"><\/a> <a href=\"http:\/\/agora.xtec.cat\/ceipmaricel\/aula-de-musica\/attachment\/elmusical\/\" rel=\"attachment wp-att-1241\"><\/a> <a href=\"http:\/\/agora.xtec.cat\/ceipmaricel\/aula-de-musica\/attachment\/cantania\/\" rel=\"attachment wp-att-1242\"><\/a><br \/>\n&nbsp;<br \/>\n&nbsp;<br \/>\n&nbsp;<\/p>\n","protected":false},"author":1,"featured_media":0,"parent":0,"menu_order":0,"comment_status":"closed","ping_status":"closed","template":"","meta":{"_bbp_topic_count":0,"_bbp_reply_count":0,"_bbp_total_topic_count":0,"_bbp_total_reply_count":0,"_bbp_voice_count":0,"_bbp_anonymous_reply_count":0,"_bbp_topic_count_hidden":0,"_bbp_reply_count_hidden":0,"_bbp_forum_subforum_count":0,"footnotes":""},"class_list":["post-648","page","type-page","status-publish","hentry"],"post_mailing_queue_ids":[],"_links":{"self":[{"href":"https:\/\/agora.xtec.cat\/ceipmaricel\/wp-json\/wp\/v2\/pages\/648","targetHints":{"allow":["GET"]}}],"collection":[{"href":"https:\/\/agora.xtec.cat\/ceipmaricel\/wp-json\/wp\/v2\/pages"}],"about":[{"href":"https:\/\/agora.xtec.cat\/ceipmaricel\/wp-json\/wp\/v2\/types\/page"}],"author":[{"embeddable":true,"href":"https:\/\/agora.xtec.cat\/ceipmaricel\/wp-json\/wp\/v2\/users\/1"}],"replies":[{"embeddable":true,"href":"https:\/\/agora.xtec.cat\/ceipmaricel\/wp-json\/wp\/v2\/comments?post=648"}],"version-history":[{"count":3,"href":"https:\/\/agora.xtec.cat\/ceipmaricel\/wp-json\/wp\/v2\/pages\/648\/revisions"}],"predecessor-version":[{"id":1243,"href":"https:\/\/agora.xtec.cat\/ceipmaricel\/wp-json\/wp\/v2\/pages\/648\/revisions\/1243"}],"wp:attachment":[{"href":"https:\/\/agora.xtec.cat\/ceipmaricel\/wp-json\/wp\/v2\/media?parent=648"}],"curies":[{"name":"wp","href":"https:\/\/api.w.org\/{rel}","templated":true}]}}