{"id":84,"date":"2014-09-18T14:11:31","date_gmt":"2014-09-18T14:11:31","guid":{"rendered":"http:\/\/agora.xtec.cat\/ceipmarianao\/?page_id=84"},"modified":"2025-10-09T13:25:05","modified_gmt":"2025-10-09T11:25:05","slug":"activitats-extraescolars","status":"publish","type":"page","link":"https:\/\/agora.xtec.cat\/ceipmarianao\/serveis\/activitats-extraescolars\/","title":{"rendered":"Activitats extraescolars"},"content":{"rendered":"<p style=\"text-align: justify;\"><span style=\"font-weight: 400;\">Les activitats extraescolars s\u00f3n les que es fan a l\u2019escola fora d\u2019horari lectiu. \u00a0Aquestes activitats s\u00f3n organitzades per l\u2019AFA i han de ser aprovades pel Consell Escolar. S\u00f3n ofertades al setembre, pr\u00e8via proposta de les fam\u00edlies, i comencen a l\u2019octubre.<\/span><\/p>\n<p style=\"text-align: justify;\"><span style=\"font-weight: 400;\">Per a poder dur-les a terme l\u2019AFA disposa de les instal\u00b7lacions de l\u2019escola. La sol\u00b7licitud dels espais la fa a l\u2019Ajuntament, previ vist-i-plau de la direcci\u00f3 del centre.<\/span><\/p>\n<p style=\"text-align: left;\"><b><span style=\"color: #000000;\">ACTIVITATS EXTRAESCOLARS CURS 2025-2026<\/span><br \/>\n<\/b><\/p>\n<table style=\"height: 351px; width: 55.1564%;\">\n<tbody>\n<tr style=\"height: 58px;\">\n<td style=\"height: 58px; width: 19.3421%; text-align: center;\"><strong>DILLUNS\u00a0<\/strong><\/td>\n<td style=\"text-align: center; height: 58px; width: 18.8158%;\"><strong>\u00a0DIMARTS<\/strong><\/td>\n<td style=\"text-align: center; height: 58px; width: 20.2632%;\"><strong>DIMECRES<\/strong><\/td>\n<td style=\"text-align: center; height: 58px; width: 18.0263%;\"><strong>\u00a0DIJOUS<\/strong><\/td>\n<td style=\"text-align: center; height: 58px; width: 21.8421%;\"><strong>\u00a0DIVENDRES<\/strong><\/td>\n<\/tr>\n<tr style=\"height: 30px;\">\n<td style=\"text-align: center; width: 19.3421%;\">\n<p align=\"center\">\n<\/td>\n<td style=\"text-align: center; width: 18.8158%;\">\n<p align=\"center\">\n<\/td>\n<td style=\"text-align: center; width: 20.2632%;\">\n<p align=\"center\">\n<\/td>\n<td style=\"text-align: center; width: 18.0263%;\"><\/td>\n<td style=\"text-align: center; width: 21.8421%;\">\n<p align=\"center\">Piscina (Infantil i Prim\u00e0ria)<\/p>\n<p align=\"center\">17:15h a 18:00h<\/p>\n<\/td>\n<\/tr>\n<\/tbody>\n<\/table>\n<p style=\"text-align: justify;\">\n","protected":false},"excerpt":{"rendered":"<p>Les activitats extraescolars s\u00f3n les que es fan a l\u2019escola fora d\u2019horari lectiu. \u00a0Aquestes activitats s\u00f3n organitzades per l\u2019AFA i han de ser aprovades pel Consell Escolar. S\u00f3n ofertades al setembre, pr\u00e8via proposta de les fam\u00edlies, i comencen a l\u2019octubre.<br \/>\nPer a poder dur-les a terme&hellip;  <a href=\"https:\/\/agora.xtec.cat\/ceipmarianao\/serveis\/activitats-extraescolars\/\" title=\"Read Activitats extraescolars\">Llegeix m\u00e9s\u00bb<\/a><\/p>\n","protected":false},"author":2,"featured_media":0,"parent":66,"menu_order":60,"comment_status":"closed","ping_status":"closed","template":"page-templates\/side-menu.php","meta":{"_bbp_topic_count":0,"_bbp_reply_count":0,"_bbp_total_topic_count":0,"_bbp_total_reply_count":0,"_bbp_voice_count":0,"_bbp_anonymous_reply_count":0,"_bbp_topic_count_hidden":0,"_bbp_reply_count_hidden":0,"_bbp_forum_subforum_count":0,"footnotes":""},"class_list":["post-84","page","type-page","status-publish","hentry"],"post_mailing_queue_ids":[],"_links":{"self":[{"href":"https:\/\/agora.xtec.cat\/ceipmarianao\/wp-json\/wp\/v2\/pages\/84","targetHints":{"allow":["GET"]}}],"collection":[{"href":"https:\/\/agora.xtec.cat\/ceipmarianao\/wp-json\/wp\/v2\/pages"}],"about":[{"href":"https:\/\/agora.xtec.cat\/ceipmarianao\/wp-json\/wp\/v2\/types\/page"}],"author":[{"embeddable":true,"href":"https:\/\/agora.xtec.cat\/ceipmarianao\/wp-json\/wp\/v2\/users\/2"}],"replies":[{"embeddable":true,"href":"https:\/\/agora.xtec.cat\/ceipmarianao\/wp-json\/wp\/v2\/comments?post=84"}],"version-history":[{"count":8,"href":"https:\/\/agora.xtec.cat\/ceipmarianao\/wp-json\/wp\/v2\/pages\/84\/revisions"}],"predecessor-version":[{"id":5463,"href":"https:\/\/agora.xtec.cat\/ceipmarianao\/wp-json\/wp\/v2\/pages\/84\/revisions\/5463"}],"up":[{"embeddable":true,"href":"https:\/\/agora.xtec.cat\/ceipmarianao\/wp-json\/wp\/v2\/pages\/66"}],"wp:attachment":[{"href":"https:\/\/agora.xtec.cat\/ceipmarianao\/wp-json\/wp\/v2\/media?parent=84"}],"curies":[{"name":"wp","href":"https:\/\/api.w.org\/{rel}","templated":true}]}}

<p style="text-align: justify;"><span style="font-weight: 400;">Les activitats extraescolars són les que es fan a l’escola fora d’horari lectiu.  Aquestes activitats són organitzades per l’AFA i han de ser aprovades pel Consell Escolar. Són ofertades al setembre, prèvia proposta de les famílies, i comencen a l’octubre.</span></p>
<p style="text-align: justify;"><span style="font-weight: 400;">Per a poder dur-les a terme l’AFA disposa de les instal·lacions de l’escola. La sol·licitud dels espais la fa a l’Ajuntament, previ vist-i-plau de la direcció del centre.</span></p>
<p style="text-align: left;"><b><span style="color: #000000;">ACTIVITATS EXTRAESCOLARS CURS 2025-2026</span><br />
</b></p>
<table style="height: 351px; width: 55.1564%;">
<tbody>
<tr style="height: 58px;">
<td style="height: 58px; width: 19.3421%; text-align: center;"><strong>DILLUNS </strong></td>
<td style="text-align: center; height: 58px; width: 18.8158%;"><strong> DIMARTS</strong></td>
<td style="text-align: center; height: 58px; width: 20.2632%;"><strong>DIMECRES</strong></td>
<td style="text-align: center; height: 58px; width: 18.0263%;"><strong> DIJOUS</strong></td>
<td style="text-align: center; height: 58px; width: 21.8421%;"><strong> DIVENDRES</strong></td>
</tr>
<tr style="height: 30px;">
<td style="text-align: center; width: 19.3421%;">
<p align="center">
</td>
<td style="text-align: center; width: 18.8158%;">
<p align="center">
</td>
<td style="text-align: center; width: 20.2632%;">
<p align="center">
</td>
<td style="text-align: center; width: 18.0263%;"></td>
<td style="text-align: center; width: 21.8421%;">
<p align="center">Piscina (Infantil i Primària)</p>
<p align="center">17:15h a 18:00h</p>
</td>
</tr>
</tbody>
</table>
<p style="text-align: justify;">

<p>Les activitats extraescolars són les que es fan a l’escola fora d’horari lectiu.  Aquestes activitats són organitzades per l’AFA i han de ser aprovades pel Consell Escolar. Són ofertades al setembre, prèvia proposta de les famílies, i comencen a l’octubre.<br />
Per a poder dur-les a terme&hellip;  <a href="https://agora.xtec.cat/ceipmarianao/serveis/activitats-extraescolars/" title="Read Activitats extraescolars">Llegeix més»</a></p>
