{"id":77,"date":"2014-09-18T14:05:08","date_gmt":"2014-09-18T14:05:08","guid":{"rendered":"http:\/\/agora.xtec.cat\/ceipmarianao\/?page_id=77"},"modified":"2026-02-26T22:45:16","modified_gmt":"2026-02-26T21:45:16","slug":"acollida","status":"publish","type":"page","link":"https:\/\/agora.xtec.cat\/ceipmarianao\/serveis\/acollida\/","title":{"rendered":"Acollida"},"content":{"rendered":"<p style=\"text-align: justify;\"><span style=\"font-weight: 400;\">L\u2019AFA \u00e9s l\u2019encarregada de contractar l\u2019empresa que realitza el servei d\u2019acollida matinal, de migdia o de tarda, actualment <\/span><a href=\"https:\/\/www.controlplaysports.com\/\"><i><span style=\"font-weight: 400;\">Control Play Sports<\/span><\/i><\/a><span style=\"font-weight: 400;\">. En funci\u00f3 del n\u00famero de fam\u00edlies interessades que els seus fills i filles gaudeixin d\u2019aquest servei es podran oferir o no els diferents tipus d\u2019acollida (m\u00ednim 10 infants).<\/span><\/p>\n<p style=\"text-align: justify;\"><span style=\"font-weight: 400;\">Ara per ara s\u2019ofereix l\u2019acollida matinal de 7:30h a 9:00h i de tarda de 16:30h a 17:30h, tot i que es fa de 8:00h a 9:00h (demanda). Hi ha l\u2019opci\u00f3 de ser-ne usu\u00e0ria fixa (3, 4 o 5 dies a la setmana) o espor\u00e0dica. Les fam\u00edlies fixes fan el pagament a trav\u00e9s de domiciliaci\u00f3 banc\u00e0ria. Les fam\u00edlies espor\u00e0diques paguen en efectiu, mitjan\u00e7ant tiquets. El preu de l\u2019acollida matinal per als usuaris fixes \u00e9s de 39\u20ac mensuals l\u2019hora i de 22,50\u20ac mensuals la mitja hora. Per als usuaris espor\u00e0dics el preu \u00e9s de 3,50\u20ac diaris l\u2019hora i de 2,50\u20ac diaris la mitja hora.<\/span><\/p>\n<p style=\"text-align: center;\"><a href=\"https:\/\/agora.xtec.cat\/ceipmarianao\/wp-content\/uploads\/usu17\/2022\/02\/IMG-20220211-WA0008.jpg\">\u00a0<\/a><a href=\"https:\/\/agora.xtec.cat\/ceipmarianao\/wp-content\/uploads\/usu17\/2023\/02\/1675458246922.jpg\">\u00a0\u00a0<\/a>\u00a0<a href=\"https:\/\/agora.xtec.cat\/ceipmarianao\/wp-content\/uploads\/usu17\/2023\/02\/1675458246950.jpg\"><img loading=\"lazy\" decoding=\"async\" class=\"alignnone wp-image-4529\" src=\"https:\/\/agora.xtec.cat\/ceipmarianao\/wp-content\/uploads\/usu17\/2023\/02\/1675458246950-576x1024.jpg\" alt=\"\" width=\"114\" height=\"202\" srcset=\"https:\/\/agora.xtec.cat\/ceipmarianao\/wp-content\/uploads\/usu17\/2023\/02\/1675458246950-576x1024.jpg 576w, https:\/\/agora.xtec.cat\/ceipmarianao\/wp-content\/uploads\/usu17\/2023\/02\/1675458246950-169x300.jpg 169w, https:\/\/agora.xtec.cat\/ceipmarianao\/wp-content\/uploads\/usu17\/2023\/02\/1675458246950-768x1365.jpg 768w, https:\/\/agora.xtec.cat\/ceipmarianao\/wp-content\/uploads\/usu17\/2023\/02\/1675458246950-864x1536.jpg 864w, https:\/\/agora.xtec.cat\/ceipmarianao\/wp-content\/uploads\/usu17\/2023\/02\/1675458246950.jpg 900w\" sizes=\"auto, (max-width: 114px) 100vw, 114px\" \/> \u00a0 <\/a><a href=\"https:\/\/agora.xtec.cat\/ceipmarianao\/wp-content\/uploads\/usu17\/2023\/02\/1675458246967.jpg\"><img loading=\"lazy\" decoding=\"async\" class=\"alignnone wp-image-4530\" src=\"https:\/\/agora.xtec.cat\/ceipmarianao\/wp-content\/uploads\/usu17\/2023\/02\/1675458246967-834x1024.jpg\" alt=\"\" width=\"166\" height=\"204\" srcset=\"https:\/\/agora.xtec.cat\/ceipmarianao\/wp-content\/uploads\/usu17\/2023\/02\/1675458246967-834x1024.jpg 834w, https:\/\/agora.xtec.cat\/ceipmarianao\/wp-content\/uploads\/usu17\/2023\/02\/1675458246967-244x300.jpg 244w, https:\/\/agora.xtec.cat\/ceipmarianao\/wp-content\/uploads\/usu17\/2023\/02\/1675458246967-768x943.jpg 768w, https:\/\/agora.xtec.cat\/ceipmarianao\/wp-content\/uploads\/usu17\/2023\/02\/1675458246967-1251x1536.jpg 1251w, https:\/\/agora.xtec.cat\/ceipmarianao\/wp-content\/uploads\/usu17\/2023\/02\/1675458246967.jpg 1303w\" sizes=\"auto, (max-width: 166px) 100vw, 166px\" \/>\u00a0\u00a0 <\/a><a href=\"https:\/\/agora.xtec.cat\/ceipmarianao\/wp-content\/uploads\/usu17\/2023\/02\/1675458246983.jpg\"><img loading=\"lazy\" decoding=\"async\" class=\"alignnone wp-image-4531\" src=\"https:\/\/agora.xtec.cat\/ceipmarianao\/wp-content\/uploads\/usu17\/2023\/02\/1675458246983-1024x758.jpg\" alt=\"\" width=\"272\" height=\"201\" srcset=\"https:\/\/agora.xtec.cat\/ceipmarianao\/wp-content\/uploads\/usu17\/2023\/02\/1675458246983-1024x758.jpg 1024w, https:\/\/agora.xtec.cat\/ceipmarianao\/wp-content\/uploads\/usu17\/2023\/02\/1675458246983-300x222.jpg 300w, https:\/\/agora.xtec.cat\/ceipmarianao\/wp-content\/uploads\/usu17\/2023\/02\/1675458246983-768x568.jpg 768w, https:\/\/agora.xtec.cat\/ceipmarianao\/wp-content\/uploads\/usu17\/2023\/02\/1675458246983-1536x1137.jpg 1536w, https:\/\/agora.xtec.cat\/ceipmarianao\/wp-content\/uploads\/usu17\/2023\/02\/1675458246983.jpg 1600w\" sizes=\"auto, (max-width: 272px) 100vw, 272px\" \/>\u00a0\u00a0<\/a><\/p>\n<p style=\"text-align: center;\"><a href=\"https:\/\/agora.xtec.cat\/ceipmarianao\/wp-content\/uploads\/usu17\/2023\/02\/1675458247000.jpg\"><img loading=\"lazy\" decoding=\"async\" class=\"alignnone wp-image-4532\" src=\"https:\/\/agora.xtec.cat\/ceipmarianao\/wp-content\/uploads\/usu17\/2023\/02\/1675458247000-1024x936.jpg\" alt=\"\" width=\"222\" height=\"203\" srcset=\"https:\/\/agora.xtec.cat\/ceipmarianao\/wp-content\/uploads\/usu17\/2023\/02\/1675458247000-1024x936.jpg 1024w, https:\/\/agora.xtec.cat\/ceipmarianao\/wp-content\/uploads\/usu17\/2023\/02\/1675458247000-300x274.jpg 300w, https:\/\/agora.xtec.cat\/ceipmarianao\/wp-content\/uploads\/usu17\/2023\/02\/1675458247000-768x702.jpg 768w, https:\/\/agora.xtec.cat\/ceipmarianao\/wp-content\/uploads\/usu17\/2023\/02\/1675458247000-1536x1404.jpg 1536w, https:\/\/agora.xtec.cat\/ceipmarianao\/wp-content\/uploads\/usu17\/2023\/02\/1675458247000.jpg 1600w\" sizes=\"auto, (max-width: 222px) 100vw, 222px\" \/><\/a><\/p>\n","protected":false},"excerpt":{"rendered":"<p>L\u2019AFA \u00e9s l\u2019encarregada de contractar l\u2019empresa que realitza el servei d\u2019acollida matinal, de migdia o de tarda, actualment <a href=\"https:\/\/www.controlplaysports.com\/\">Control Play Sports<\/a>. En funci\u00f3 del n\u00famero de fam\u00edlies interessades que els seus fills i filles gaudeixin d\u2019aquest servei es podran oferir o no els diferents&hellip;  <a href=\"https:\/\/agora.xtec.cat\/ceipmarianao\/serveis\/acollida\/\" title=\"Read Acollida\">Llegeix m\u00e9s\u00bb<\/a><\/p>\n","protected":false},"author":2,"featured_media":0,"parent":66,"menu_order":20,"comment_status":"closed","ping_status":"closed","template":"page-templates\/side-menu.php","meta":{"_bbp_topic_count":0,"_bbp_reply_count":0,"_bbp_total_topic_count":0,"_bbp_total_reply_count":0,"_bbp_voice_count":0,"_bbp_anonymous_reply_count":0,"_bbp_topic_count_hidden":0,"_bbp_reply_count_hidden":0,"_bbp_forum_subforum_count":0,"footnotes":""},"class_list":["post-77","page","type-page","status-publish","hentry"],"post_mailing_queue_ids":[],"_links":{"self":[{"href":"https:\/\/agora.xtec.cat\/ceipmarianao\/wp-json\/wp\/v2\/pages\/77","targetHints":{"allow":["GET"]}}],"collection":[{"href":"https:\/\/agora.xtec.cat\/ceipmarianao\/wp-json\/wp\/v2\/pages"}],"about":[{"href":"https:\/\/agora.xtec.cat\/ceipmarianao\/wp-json\/wp\/v2\/types\/page"}],"author":[{"embeddable":true,"href":"https:\/\/agora.xtec.cat\/ceipmarianao\/wp-json\/wp\/v2\/users\/2"}],"replies":[{"embeddable":true,"href":"https:\/\/agora.xtec.cat\/ceipmarianao\/wp-json\/wp\/v2\/comments?post=77"}],"version-history":[{"count":8,"href":"https:\/\/agora.xtec.cat\/ceipmarianao\/wp-json\/wp\/v2\/pages\/77\/revisions"}],"predecessor-version":[{"id":5653,"href":"https:\/\/agora.xtec.cat\/ceipmarianao\/wp-json\/wp\/v2\/pages\/77\/revisions\/5653"}],"up":[{"embeddable":true,"href":"https:\/\/agora.xtec.cat\/ceipmarianao\/wp-json\/wp\/v2\/pages\/66"}],"wp:attachment":[{"href":"https:\/\/agora.xtec.cat\/ceipmarianao\/wp-json\/wp\/v2\/media?parent=77"}],"curies":[{"name":"wp","href":"https:\/\/api.w.org\/{rel}","templated":true}]}}