{"id":761,"date":"2016-03-15T18:21:05","date_gmt":"2016-03-15T17:21:05","guid":{"rendered":"http:\/\/agora.xtec.cat\/ceipmarianao\/?page_id=761"},"modified":"2021-09-10T18:47:26","modified_gmt":"2021-09-10T16:47:26","slug":"projectes-deducacio-infantil","status":"publish","type":"page","link":"https:\/\/agora.xtec.cat\/ceipmarianao\/projecte-educatiu-i\/projectes-descola\/projectes-deducacio-infantil\/","title":{"rendered":"Projectes d&#8217;Educaci\u00f3 Infantil"},"content":{"rendered":"<p style=\"text-align: justify;\">A Educaci\u00f3 Infantil treballem de manera globalitzada i interdisciplin\u00e0ria. No tenim llibres de text, realitzem activitats manipulatives, cooperatives, constructives&#8230; \u00e9s a dir, significatives, on l&#8217;infant n&#8217;\u00e9s el centre d&#8217;inter\u00e8s.<\/p>\n<p><a href=\"https:\/\/agora.xtec.cat\/ceipmarianao\/categoria\/projectes-dinfantil\/\">Acc\u00e9s a alguns dels projectes d&#8217;educaci\u00f3 infantil\u00a0<\/a><\/p>\n","protected":false},"excerpt":{"rendered":"<p>A Educaci\u00f3 Infantil treballem de manera globalitzada i interdisciplin\u00e0ria. No tenim llibres de text, realitzem activitats manipulatives, cooperatives, constructives&#8230; \u00e9s a dir, significatives, on l&#8217;infant n&#8217;\u00e9s el centre d&#8217;inter\u00e8s.<br \/>\n<a href=\"https:\/\/agora.xtec.cat\/ceipmarianao\/categoria\/projectes-dinfantil\/\">Acc\u00e9s a alguns dels projectes d&#8217;educaci\u00f3 infantil\u00a0<\/a><\/p>\n","protected":false},"author":3,"featured_media":0,"parent":289,"menu_order":0,"comment_status":"closed","ping_status":"closed","template":"page-templates\/side-menu.php","meta":{"_bbp_topic_count":0,"_bbp_reply_count":0,"_bbp_total_topic_count":0,"_bbp_total_reply_count":0,"_bbp_voice_count":0,"_bbp_anonymous_reply_count":0,"_bbp_topic_count_hidden":0,"_bbp_reply_count_hidden":0,"_bbp_forum_subforum_count":0,"footnotes":""},"class_list":["post-761","page","type-page","status-publish","hentry"],"post_mailing_queue_ids":[],"_links":{"self":[{"href":"https:\/\/agora.xtec.cat\/ceipmarianao\/wp-json\/wp\/v2\/pages\/761","targetHints":{"allow":["GET"]}}],"collection":[{"href":"https:\/\/agora.xtec.cat\/ceipmarianao\/wp-json\/wp\/v2\/pages"}],"about":[{"href":"https:\/\/agora.xtec.cat\/ceipmarianao\/wp-json\/wp\/v2\/types\/page"}],"author":[{"embeddable":true,"href":"https:\/\/agora.xtec.cat\/ceipmarianao\/wp-json\/wp\/v2\/users\/3"}],"replies":[{"embeddable":true,"href":"https:\/\/agora.xtec.cat\/ceipmarianao\/wp-json\/wp\/v2\/comments?post=761"}],"version-history":[{"count":4,"href":"https:\/\/agora.xtec.cat\/ceipmarianao\/wp-json\/wp\/v2\/pages\/761\/revisions"}],"predecessor-version":[{"id":3800,"href":"https:\/\/agora.xtec.cat\/ceipmarianao\/wp-json\/wp\/v2\/pages\/761\/revisions\/3800"}],"up":[{"embeddable":true,"href":"https:\/\/agora.xtec.cat\/ceipmarianao\/wp-json\/wp\/v2\/pages\/289"}],"wp:attachment":[{"href":"https:\/\/agora.xtec.cat\/ceipmarianao\/wp-json\/wp\/v2\/media?parent=761"}],"curies":[{"name":"wp","href":"https:\/\/api.w.org\/{rel}","templated":true}]}}

Projectes d&#8217;Educació Infantil

<p style="text-align: justify;">A Educació Infantil treballem de manera globalitzada i interdisciplinària. No tenim llibres de text, realitzem activitats manipulatives, cooperatives, constructives&#8230; és a dir, significatives, on l&#8217;infant n&#8217;és el centre d&#8217;interès.</p>
<p><a href="https://agora.xtec.cat/ceipmarianao/categoria/projectes-dinfantil/">Accés a alguns dels projectes d&#8217;educació infantil </a></p>

<p>A Educació Infantil treballem de manera globalitzada i interdisciplinària. No tenim llibres de text, realitzem activitats manipulatives, cooperatives, constructives&#8230; és a dir, significatives, on l&#8217;infant n&#8217;és el centre d&#8217;interès.<br />
<a href="https://agora.xtec.cat/ceipmarianao/categoria/projectes-dinfantil/">Accés a alguns dels projectes d&#8217;educació infantil </a></p>
