{"id":73,"date":"2014-09-18T14:01:51","date_gmt":"2014-09-18T14:01:51","guid":{"rendered":"http:\/\/agora.xtec.cat\/ceipmarianao\/?page_id=73"},"modified":"2025-11-11T09:28:08","modified_gmt":"2025-11-11T08:28:08","slug":"menjador-escolar","status":"publish","type":"page","link":"https:\/\/agora.xtec.cat\/ceipmarianao\/serveis\/menjador-escolar\/","title":{"rendered":"Menjador escolar"},"content":{"rendered":"<p style=\"text-align: justify;\"><span style=\"font-weight: 400;\">L\u2019AFA \u00e9s l\u2019encarregada de contractar l\u2019empresa que realitza el servei de menjador, actualment <a href=\"https:\/\/www.controlplaysports.com\/\"><i>Control Play Sports<\/i><\/a><\/span><span style=\"font-weight: 400;\">.<\/span><\/p>\n<p>En aquest <a href=\"https:\/\/menjadormarianaosantboi.wordpress.com\/menus-del-mes\/\">enlla\u00e7<\/a> podeu descarregar-vos el men\u00fa mensual.<\/p>\n<p style=\"text-align: justify;\"><span style=\"font-weight: 400;\">Tenim cuina pr\u00f2pia, in situ, per la qual cosa el dinar s\u2019elabora di\u00e0riament a l\u2019Escola. Hi ha disponibilitat de men\u00fas especials en cas d&#8217;intoler\u00e0ncies, d&#8217;al\u00b7l\u00e8rgies i\/o de malalties cr\u00f2niques del sistema digestiu, endocr\u00ed o metab\u00f2lic.<br \/>\n<\/span><\/p>\n<p style=\"text-align: justify;\"><span style=\"font-weight: 400;\">Hi ha establerts dos torns per a dinar: un de 12:30h a 13:30h, per a Educaci\u00f3 Infantil i Cicle Inicial, i l\u2019altre de 13:30h a 14:30h, per a Cicle Mitj\u00e0 i Cicle Superior. <\/span><\/p>\n<p style=\"text-align: justify;\"><span style=\"font-weight: 400;\">Els infants d\u2019I3 fan migdiada i la resta d\u2019alumnes fan les activitats programades per l\u2019equip de monitoratge (dos cops a la setmana) o pati lliure.<\/span><\/p>\n<p style=\"text-align: justify;\"><span style=\"font-weight: 400;\">Hi ha l\u2019opci\u00f3 de ser usu\u00e0ria fixa (3, 4 o 5 dies a la setmana) o espor\u00e0dica. El pagament es fa a trav\u00e9s de domiciliaci\u00f3 banc\u00e0ria. El preu del servei de menjador \u00e9s de 7,34\u20ac diaris per als usuaris fixes i de 8,07\u20ac diaris per als usuaris espor\u00e0dics.<\/span><\/p>\n<p style=\"text-align: center;\"><a href=\"https:\/\/agora.xtec.cat\/ceipmarianao\/wp-content\/uploads\/usu17\/2025\/10\/EQUIP-MENJADOR.jpg\"><img loading=\"lazy\" decoding=\"async\" class=\"aligncenter wp-image-5459\" src=\"https:\/\/agora.xtec.cat\/ceipmarianao\/wp-content\/uploads\/usu17\/2025\/10\/EQUIP-MENJADOR-300x225.jpg\" alt=\"\" width=\"500\" height=\"375\" srcset=\"https:\/\/agora.xtec.cat\/ceipmarianao\/wp-content\/uploads\/usu17\/2025\/10\/EQUIP-MENJADOR-300x225.jpg 300w, https:\/\/agora.xtec.cat\/ceipmarianao\/wp-content\/uploads\/usu17\/2025\/10\/EQUIP-MENJADOR-1024x768.jpg 1024w, https:\/\/agora.xtec.cat\/ceipmarianao\/wp-content\/uploads\/usu17\/2025\/10\/EQUIP-MENJADOR-768x576.jpg 768w, https:\/\/agora.xtec.cat\/ceipmarianao\/wp-content\/uploads\/usu17\/2025\/10\/EQUIP-MENJADOR-1536x1152.jpg 1536w, https:\/\/agora.xtec.cat\/ceipmarianao\/wp-content\/uploads\/usu17\/2025\/10\/EQUIP-MENJADOR-200x150.jpg 200w, https:\/\/agora.xtec.cat\/ceipmarianao\/wp-content\/uploads\/usu17\/2025\/10\/EQUIP-MENJADOR.jpg 2040w\" sizes=\"auto, (max-width: 500px) 100vw, 500px\" \/><\/a><\/p>\n<p style=\"text-align: center;\">\n","protected":false},"excerpt":{"rendered":"<p>L\u2019AFA \u00e9s l\u2019encarregada de contractar l\u2019empresa que realitza el servei de menjador, actualment <a href=\"https:\/\/www.controlplaysports.com\/\">Control Play Sports<\/a>.<br \/>\nEn aquest <a href=\"https:\/\/menjadormarianaosantboi.wordpress.com\/menus-del-mes\/\">enlla\u00e7<\/a> podeu descarregar-vos el men\u00fa mensual.<br \/>\nTenim cuina pr\u00f2pia, in situ, per la qual cosa el dinar s\u2019elabora di\u00e0riament a l\u2019Escola. Hi ha disponibilitat de men\u00fas especials&hellip;  <a href=\"https:\/\/agora.xtec.cat\/ceipmarianao\/serveis\/menjador-escolar\/\" title=\"Read Menjador escolar\">Llegeix m\u00e9s\u00bb<\/a><\/p>\n","protected":false},"author":2,"featured_media":0,"parent":66,"menu_order":30,"comment_status":"closed","ping_status":"closed","template":"page-templates\/side-menu.php","meta":{"_bbp_topic_count":0,"_bbp_reply_count":0,"_bbp_total_topic_count":0,"_bbp_total_reply_count":0,"_bbp_voice_count":0,"_bbp_anonymous_reply_count":0,"_bbp_topic_count_hidden":0,"_bbp_reply_count_hidden":0,"_bbp_forum_subforum_count":0,"footnotes":""},"class_list":["post-73","page","type-page","status-publish","hentry"],"post_mailing_queue_ids":[],"_links":{"self":[{"href":"https:\/\/agora.xtec.cat\/ceipmarianao\/wp-json\/wp\/v2\/pages\/73","targetHints":{"allow":["GET"]}}],"collection":[{"href":"https:\/\/agora.xtec.cat\/ceipmarianao\/wp-json\/wp\/v2\/pages"}],"about":[{"href":"https:\/\/agora.xtec.cat\/ceipmarianao\/wp-json\/wp\/v2\/types\/page"}],"author":[{"embeddable":true,"href":"https:\/\/agora.xtec.cat\/ceipmarianao\/wp-json\/wp\/v2\/users\/2"}],"replies":[{"embeddable":true,"href":"https:\/\/agora.xtec.cat\/ceipmarianao\/wp-json\/wp\/v2\/comments?post=73"}],"version-history":[{"count":8,"href":"https:\/\/agora.xtec.cat\/ceipmarianao\/wp-json\/wp\/v2\/pages\/73\/revisions"}],"predecessor-version":[{"id":5543,"href":"https:\/\/agora.xtec.cat\/ceipmarianao\/wp-json\/wp\/v2\/pages\/73\/revisions\/5543"}],"up":[{"embeddable":true,"href":"https:\/\/agora.xtec.cat\/ceipmarianao\/wp-json\/wp\/v2\/pages\/66"}],"wp:attachment":[{"href":"https:\/\/agora.xtec.cat\/ceipmarianao\/wp-json\/wp\/v2\/media?parent=73"}],"curies":[{"name":"wp","href":"https:\/\/api.w.org\/{rel}","templated":true}]}}

<p style="text-align: justify;"><span style="font-weight: 400;">L’AFA és l’encarregada de contractar l’empresa que realitza el servei de menjador, actualment <a href="https://www.controlplaysports.com/"><i>Control Play Sports</i></a></span><span style="font-weight: 400;">.</span></p>
<p>En aquest <a href="https://menjadormarianaosantboi.wordpress.com/menus-del-mes/">enllaç</a> podeu descarregar-vos el menú mensual.</p>
<p style="text-align: justify;"><span style="font-weight: 400;">Tenim cuina pròpia, in situ, per la qual cosa el dinar s’elabora diàriament a l’Escola. Hi ha disponibilitat de menús especials en cas d&#8217;intoleràncies, d&#8217;al·lèrgies i/o de malalties cròniques del sistema digestiu, endocrí o metabòlic.<br />
</span></p>
<p style="text-align: justify;"><span style="font-weight: 400;">Hi ha establerts dos torns per a dinar: un de 12:30h a 13:30h, per a Educació Infantil i Cicle Inicial, i l’altre de 13:30h a 14:30h, per a Cicle Mitjà i Cicle Superior. </span></p>
<p style="text-align: justify;"><span style="font-weight: 400;">Els infants d’I3 fan migdiada i la resta d’alumnes fan les activitats programades per l’equip de monitoratge (dos cops a la setmana) o pati lliure.</span></p>
<p style="text-align: justify;"><span style="font-weight: 400;">Hi ha l’opció de ser usuària fixa (3, 4 o 5 dies a la setmana) o esporàdica. El pagament es fa a través de domiciliació bancària. El preu del servei de menjador és de 7,34€ diaris per als usuaris fixes i de 8,07€ diaris per als usuaris esporàdics.</span></p>
<p style="text-align: center;"><a href="https://agora.xtec.cat/ceipmarianao/wp-content/uploads/usu17/2025/10/EQUIP-MENJADOR.jpg"><img loading="lazy" decoding="async" class="aligncenter wp-image-5459" src="https://agora.xtec.cat/ceipmarianao/wp-content/uploads/usu17/2025/10/EQUIP-MENJADOR-300x225.jpg" alt="" width="500" height="375" srcset="https://agora.xtec.cat/ceipmarianao/wp-content/uploads/usu17/2025/10/EQUIP-MENJADOR-300x225.jpg 300w, https://agora.xtec.cat/ceipmarianao/wp-content/uploads/usu17/2025/10/EQUIP-MENJADOR-1024x768.jpg 1024w, https://agora.xtec.cat/ceipmarianao/wp-content/uploads/usu17/2025/10/EQUIP-MENJADOR-768x576.jpg 768w, https://agora.xtec.cat/ceipmarianao/wp-content/uploads/usu17/2025/10/EQUIP-MENJADOR-1536x1152.jpg 1536w, https://agora.xtec.cat/ceipmarianao/wp-content/uploads/usu17/2025/10/EQUIP-MENJADOR-200x150.jpg 200w, https://agora.xtec.cat/ceipmarianao/wp-content/uploads/usu17/2025/10/EQUIP-MENJADOR.jpg 2040w" sizes="auto, (max-width: 500px) 100vw, 500px" /></a></p>
<p style="text-align: center;">

<p>L’AFA és l’encarregada de contractar l’empresa que realitza el servei de menjador, actualment <a href="https://www.controlplaysports.com/">Control Play Sports</a>.<br />
En aquest <a href="https://menjadormarianaosantboi.wordpress.com/menus-del-mes/">enllaç</a> podeu descarregar-vos el menú mensual.<br />
Tenim cuina pròpia, in situ, per la qual cosa el dinar s’elabora diàriament a l’Escola. Hi ha disponibilitat de menús especials&hellip;  <a href="https://agora.xtec.cat/ceipmarianao/serveis/menjador-escolar/" title="Read Menjador escolar">Llegeix més»</a></p>
