{"id":668,"date":"2016-02-28T00:35:49","date_gmt":"2016-02-27T23:35:49","guid":{"rendered":"http:\/\/agora.xtec.cat\/ceipmarianao\/?page_id=668"},"modified":"2025-09-15T13:23:06","modified_gmt":"2025-09-15T11:23:06","slug":"qui-som-2","status":"publish","type":"page","link":"https:\/\/agora.xtec.cat\/ceipmarianao\/lescola\/qui-som-2\/","title":{"rendered":"Qui som"},"content":{"rendered":"<p style=\"text-align: justify;\">Som una comunitat educativa emprenedora, amb un objectiu com\u00fa: que els infants aconsegueixin l&#8217;\u00e8xit acad\u00e8mic, emocional, personal i social i, sobretot, que siguin feli\u00e7os.<\/p>\n<p><a href=\"https:\/\/agora.xtec.cat\/ceipmarianao\/wp-content\/uploads\/usu17\/2025\/09\/EQUIP-HUMA.png\"><img loading=\"lazy\" decoding=\"async\" class=\"aligncenter wp-image-5453\" src=\"https:\/\/agora.xtec.cat\/ceipmarianao\/wp-content\/uploads\/usu17\/2025\/09\/EQUIP-HUMA-300x225.png\" alt=\"\" width=\"500\" height=\"375\" srcset=\"https:\/\/agora.xtec.cat\/ceipmarianao\/wp-content\/uploads\/usu17\/2025\/09\/EQUIP-HUMA-300x225.png 300w, https:\/\/agora.xtec.cat\/ceipmarianao\/wp-content\/uploads\/usu17\/2025\/09\/EQUIP-HUMA-768x576.png 768w, https:\/\/agora.xtec.cat\/ceipmarianao\/wp-content\/uploads\/usu17\/2025\/09\/EQUIP-HUMA-200x150.png 200w, https:\/\/agora.xtec.cat\/ceipmarianao\/wp-content\/uploads\/usu17\/2025\/09\/EQUIP-HUMA.png 1008w\" sizes=\"auto, (max-width: 500px) 100vw, 500px\" \/><\/a><\/p>\n<p style=\"text-align: justify;\"><a href=\"https:\/\/drive.google.com\/file\/d\/1iQoIEuKHUl2kZrfdVYU7uy4l2agNj6YK\/view?usp=sharing\">Aqu\u00ed<\/a> podeu consultar l&#8217;equip hum\u00e0 del curs 2025-2026.<\/p>\n","protected":false},"excerpt":{"rendered":"<p>Som una comunitat educativa emprenedora, amb un objectiu com\u00fa: que els infants aconsegueixin l&#8217;\u00e8xit acad\u00e8mic, emocional, personal i social i, sobretot, que siguin feli\u00e7os.<br \/>\n<a href=\"https:\/\/agora.xtec.cat\/ceipmarianao\/wp-content\/uploads\/usu17\/2025\/09\/EQUIP-HUMA.png\"><\/a><br \/>\n<a href=\"https:\/\/drive.google.com\/file\/d\/1iQoIEuKHUl2kZrfdVYU7uy4l2agNj6YK\/view?usp=sharing\">Aqu\u00ed<\/a> podeu consultar l&#8217;equip hum\u00e0 del curs 2025-2026.<\/p>\n","protected":false},"author":4,"featured_media":0,"parent":22,"menu_order":12,"comment_status":"closed","ping_status":"closed","template":"page-templates\/side-menu.php","meta":{"_bbp_topic_count":0,"_bbp_reply_count":0,"_bbp_total_topic_count":0,"_bbp_total_reply_count":0,"_bbp_voice_count":0,"_bbp_anonymous_reply_count":0,"_bbp_topic_count_hidden":0,"_bbp_reply_count_hidden":0,"_bbp_forum_subforum_count":0,"footnotes":""},"class_list":["post-668","page","type-page","status-publish","hentry"],"post_mailing_queue_ids":[],"_links":{"self":[{"href":"https:\/\/agora.xtec.cat\/ceipmarianao\/wp-json\/wp\/v2\/pages\/668","targetHints":{"allow":["GET"]}}],"collection":[{"href":"https:\/\/agora.xtec.cat\/ceipmarianao\/wp-json\/wp\/v2\/pages"}],"about":[{"href":"https:\/\/agora.xtec.cat\/ceipmarianao\/wp-json\/wp\/v2\/types\/page"}],"author":[{"embeddable":true,"href":"https:\/\/agora.xtec.cat\/ceipmarianao\/wp-json\/wp\/v2\/users\/4"}],"replies":[{"embeddable":true,"href":"https:\/\/agora.xtec.cat\/ceipmarianao\/wp-json\/wp\/v2\/comments?post=668"}],"version-history":[{"count":8,"href":"https:\/\/agora.xtec.cat\/ceipmarianao\/wp-json\/wp\/v2\/pages\/668\/revisions"}],"predecessor-version":[{"id":5458,"href":"https:\/\/agora.xtec.cat\/ceipmarianao\/wp-json\/wp\/v2\/pages\/668\/revisions\/5458"}],"up":[{"embeddable":true,"href":"https:\/\/agora.xtec.cat\/ceipmarianao\/wp-json\/wp\/v2\/pages\/22"}],"wp:attachment":[{"href":"https:\/\/agora.xtec.cat\/ceipmarianao\/wp-json\/wp\/v2\/media?parent=668"}],"curies":[{"name":"wp","href":"https:\/\/api.w.org\/{rel}","templated":true}]}}

<p style="text-align: justify;">Som una comunitat educativa emprenedora, amb un objectiu comú: que els infants aconsegueixin l&#8217;èxit acadèmic, emocional, personal i social i, sobretot, que siguin feliços.</p>
<p><a href="https://agora.xtec.cat/ceipmarianao/wp-content/uploads/usu17/2025/09/EQUIP-HUMA.png"><img loading="lazy" decoding="async" class="aligncenter wp-image-5453" src="https://agora.xtec.cat/ceipmarianao/wp-content/uploads/usu17/2025/09/EQUIP-HUMA-300x225.png" alt="" width="500" height="375" srcset="https://agora.xtec.cat/ceipmarianao/wp-content/uploads/usu17/2025/09/EQUIP-HUMA-300x225.png 300w, https://agora.xtec.cat/ceipmarianao/wp-content/uploads/usu17/2025/09/EQUIP-HUMA-768x576.png 768w, https://agora.xtec.cat/ceipmarianao/wp-content/uploads/usu17/2025/09/EQUIP-HUMA-200x150.png 200w, https://agora.xtec.cat/ceipmarianao/wp-content/uploads/usu17/2025/09/EQUIP-HUMA.png 1008w" sizes="auto, (max-width: 500px) 100vw, 500px" /></a></p>
<p style="text-align: justify;"><a href="https://drive.google.com/file/d/1iQoIEuKHUl2kZrfdVYU7uy4l2agNj6YK/view?usp=sharing">Aquí</a> podeu consultar l&#8217;equip humà del curs 2025-2026.</p>

<p>Som una comunitat educativa emprenedora, amb un objectiu comú: que els infants aconsegueixin l&#8217;èxit acadèmic, emocional, personal i social i, sobretot, que siguin feliços.<br />
<a href="https://agora.xtec.cat/ceipmarianao/wp-content/uploads/usu17/2025/09/EQUIP-HUMA.png"></a><br />
<a href="https://drive.google.com/file/d/1iQoIEuKHUl2kZrfdVYU7uy4l2agNj6YK/view?usp=sharing">Aquí</a> podeu consultar l&#8217;equip humà del curs 2025-2026.</p>
