{"id":64,"date":"2014-09-18T12:39:08","date_gmt":"2014-09-18T12:39:08","guid":{"rendered":"http:\/\/agora.xtec.cat\/ceipmarianao\/?page_id=64"},"modified":"2023-02-03T11:01:24","modified_gmt":"2023-02-03T10:01:24","slug":"projecte-educatiu","status":"publish","type":"page","link":"https:\/\/agora.xtec.cat\/ceipmarianao\/projecte-educatiu-i\/projecte-educatiu\/","title":{"rendered":"Projecte Educatiu"},"content":{"rendered":"<p style=\"text-align: justify;\"><span style=\"font-weight: 400;\">El present Projecte Educatiu de Centre es va aprovar el curs 2014-2015.<br \/>\n<\/span><\/p>\n<p style=\"text-align: justify;\"><span style=\"font-weight: 400;\">At\u00e8s que s\u2019han produ\u00eft variacions en la normativa vigent, vam procedir a renovar el document, aprofitant la circumst\u00e0ncia per a donar-li un format diferent, que el faci m\u00e9s entenedor, i que englobi alguns aspectes que no estaven inclosos en el projecte anterior.<\/span><\/p>\n<p style=\"text-align: justify;\"><span style=\"font-weight: 400;\">La missi\u00f3 fonamental del nostre PEC \u00e9s :<\/span><\/p>\n<ul style=\"text-align: justify;\">\n<li style=\"font-weight: 400;\"><span style=\"font-weight: 400;\">Definir una l\u00ednia comuna d\u2019actuaci\u00f3 que orienti l\u2019activitat individual del professorat per aconseguir la coher\u00e8ncia necess\u00e0ria de l\u2019acci\u00f3 educativa en qu\u00e8 l\u2019alumnat participar\u00e0 al llarg del per\u00edode d\u2019escolaritat en la mateixa escola.<\/span><\/li>\n<li><span style=\"font-weight: 400;\">Donar publicitat a la Comunitat Educativa de les l\u00ednies priorit\u00e0ries d\u2019actuaci\u00f3 del <\/span><span style=\"font-weight: 400;\">col\u00b7lectiu escolar.<\/span><\/li>\n<\/ul>\n<p style=\"text-align: justify;\"><a href=\"https:\/\/drive.google.com\/file\/d\/0B7L1ZOzeL__SZDdCd3NZaUVTWUk\/view?usp=sharing\">Acc\u00e9s al Projecte Educatiu de Centre<\/a><\/p>\n<p>&nbsp;<\/p>\n<p>&nbsp;<\/p>\n","protected":false},"excerpt":{"rendered":"<p>El present Projecte Educatiu de Centre es va aprovar el curs 2014-2015.<\/p>\n<p>At\u00e8s que s\u2019han produ\u00eft variacions en la normativa vigent, vam procedir a renovar el document, aprofitant la circumst\u00e0ncia per a donar-li un format diferent, que el faci m\u00e9s entenedor, i que englobi alguns aspectes&hellip;  <a href=\"https:\/\/agora.xtec.cat\/ceipmarianao\/projecte-educatiu-i\/projecte-educatiu\/\" title=\"Read Projecte Educatiu\">Llegeix m\u00e9s\u00bb<\/a><\/p>\n","protected":false},"author":2,"featured_media":0,"parent":312,"menu_order":0,"comment_status":"closed","ping_status":"closed","template":"page-templates\/side-menu.php","meta":{"_bbp_topic_count":0,"_bbp_reply_count":0,"_bbp_total_topic_count":0,"_bbp_total_reply_count":0,"_bbp_voice_count":0,"_bbp_anonymous_reply_count":0,"_bbp_topic_count_hidden":0,"_bbp_reply_count_hidden":0,"_bbp_forum_subforum_count":0,"footnotes":""},"class_list":["post-64","page","type-page","status-publish","hentry"],"post_mailing_queue_ids":[],"_links":{"self":[{"href":"https:\/\/agora.xtec.cat\/ceipmarianao\/wp-json\/wp\/v2\/pages\/64","targetHints":{"allow":["GET"]}}],"collection":[{"href":"https:\/\/agora.xtec.cat\/ceipmarianao\/wp-json\/wp\/v2\/pages"}],"about":[{"href":"https:\/\/agora.xtec.cat\/ceipmarianao\/wp-json\/wp\/v2\/types\/page"}],"author":[{"embeddable":true,"href":"https:\/\/agora.xtec.cat\/ceipmarianao\/wp-json\/wp\/v2\/users\/2"}],"replies":[{"embeddable":true,"href":"https:\/\/agora.xtec.cat\/ceipmarianao\/wp-json\/wp\/v2\/comments?post=64"}],"version-history":[{"count":3,"href":"https:\/\/agora.xtec.cat\/ceipmarianao\/wp-json\/wp\/v2\/pages\/64\/revisions"}],"predecessor-version":[{"id":4518,"href":"https:\/\/agora.xtec.cat\/ceipmarianao\/wp-json\/wp\/v2\/pages\/64\/revisions\/4518"}],"up":[{"embeddable":true,"href":"https:\/\/agora.xtec.cat\/ceipmarianao\/wp-json\/wp\/v2\/pages\/312"}],"wp:attachment":[{"href":"https:\/\/agora.xtec.cat\/ceipmarianao\/wp-json\/wp\/v2\/media?parent=64"}],"curies":[{"name":"wp","href":"https:\/\/api.w.org\/{rel}","templated":true}]}}

<p style="text-align: justify;"><span style="font-weight: 400;">El present Projecte Educatiu de Centre es va aprovar el curs 2014-2015.<br />
</span></p>
<p style="text-align: justify;"><span style="font-weight: 400;">Atès que s’han produït variacions en la normativa vigent, vam procedir a renovar el document, aprofitant la circumstància per a donar-li un format diferent, que el faci més entenedor, i que englobi alguns aspectes que no estaven inclosos en el projecte anterior.</span></p>
<p style="text-align: justify;"><span style="font-weight: 400;">La missió fonamental del nostre PEC és :</span></p>
<ul style="text-align: justify;">
<li style="font-weight: 400;"><span style="font-weight: 400;">Definir una línia comuna d’actuació que orienti l’activitat individual del professorat per aconseguir la coherència necessària de l’acció educativa en què l’alumnat participarà al llarg del període d’escolaritat en la mateixa escola.</span></li>
<li><span style="font-weight: 400;">Donar publicitat a la Comunitat Educativa de les línies prioritàries d’actuació del </span><span style="font-weight: 400;">col·lectiu escolar.</span></li>
</ul>
<p style="text-align: justify;"><a href="https://drive.google.com/file/d/0B7L1ZOzeL__SZDdCd3NZaUVTWUk/view?usp=sharing">Accés al Projecte Educatiu de Centre</a></p>
<p>&nbsp;</p>
<p>&nbsp;</p>

<p>El present Projecte Educatiu de Centre es va aprovar el curs 2014-2015.</p>
<p>Atès que s’han produït variacions en la normativa vigent, vam procedir a renovar el document, aprofitant la circumstància per a donar-li un format diferent, que el faci més entenedor, i que englobi alguns aspectes&hellip;  <a href="https://agora.xtec.cat/ceipmarianao/projecte-educatiu-i/projecte-educatiu/" title="Read Projecte Educatiu">Llegeix més»</a></p>
