{"id":636,"date":"2016-02-27T23:43:16","date_gmt":"2016-02-27T22:43:16","guid":{"rendered":"http:\/\/agora.xtec.cat\/ceipmarianao\/?page_id=636"},"modified":"2022-07-06T10:30:02","modified_gmt":"2022-07-06T08:30:02","slug":"comunitat","status":"publish","type":"page","link":"https:\/\/agora.xtec.cat\/ceipmarianao\/entorn\/comunitat\/","title":{"rendered":"Comunitat"},"content":{"rendered":"<p style=\"text-align: justify;\"><strong>Consell Local d\u2019Inf\u00e0ncia:<br \/>\n<\/strong>L\u2019Escola participa al <a href=\"http:\/\/www.santboi.cat\/PaginesW.nsf\/Web\/Planes\/4B8F5E43082F328FC1257D940042A560?OpenDocument&amp;Clau=consellIA&amp;Idioma=ca&amp;Seu=N\">Consell Local d\u2019Inf\u00e0ncia<\/a> de la ciutat. Un infant de 4t, un de 5\u00e8 i un de 6\u00e8 s\u00f3n els representants de l\u2019escola en aquest Consell que vol que els m\u00e9s petits tinguin veu i vot en les decisions que es prenen al lloc on viuen. \u00c9s una f\u00f3rmula ideal perqu\u00e8 coneguin els seus drets i deures i aprenguin a ser ciutadans i ciutadanes democr\u00e0tics.<a href=\"https:\/\/agora.xtec.cat\/ceipmarianao\/wp-content\/uploads\/usu17\/2021\/02\/consellIA.jpg\"><img loading=\"lazy\" decoding=\"async\" class=\" wp-image-3601 aligncenter\" src=\"https:\/\/agora.xtec.cat\/ceipmarianao\/wp-content\/uploads\/usu17\/2021\/02\/consellIA.jpg\" alt=\"\" width=\"158\" height=\"195\" \/><\/a><\/p>\n<p style=\"text-align: justify;\"><strong>Relaci\u00f3<\/strong>\u00a0<b>amb la\u00a0<\/b><b>Fundaci\u00f3 Marianao<\/b>:<a href=\"http:\/\/www.marianao.net\/ca\" target=\"_blank\" rel=\"noopener noreferrer\"><br \/>\n<\/a>Tenim una relaci\u00f3 molt estreta amb <a href=\"http:\/\/www.marianao.net\/ca\" target=\"_blank\" rel=\"noopener noreferrer\">la Fundaci\u00f3 Marianao<\/a>. Alguns dels nostres infants assisteixen al seu Centre Obert amb la conseg\u00fcent coordinaci\u00f3 entre els tutors i les tutores i l\u2019escola i el seu equip d&#8217;educadors i educadores. Participem activament en molts dels projectes endegats per la Fundaci\u00f3, conjuntament amb altres centres i entitats del barri Marianao.<\/p>\n<p><a href=\"https:\/\/agora.xtec.cat\/ceipmarianao\/wp-content\/uploads\/usu17\/2019\/10\/Marianao-t\u00e9-cor.jpg\"><img loading=\"lazy\" decoding=\"async\" class=\"wp-image-2493 aligncenter\" src=\"https:\/\/agora.xtec.cat\/ceipmarianao\/wp-content\/uploads\/usu17\/2019\/10\/Marianao-t\u00e9-cor-1024x768.jpg\" alt=\"\" width=\"350\" height=\"262\" srcset=\"https:\/\/agora.xtec.cat\/ceipmarianao\/wp-content\/uploads\/usu17\/2019\/10\/Marianao-t\u00e9-cor-1024x768.jpg 1024w, https:\/\/agora.xtec.cat\/ceipmarianao\/wp-content\/uploads\/usu17\/2019\/10\/Marianao-t\u00e9-cor-300x225.jpg 300w, https:\/\/agora.xtec.cat\/ceipmarianao\/wp-content\/uploads\/usu17\/2019\/10\/Marianao-t\u00e9-cor-768x576.jpg 768w, https:\/\/agora.xtec.cat\/ceipmarianao\/wp-content\/uploads\/usu17\/2019\/10\/Marianao-t\u00e9-cor-200x150.jpg 200w\" sizes=\"auto, (max-width: 350px) 100vw, 350px\" \/><\/a><\/p>\n","protected":false},"excerpt":{"rendered":"<p>Consell Local d\u2019Inf\u00e0ncia:<br \/>\nL\u2019Escola participa al <a href=\"http:\/\/www.santboi.cat\/PaginesW.nsf\/Web\/Planes\/4B8F5E43082F328FC1257D940042A560?OpenDocument&amp;Clau=consellIA&amp;Idioma=ca&amp;Seu=N\">Consell Local d\u2019Inf\u00e0ncia<\/a> de la ciutat. Un infant de 4t, un de 5\u00e8 i un de 6\u00e8 s\u00f3n els representants de l\u2019escola en aquest Consell que vol que els m\u00e9s petits tinguin veu i vot en les decisions que&hellip;  <a href=\"https:\/\/agora.xtec.cat\/ceipmarianao\/entorn\/comunitat\/\" title=\"Read Comunitat\">Llegeix m\u00e9s\u00bb<\/a><\/p>\n","protected":false},"author":4,"featured_media":0,"parent":504,"menu_order":10,"comment_status":"closed","ping_status":"closed","template":"page-templates\/side-menu.php","meta":{"_bbp_topic_count":0,"_bbp_reply_count":0,"_bbp_total_topic_count":0,"_bbp_total_reply_count":0,"_bbp_voice_count":0,"_bbp_anonymous_reply_count":0,"_bbp_topic_count_hidden":0,"_bbp_reply_count_hidden":0,"_bbp_forum_subforum_count":0,"footnotes":""},"class_list":["post-636","page","type-page","status-publish","hentry"],"post_mailing_queue_ids":[],"_links":{"self":[{"href":"https:\/\/agora.xtec.cat\/ceipmarianao\/wp-json\/wp\/v2\/pages\/636","targetHints":{"allow":["GET"]}}],"collection":[{"href":"https:\/\/agora.xtec.cat\/ceipmarianao\/wp-json\/wp\/v2\/pages"}],"about":[{"href":"https:\/\/agora.xtec.cat\/ceipmarianao\/wp-json\/wp\/v2\/types\/page"}],"author":[{"embeddable":true,"href":"https:\/\/agora.xtec.cat\/ceipmarianao\/wp-json\/wp\/v2\/users\/4"}],"replies":[{"embeddable":true,"href":"https:\/\/agora.xtec.cat\/ceipmarianao\/wp-json\/wp\/v2\/comments?post=636"}],"version-history":[{"count":4,"href":"https:\/\/agora.xtec.cat\/ceipmarianao\/wp-json\/wp\/v2\/pages\/636\/revisions"}],"predecessor-version":[{"id":4278,"href":"https:\/\/agora.xtec.cat\/ceipmarianao\/wp-json\/wp\/v2\/pages\/636\/revisions\/4278"}],"up":[{"embeddable":true,"href":"https:\/\/agora.xtec.cat\/ceipmarianao\/wp-json\/wp\/v2\/pages\/504"}],"wp:attachment":[{"href":"https:\/\/agora.xtec.cat\/ceipmarianao\/wp-json\/wp\/v2\/media?parent=636"}],"curies":[{"name":"wp","href":"https:\/\/api.w.org\/{rel}","templated":true}]}}

<p style="text-align: justify;"><strong>Consell Local d’Infància:<br />
</strong>L’Escola participa al <a href="http://www.santboi.cat/PaginesW.nsf/Web/Planes/4B8F5E43082F328FC1257D940042A560?OpenDocument&amp;Clau=consellIA&amp;Idioma=ca&amp;Seu=N">Consell Local d’Infància</a> de la ciutat. Un infant de 4t, un de 5è i un de 6è són els representants de l’escola en aquest Consell que vol que els més petits tinguin veu i vot en les decisions que es prenen al lloc on viuen. És una fórmula ideal perquè coneguin els seus drets i deures i aprenguin a ser ciutadans i ciutadanes democràtics.<a href="https://agora.xtec.cat/ceipmarianao/wp-content/uploads/usu17/2021/02/consellIA.jpg"><img loading="lazy" decoding="async" class=" wp-image-3601 aligncenter" src="https://agora.xtec.cat/ceipmarianao/wp-content/uploads/usu17/2021/02/consellIA.jpg" alt="" width="158" height="195" /></a></p>
<p style="text-align: justify;"><strong>Relació</strong> <b>amb la </b><b>Fundació Marianao</b>:<a href="http://www.marianao.net/ca" target="_blank" rel="noopener noreferrer"><br />
</a>Tenim una relació molt estreta amb <a href="http://www.marianao.net/ca" target="_blank" rel="noopener noreferrer">la Fundació Marianao</a>. Alguns dels nostres infants assisteixen al seu Centre Obert amb la consegüent coordinació entre els tutors i les tutores i l’escola i el seu equip d&#8217;educadors i educadores. Participem activament en molts dels projectes endegats per la Fundació, conjuntament amb altres centres i entitats del barri Marianao.</p>
<p><a href="https://agora.xtec.cat/ceipmarianao/wp-content/uploads/usu17/2019/10/Marianao-té-cor.jpg"><img loading="lazy" decoding="async" class="wp-image-2493 aligncenter" src="https://agora.xtec.cat/ceipmarianao/wp-content/uploads/usu17/2019/10/Marianao-té-cor-1024x768.jpg" alt="" width="350" height="262" srcset="https://agora.xtec.cat/ceipmarianao/wp-content/uploads/usu17/2019/10/Marianao-té-cor-1024x768.jpg 1024w, https://agora.xtec.cat/ceipmarianao/wp-content/uploads/usu17/2019/10/Marianao-té-cor-300x225.jpg 300w, https://agora.xtec.cat/ceipmarianao/wp-content/uploads/usu17/2019/10/Marianao-té-cor-768x576.jpg 768w, https://agora.xtec.cat/ceipmarianao/wp-content/uploads/usu17/2019/10/Marianao-té-cor-200x150.jpg 200w" sizes="auto, (max-width: 350px) 100vw, 350px" /></a></p>

<p>Consell Local d’Infància:<br />
L’Escola participa al <a href="http://www.santboi.cat/PaginesW.nsf/Web/Planes/4B8F5E43082F328FC1257D940042A560?OpenDocument&amp;Clau=consellIA&amp;Idioma=ca&amp;Seu=N">Consell Local d’Infància</a> de la ciutat. Un infant de 4t, un de 5è i un de 6è són els representants de l’escola en aquest Consell que vol que els més petits tinguin veu i vot en les decisions que&hellip;  <a href="https://agora.xtec.cat/ceipmarianao/entorn/comunitat/" title="Read Comunitat">Llegeix més»</a></p>
