{"id":597,"date":"2016-02-27T16:41:04","date_gmt":"2016-02-27T15:41:04","guid":{"rendered":"http:\/\/agora.xtec.cat\/ceipmarianao\/?page_id=597"},"modified":"2023-02-03T17:30:16","modified_gmt":"2023-02-03T16:30:16","slug":"projecte-artistic","status":"publish","type":"page","link":"https:\/\/agora.xtec.cat\/ceipmarianao\/projecte-educatiu-i\/projectes-descola\/projecte-artistic\/","title":{"rendered":"Projecte Art\u00edstic"},"content":{"rendered":"<p>&nbsp;<\/p>\n<p><a href=\"https:\/\/agora.xtec.cat\/ceipmarianao\/wp-content\/uploads\/usu17\/2018\/11\/20180216_120147.jpg\"><img loading=\"lazy\" decoding=\"async\" class=\"alignnone wp-image-2031\" src=\"https:\/\/agora.xtec.cat\/ceipmarianao\/wp-content\/uploads\/usu17\/2018\/11\/20180216_120147-1024x576.jpg\" alt=\"\" width=\"391\" height=\"220\" srcset=\"https:\/\/agora.xtec.cat\/ceipmarianao\/wp-content\/uploads\/usu17\/2018\/11\/20180216_120147-1024x576.jpg 1024w, https:\/\/agora.xtec.cat\/ceipmarianao\/wp-content\/uploads\/usu17\/2018\/11\/20180216_120147-300x169.jpg 300w, https:\/\/agora.xtec.cat\/ceipmarianao\/wp-content\/uploads\/usu17\/2018\/11\/20180216_120147-768x432.jpg 768w\" sizes=\"auto, (max-width: 391px) 100vw, 391px\" \/> \u00a0 <\/a><a href=\"https:\/\/agora.xtec.cat\/ceipmarianao\/wp-content\/uploads\/usu17\/2023\/02\/IMG_20230119_152030.jpg\"><img loading=\"lazy\" decoding=\"async\" class=\"alignnone wp-image-4525\" src=\"https:\/\/agora.xtec.cat\/ceipmarianao\/wp-content\/uploads\/usu17\/2023\/02\/IMG_20230119_152030.jpg\" alt=\"\" width=\"293\" height=\"220\" srcset=\"https:\/\/agora.xtec.cat\/ceipmarianao\/wp-content\/uploads\/usu17\/2023\/02\/IMG_20230119_152030.jpg 664w, https:\/\/agora.xtec.cat\/ceipmarianao\/wp-content\/uploads\/usu17\/2023\/02\/IMG_20230119_152030-300x225.jpg 300w, https:\/\/agora.xtec.cat\/ceipmarianao\/wp-content\/uploads\/usu17\/2023\/02\/IMG_20230119_152030-200x150.jpg 200w\" sizes=\"auto, (max-width: 293px) 100vw, 293px\" \/><\/a><a href=\"https:\/\/agora.xtec.cat\/ceipmarianao\/wp-content\/uploads\/usu17\/2018\/11\/20180216_120147.jpg\"> \u00a0<\/a><a href=\"https:\/\/agora.xtec.cat\/ceipmarianao\/wp-content\/uploads\/usu17\/2023\/02\/tallers-artistics.jpg\"><img loading=\"lazy\" decoding=\"async\" class=\"alignnone wp-image-4509\" src=\"https:\/\/agora.xtec.cat\/ceipmarianao\/wp-content\/uploads\/usu17\/2023\/02\/tallers-artistics.jpg\" alt=\"\" width=\"229\" height=\"229\" srcset=\"https:\/\/agora.xtec.cat\/ceipmarianao\/wp-content\/uploads\/usu17\/2023\/02\/tallers-artistics.jpg 600w, https:\/\/agora.xtec.cat\/ceipmarianao\/wp-content\/uploads\/usu17\/2023\/02\/tallers-artistics-300x300.jpg 300w, https:\/\/agora.xtec.cat\/ceipmarianao\/wp-content\/uploads\/usu17\/2023\/02\/tallers-artistics-150x150.jpg 150w\" sizes=\"auto, (max-width: 229px) 100vw, 229px\" \/>\u00a0\u00a0 <\/a><\/p>\n<p style=\"text-align: justify;\">Des de l\u2019\u00e0rea d\u2019educaci\u00f3 visual i pl\u00e0stica hi ha una programaci\u00f3 d\u2019escola que t\u00e9 com a objectiu que quan els infants acabin l\u2019Educaci\u00f3 Prim\u00e0ria hagin treballat els artistes m\u00e9s coneguts d\u2019arreu del m\u00f3n i dominin les t\u00e8cniques art\u00edstiques m\u00e9s importants. Es treballa fent tallers internivells, un dels quals \u00e9s de teatre o expressi\u00f3 corporal i un altre \u00e9s en angl\u00e8s.<\/p>\n","protected":false},"excerpt":{"rendered":"<p>&nbsp;<br \/>\n<a href=\"https:\/\/agora.xtec.cat\/ceipmarianao\/wp-content\/uploads\/usu17\/2018\/11\/20180216_120147.jpg\"> \u00a0 <\/a><a href=\"https:\/\/agora.xtec.cat\/ceipmarianao\/wp-content\/uploads\/usu17\/2023\/02\/IMG_20230119_152030.jpg\"><\/a><a href=\"https:\/\/agora.xtec.cat\/ceipmarianao\/wp-content\/uploads\/usu17\/2018\/11\/20180216_120147.jpg\"> \u00a0<\/a><a href=\"https:\/\/agora.xtec.cat\/ceipmarianao\/wp-content\/uploads\/usu17\/2023\/02\/tallers-artistics.jpg\">\u00a0\u00a0 <\/a><br \/>\nDes de l\u2019\u00e0rea d\u2019educaci\u00f3 visual i pl\u00e0stica hi ha una programaci\u00f3 d\u2019escola que t\u00e9 com a objectiu que quan els infants acabin l\u2019Educaci\u00f3 Prim\u00e0ria hagin treballat els artistes m\u00e9s coneguts d\u2019arreu del m\u00f3n i dominin les t\u00e8cniques&hellip;  <a href=\"https:\/\/agora.xtec.cat\/ceipmarianao\/projecte-educatiu-i\/projectes-descola\/projecte-artistic\/\" title=\"Read Projecte Art\u00edstic\">Llegeix m\u00e9s\u00bb<\/a><\/p>\n","protected":false},"author":4,"featured_media":0,"parent":289,"menu_order":0,"comment_status":"closed","ping_status":"closed","template":"page-templates\/side-menu.php","meta":{"_bbp_topic_count":0,"_bbp_reply_count":0,"_bbp_total_topic_count":0,"_bbp_total_reply_count":0,"_bbp_voice_count":0,"_bbp_anonymous_reply_count":0,"_bbp_topic_count_hidden":0,"_bbp_reply_count_hidden":0,"_bbp_forum_subforum_count":0,"footnotes":""},"class_list":["post-597","page","type-page","status-publish","hentry"],"post_mailing_queue_ids":[],"_links":{"self":[{"href":"https:\/\/agora.xtec.cat\/ceipmarianao\/wp-json\/wp\/v2\/pages\/597","targetHints":{"allow":["GET"]}}],"collection":[{"href":"https:\/\/agora.xtec.cat\/ceipmarianao\/wp-json\/wp\/v2\/pages"}],"about":[{"href":"https:\/\/agora.xtec.cat\/ceipmarianao\/wp-json\/wp\/v2\/types\/page"}],"author":[{"embeddable":true,"href":"https:\/\/agora.xtec.cat\/ceipmarianao\/wp-json\/wp\/v2\/users\/4"}],"replies":[{"embeddable":true,"href":"https:\/\/agora.xtec.cat\/ceipmarianao\/wp-json\/wp\/v2\/comments?post=597"}],"version-history":[{"count":4,"href":"https:\/\/agora.xtec.cat\/ceipmarianao\/wp-json\/wp\/v2\/pages\/597\/revisions"}],"predecessor-version":[{"id":4526,"href":"https:\/\/agora.xtec.cat\/ceipmarianao\/wp-json\/wp\/v2\/pages\/597\/revisions\/4526"}],"up":[{"embeddable":true,"href":"https:\/\/agora.xtec.cat\/ceipmarianao\/wp-json\/wp\/v2\/pages\/289"}],"wp:attachment":[{"href":"https:\/\/agora.xtec.cat\/ceipmarianao\/wp-json\/wp\/v2\/media?parent=597"}],"curies":[{"name":"wp","href":"https:\/\/api.w.org\/{rel}","templated":true}]}}

Projecte Artístic

<p>&nbsp;</p>
<p><a href="https://agora.xtec.cat/ceipmarianao/wp-content/uploads/usu17/2018/11/20180216_120147.jpg"><img loading="lazy" decoding="async" class="alignnone wp-image-2031" src="https://agora.xtec.cat/ceipmarianao/wp-content/uploads/usu17/2018/11/20180216_120147-1024x576.jpg" alt="" width="391" height="220" srcset="https://agora.xtec.cat/ceipmarianao/wp-content/uploads/usu17/2018/11/20180216_120147-1024x576.jpg 1024w, https://agora.xtec.cat/ceipmarianao/wp-content/uploads/usu17/2018/11/20180216_120147-300x169.jpg 300w, https://agora.xtec.cat/ceipmarianao/wp-content/uploads/usu17/2018/11/20180216_120147-768x432.jpg 768w" sizes="auto, (max-width: 391px) 100vw, 391px" />   </a><a href="https://agora.xtec.cat/ceipmarianao/wp-content/uploads/usu17/2023/02/IMG_20230119_152030.jpg"><img loading="lazy" decoding="async" class="alignnone wp-image-4525" src="https://agora.xtec.cat/ceipmarianao/wp-content/uploads/usu17/2023/02/IMG_20230119_152030.jpg" alt="" width="293" height="220" srcset="https://agora.xtec.cat/ceipmarianao/wp-content/uploads/usu17/2023/02/IMG_20230119_152030.jpg 664w, https://agora.xtec.cat/ceipmarianao/wp-content/uploads/usu17/2023/02/IMG_20230119_152030-300x225.jpg 300w, https://agora.xtec.cat/ceipmarianao/wp-content/uploads/usu17/2023/02/IMG_20230119_152030-200x150.jpg 200w" sizes="auto, (max-width: 293px) 100vw, 293px" /></a><a href="https://agora.xtec.cat/ceipmarianao/wp-content/uploads/usu17/2018/11/20180216_120147.jpg">  </a><a href="https://agora.xtec.cat/ceipmarianao/wp-content/uploads/usu17/2023/02/tallers-artistics.jpg"><img loading="lazy" decoding="async" class="alignnone wp-image-4509" src="https://agora.xtec.cat/ceipmarianao/wp-content/uploads/usu17/2023/02/tallers-artistics.jpg" alt="" width="229" height="229" srcset="https://agora.xtec.cat/ceipmarianao/wp-content/uploads/usu17/2023/02/tallers-artistics.jpg 600w, https://agora.xtec.cat/ceipmarianao/wp-content/uploads/usu17/2023/02/tallers-artistics-300x300.jpg 300w, https://agora.xtec.cat/ceipmarianao/wp-content/uploads/usu17/2023/02/tallers-artistics-150x150.jpg 150w" sizes="auto, (max-width: 229px) 100vw, 229px" />   </a></p>
<p style="text-align: justify;">Des de l’àrea d’educació visual i plàstica hi ha una programació d’escola que té com a objectiu que quan els infants acabin l’Educació Primària hagin treballat els artistes més coneguts d’arreu del món i dominin les tècniques artístiques més importants. Es treballa fent tallers internivells, un dels quals és de teatre o expressió corporal i un altre és en anglès.</p>

<p>&nbsp;<br />
<a href="https://agora.xtec.cat/ceipmarianao/wp-content/uploads/usu17/2018/11/20180216_120147.jpg">   </a><a href="https://agora.xtec.cat/ceipmarianao/wp-content/uploads/usu17/2023/02/IMG_20230119_152030.jpg"></a><a href="https://agora.xtec.cat/ceipmarianao/wp-content/uploads/usu17/2018/11/20180216_120147.jpg">  </a><a href="https://agora.xtec.cat/ceipmarianao/wp-content/uploads/usu17/2023/02/tallers-artistics.jpg">   </a><br />
Des de l’àrea d’educació visual i plàstica hi ha una programació d’escola que té com a objectiu que quan els infants acabin l’Educació Primària hagin treballat els artistes més coneguts d’arreu del món i dominin les tècniques&hellip;  <a href="https://agora.xtec.cat/ceipmarianao/projecte-educatiu-i/projectes-descola/projecte-artistic/" title="Read Projecte Artístic">Llegeix més»</a></p>
