{"id":573,"date":"2016-02-27T16:24:43","date_gmt":"2016-02-27T15:24:43","guid":{"rendered":"http:\/\/agora.xtec.cat\/ceipmarianao\/?page_id=573"},"modified":"2025-02-20T12:15:14","modified_gmt":"2025-02-20T11:15:14","slug":"impuls-a-la-lectura-ilec","status":"publish","type":"page","link":"https:\/\/agora.xtec.cat\/ceipmarianao\/projecte-educatiu-i\/projectes-descola\/impuls-a-la-lectura-ilec\/","title":{"rendered":"Impuls a la lectura (ILEC)"},"content":{"rendered":"<p><a style=\"font-weight: bold; font-family: inherit; font-size: 1em;\" href=\"https:\/\/agora.xtec.cat\/ceipmarianao\/wp-content\/uploads\/usu17\/2020\/02\/IMG_20180926_155721.jpg\"><img loading=\"lazy\" decoding=\"async\" class=\"wp-image-2678 aligncenter\" src=\"https:\/\/agora.xtec.cat\/ceipmarianao\/wp-content\/uploads\/usu17\/2020\/02\/IMG_20180926_155721.jpg\" alt=\"\" width=\"350\" height=\"263\" srcset=\"https:\/\/agora.xtec.cat\/ceipmarianao\/wp-content\/uploads\/usu17\/2020\/02\/IMG_20180926_155721.jpg 968w, https:\/\/agora.xtec.cat\/ceipmarianao\/wp-content\/uploads\/usu17\/2020\/02\/IMG_20180926_155721-300x225.jpg 300w, https:\/\/agora.xtec.cat\/ceipmarianao\/wp-content\/uploads\/usu17\/2020\/02\/IMG_20180926_155721-768x576.jpg 768w, https:\/\/agora.xtec.cat\/ceipmarianao\/wp-content\/uploads\/usu17\/2020\/02\/IMG_20180926_155721-200x150.jpg 200w\" sizes=\"auto, (max-width: 350px) 100vw, 350px\" \/>\u00a0<\/a> <a style=\"font-weight: bold; font-family: inherit; font-size: 1em;\" href=\"https:\/\/agora.xtec.cat\/ceipmarianao\/wp-content\/uploads\/usu17\/2020\/02\/IMG_20180926_155717.jpg\"><img loading=\"lazy\" decoding=\"async\" class=\"wp-image-2679 aligncenter\" src=\"https:\/\/agora.xtec.cat\/ceipmarianao\/wp-content\/uploads\/usu17\/2020\/02\/IMG_20180926_155717.jpg\" alt=\"\" width=\"350\" height=\"262\" srcset=\"https:\/\/agora.xtec.cat\/ceipmarianao\/wp-content\/uploads\/usu17\/2020\/02\/IMG_20180926_155717.jpg 968w, https:\/\/agora.xtec.cat\/ceipmarianao\/wp-content\/uploads\/usu17\/2020\/02\/IMG_20180926_155717-300x225.jpg 300w, https:\/\/agora.xtec.cat\/ceipmarianao\/wp-content\/uploads\/usu17\/2020\/02\/IMG_20180926_155717-768x576.jpg 768w, https:\/\/agora.xtec.cat\/ceipmarianao\/wp-content\/uploads\/usu17\/2020\/02\/IMG_20180926_155717-200x150.jpg 200w\" sizes=\"auto, (max-width: 350px) 100vw, 350px\" \/>\u00a0<\/a> <a href=\"https:\/\/agora.xtec.cat\/ceipmarianao\/wp-content\/uploads\/usu17\/2020\/02\/IMG_20200221_112450-1.jpg\"><img loading=\"lazy\" decoding=\"async\" class=\"wp-image-2680 aligncenter\" src=\"https:\/\/agora.xtec.cat\/ceipmarianao\/wp-content\/uploads\/usu17\/2020\/02\/IMG_20200221_112450-1.jpg\" alt=\"\" width=\"350\" height=\"329\" srcset=\"https:\/\/agora.xtec.cat\/ceipmarianao\/wp-content\/uploads\/usu17\/2020\/02\/IMG_20200221_112450-1.jpg 897w, https:\/\/agora.xtec.cat\/ceipmarianao\/wp-content\/uploads\/usu17\/2020\/02\/IMG_20200221_112450-1-300x282.jpg 300w, https:\/\/agora.xtec.cat\/ceipmarianao\/wp-content\/uploads\/usu17\/2020\/02\/IMG_20200221_112450-1-768x721.jpg 768w\" sizes=\"auto, (max-width: 350px) 100vw, 350px\" \/><\/a><\/p>\n<p style=\"text-align: justify;\">L\u2019Escola Marianao \u00e9s centre ILEC: apostem pel foment de la lectura, en el sentit m\u00e9s ampli de la paraula, com a instrument i contingut d\u2019estudi de tot aprenentatge i coneixement. Considerem les tres vessants de la lectura: aprendre a llegir, llegir per aprendre i gust per la lectura.<br \/>\nRealitzem tot un seguit d\u2019actuacions per enfortir aquesta creen\u00e7a:<\/p>\n<ul style=\"list-style-type: disc;\">\n<li style=\"text-align: justify;\">Biblioteca escolar (cliqueu a la imatge):<a href=\"https:\/\/aplicacions.gestioeducativa.gencat.cat\/epergam\/web\/biblioteca.jsp?codi=08025599\"><img loading=\"lazy\" decoding=\"async\" class=\"aligncenter wp-image-1439\" src=\"http:\/\/agora.xtec.cat\/ceipmarianao\/wp-content\/uploads\/usu17\/2016\/02\/epergam-1.png\" alt=\"epergam\" width=\"96\" height=\"30\" \/><\/a><\/li>\n<li style=\"text-align: justify;\">Proves ACL: s\u00f3n proves que avaluen totes les dimensions de la comprensi\u00f3 lectora de l\u2019alumnat, de 2n a 6\u00e8 de Prim\u00e0ria. Any rere any verifiquem i tenim criteris d\u2019avaluaci\u00f3 objectius que confirmen que els infants milloren considerablement els seus resultats despr\u00e9s de treballar aquest \u00e0mbit de la lectura.<\/li>\n<li style=\"text-align: justify;\">30\u2019 de lectura: a l\u2019horari escolar de l\u2019alumnat hi ha destinats 30\u2019 espec\u00edficament a la lectura i al temps per a parlar de la lectura: silenciosa, per parelles, col\u00b7lectiva, mestre\/a com a model&#8230;<\/li>\n<li style=\"text-align: justify;\">Viatge al planeta lector: mitjan\u00e7ant aquest aprenentatge-servei, els infants de 6\u00e8 apadrinen els infants de 1r i els fan acompanyament i els motiven a endinsar-se en el m\u00f3n de la lectura, fent tota una s\u00e8rie d\u2019activitats al llarg del curs on els m\u00e9s grans fan de referent dels m\u00e9s petits.<\/li>\n<li style=\"text-align: justify;\">Marat\u00f3 de Contes: durant la setmana de Sant Jordi, i arran aquesta festivitat, es programa, entre d\u2019altres activitats, que puguin venir familiars a explicar contes o hist\u00f2ries a la classe dels seus nens i nenes.<\/li>\n<li style=\"text-align: justify;\">Jocs Florals: participem als Jocs Florals del municipi, conjuntament amb altres centres d&#8217;Infantil i de Prim\u00e0ria. Suposa una experi\u00e8ncia \u00fanica per als infants on es valora l\u2019esfor\u00e7 realitzat.<\/li>\n<li style=\"text-align: justify;\">Bibliopati: \u00e9s un espai <em>chillout<\/em> on els infants de Prim\u00e0ria, de 1r a 6\u00e8, poden consultar llibres, contes i c\u00f2mics, relaxadament, durant l\u2019estona d\u2019esbarjo.<\/li>\n<\/ul>\n","protected":false},"excerpt":{"rendered":"<p><a style=\"font-weight: bold; font-family: inherit; font-size: 1em;\" href=\"https:\/\/agora.xtec.cat\/ceipmarianao\/wp-content\/uploads\/usu17\/2020\/02\/IMG_20180926_155721.jpg\">\u00a0<\/a> <a style=\"font-weight: bold; font-family: inherit; font-size: 1em;\" href=\"https:\/\/agora.xtec.cat\/ceipmarianao\/wp-content\/uploads\/usu17\/2020\/02\/IMG_20180926_155717.jpg\">\u00a0<\/a> <a href=\"https:\/\/agora.xtec.cat\/ceipmarianao\/wp-content\/uploads\/usu17\/2020\/02\/IMG_20200221_112450-1.jpg\"><\/a><br \/>\nL\u2019Escola Marianao \u00e9s centre ILEC: apostem pel foment de la lectura, en el sentit m\u00e9s ampli de la paraula, com a instrument i contingut d\u2019estudi de tot aprenentatge&hellip;  <a href=\"https:\/\/agora.xtec.cat\/ceipmarianao\/projecte-educatiu-i\/projectes-descola\/impuls-a-la-lectura-ilec\/\" title=\"Read Impuls a la lectura (ILEC)\">Llegeix m\u00e9s\u00bb<\/a><\/p>\n","protected":false},"author":4,"featured_media":0,"parent":289,"menu_order":0,"comment_status":"closed","ping_status":"closed","template":"page-templates\/side-menu.php","meta":{"_bbp_topic_count":0,"_bbp_reply_count":0,"_bbp_total_topic_count":0,"_bbp_total_reply_count":0,"_bbp_voice_count":0,"_bbp_anonymous_reply_count":0,"_bbp_topic_count_hidden":0,"_bbp_reply_count_hidden":0,"_bbp_forum_subforum_count":0,"footnotes":""},"class_list":["post-573","page","type-page","status-publish","hentry"],"post_mailing_queue_ids":[],"_links":{"self":[{"href":"https:\/\/agora.xtec.cat\/ceipmarianao\/wp-json\/wp\/v2\/pages\/573","targetHints":{"allow":["GET"]}}],"collection":[{"href":"https:\/\/agora.xtec.cat\/ceipmarianao\/wp-json\/wp\/v2\/pages"}],"about":[{"href":"https:\/\/agora.xtec.cat\/ceipmarianao\/wp-json\/wp\/v2\/types\/page"}],"author":[{"embeddable":true,"href":"https:\/\/agora.xtec.cat\/ceipmarianao\/wp-json\/wp\/v2\/users\/4"}],"replies":[{"embeddable":true,"href":"https:\/\/agora.xtec.cat\/ceipmarianao\/wp-json\/wp\/v2\/comments?post=573"}],"version-history":[{"count":6,"href":"https:\/\/agora.xtec.cat\/ceipmarianao\/wp-json\/wp\/v2\/pages\/573\/revisions"}],"predecessor-version":[{"id":5269,"href":"https:\/\/agora.xtec.cat\/ceipmarianao\/wp-json\/wp\/v2\/pages\/573\/revisions\/5269"}],"up":[{"embeddable":true,"href":"https:\/\/agora.xtec.cat\/ceipmarianao\/wp-json\/wp\/v2\/pages\/289"}],"wp:attachment":[{"href":"https:\/\/agora.xtec.cat\/ceipmarianao\/wp-json\/wp\/v2\/media?parent=573"}],"curies":[{"name":"wp","href":"https:\/\/api.w.org\/{rel}","templated":true}]}}

<p><a style="font-weight: bold; font-family: inherit; font-size: 1em;" href="https://agora.xtec.cat/ceipmarianao/wp-content/uploads/usu17/2020/02/IMG_20180926_155721.jpg"><img loading="lazy" decoding="async" class="wp-image-2678 aligncenter" src="https://agora.xtec.cat/ceipmarianao/wp-content/uploads/usu17/2020/02/IMG_20180926_155721.jpg" alt="" width="350" height="263" srcset="https://agora.xtec.cat/ceipmarianao/wp-content/uploads/usu17/2020/02/IMG_20180926_155721.jpg 968w, https://agora.xtec.cat/ceipmarianao/wp-content/uploads/usu17/2020/02/IMG_20180926_155721-300x225.jpg 300w, https://agora.xtec.cat/ceipmarianao/wp-content/uploads/usu17/2020/02/IMG_20180926_155721-768x576.jpg 768w, https://agora.xtec.cat/ceipmarianao/wp-content/uploads/usu17/2020/02/IMG_20180926_155721-200x150.jpg 200w" sizes="auto, (max-width: 350px) 100vw, 350px" /> </a> <a style="font-weight: bold; font-family: inherit; font-size: 1em;" href="https://agora.xtec.cat/ceipmarianao/wp-content/uploads/usu17/2020/02/IMG_20180926_155717.jpg"><img loading="lazy" decoding="async" class="wp-image-2679 aligncenter" src="https://agora.xtec.cat/ceipmarianao/wp-content/uploads/usu17/2020/02/IMG_20180926_155717.jpg" alt="" width="350" height="262" srcset="https://agora.xtec.cat/ceipmarianao/wp-content/uploads/usu17/2020/02/IMG_20180926_155717.jpg 968w, https://agora.xtec.cat/ceipmarianao/wp-content/uploads/usu17/2020/02/IMG_20180926_155717-300x225.jpg 300w, https://agora.xtec.cat/ceipmarianao/wp-content/uploads/usu17/2020/02/IMG_20180926_155717-768x576.jpg 768w, https://agora.xtec.cat/ceipmarianao/wp-content/uploads/usu17/2020/02/IMG_20180926_155717-200x150.jpg 200w" sizes="auto, (max-width: 350px) 100vw, 350px" /> </a> <a href="https://agora.xtec.cat/ceipmarianao/wp-content/uploads/usu17/2020/02/IMG_20200221_112450-1.jpg"><img loading="lazy" decoding="async" class="wp-image-2680 aligncenter" src="https://agora.xtec.cat/ceipmarianao/wp-content/uploads/usu17/2020/02/IMG_20200221_112450-1.jpg" alt="" width="350" height="329" srcset="https://agora.xtec.cat/ceipmarianao/wp-content/uploads/usu17/2020/02/IMG_20200221_112450-1.jpg 897w, https://agora.xtec.cat/ceipmarianao/wp-content/uploads/usu17/2020/02/IMG_20200221_112450-1-300x282.jpg 300w, https://agora.xtec.cat/ceipmarianao/wp-content/uploads/usu17/2020/02/IMG_20200221_112450-1-768x721.jpg 768w" sizes="auto, (max-width: 350px) 100vw, 350px" /></a></p>
<p style="text-align: justify;">L’Escola Marianao és centre ILEC: apostem pel foment de la lectura, en el sentit més ampli de la paraula, com a instrument i contingut d’estudi de tot aprenentatge i coneixement. Considerem les tres vessants de la lectura: aprendre a llegir, llegir per aprendre i gust per la lectura.<br />
Realitzem tot un seguit d’actuacions per enfortir aquesta creença:</p>
<ul style="list-style-type: disc;">
<li style="text-align: justify;">Biblioteca escolar (cliqueu a la imatge):<a href="https://aplicacions.gestioeducativa.gencat.cat/epergam/web/biblioteca.jsp?codi=08025599"><img loading="lazy" decoding="async" class="aligncenter wp-image-1439" src="http://agora.xtec.cat/ceipmarianao/wp-content/uploads/usu17/2016/02/epergam-1.png" alt="epergam" width="96" height="30" /></a></li>
<li style="text-align: justify;">Proves ACL: són proves que avaluen totes les dimensions de la comprensió lectora de l’alumnat, de 2n a 6è de Primària. Any rere any verifiquem i tenim criteris d’avaluació objectius que confirmen que els infants milloren considerablement els seus resultats després de treballar aquest àmbit de la lectura.</li>
<li style="text-align: justify;">30’ de lectura: a l’horari escolar de l’alumnat hi ha destinats 30’ específicament a la lectura i al temps per a parlar de la lectura: silenciosa, per parelles, col·lectiva, mestre/a com a model&#8230;</li>
<li style="text-align: justify;">Viatge al planeta lector: mitjançant aquest aprenentatge-servei, els infants de 6è apadrinen els infants de 1r i els fan acompanyament i els motiven a endinsar-se en el món de la lectura, fent tota una sèrie d’activitats al llarg del curs on els més grans fan de referent dels més petits.</li>
<li style="text-align: justify;">Marató de Contes: durant la setmana de Sant Jordi, i arran aquesta festivitat, es programa, entre d’altres activitats, que puguin venir familiars a explicar contes o històries a la classe dels seus nens i nenes.</li>
<li style="text-align: justify;">Jocs Florals: participem als Jocs Florals del municipi, conjuntament amb altres centres d&#8217;Infantil i de Primària. Suposa una experiència única per als infants on es valora l’esforç realitzat.</li>
<li style="text-align: justify;">Bibliopati: és un espai <em>chillout</em> on els infants de Primària, de 1r a 6è, poden consultar llibres, contes i còmics, relaxadament, durant l’estona d’esbarjo.</li>
</ul>

<p><a style="font-weight: bold; font-family: inherit; font-size: 1em;" href="https://agora.xtec.cat/ceipmarianao/wp-content/uploads/usu17/2020/02/IMG_20180926_155721.jpg"> </a> <a style="font-weight: bold; font-family: inherit; font-size: 1em;" href="https://agora.xtec.cat/ceipmarianao/wp-content/uploads/usu17/2020/02/IMG_20180926_155717.jpg"> </a> <a href="https://agora.xtec.cat/ceipmarianao/wp-content/uploads/usu17/2020/02/IMG_20200221_112450-1.jpg"></a><br />
L’Escola Marianao és centre ILEC: apostem pel foment de la lectura, en el sentit més ampli de la paraula, com a instrument i contingut d’estudi de tot aprenentatge&hellip;  <a href="https://agora.xtec.cat/ceipmarianao/projecte-educatiu-i/projectes-descola/impuls-a-la-lectura-ilec/" title="Read Impuls a la lectura (ILEC)">Llegeix més»</a></p>
