{"id":556,"date":"2016-02-27T16:20:57","date_gmt":"2016-02-27T15:20:57","guid":{"rendered":"http:\/\/agora.xtec.cat\/ceipmarianao\/?page_id=556"},"modified":"2022-02-27T20:23:39","modified_gmt":"2022-02-27T19:23:39","slug":"escola-verda","status":"publish","type":"page","link":"https:\/\/agora.xtec.cat\/ceipmarianao\/projecte-educatiu-i\/projectes-descola\/escola-verda\/","title":{"rendered":"Escola Verda"},"content":{"rendered":"<p style=\"text-align: center;\"><a href=\"https:\/\/agora.xtec.cat\/ceipmarianao\/wp-content\/uploads\/usu17\/2020\/02\/IMG_20181214_093528.jpg\"><img loading=\"lazy\" decoding=\"async\" class=\"wp-image-2673 aligncenter\" src=\"https:\/\/agora.xtec.cat\/ceipmarianao\/wp-content\/uploads\/usu17\/2020\/02\/IMG_20181214_093528.jpg\" alt=\"\" width=\"350\" height=\"263\" srcset=\"https:\/\/agora.xtec.cat\/ceipmarianao\/wp-content\/uploads\/usu17\/2020\/02\/IMG_20181214_093528.jpg 900w, https:\/\/agora.xtec.cat\/ceipmarianao\/wp-content\/uploads\/usu17\/2020\/02\/IMG_20181214_093528-300x225.jpg 300w, https:\/\/agora.xtec.cat\/ceipmarianao\/wp-content\/uploads\/usu17\/2020\/02\/IMG_20181214_093528-768x576.jpg 768w, https:\/\/agora.xtec.cat\/ceipmarianao\/wp-content\/uploads\/usu17\/2020\/02\/IMG_20181214_093528-200x150.jpg 200w\" sizes=\"auto, (max-width: 350px) 100vw, 350px\" \/><\/a><a href=\"https:\/\/agora.xtec.cat\/ceipmarianao\/wp-content\/uploads\/usu17\/2022\/02\/DSCN2186-scaled.jpg\"><img loading=\"lazy\" decoding=\"async\" class=\"wp-image-4019 aligncenter\" src=\"https:\/\/agora.xtec.cat\/ceipmarianao\/wp-content\/uploads\/usu17\/2022\/02\/DSCN2186-1024x768.jpg\" alt=\"\" width=\"350\" height=\"262\" srcset=\"https:\/\/agora.xtec.cat\/ceipmarianao\/wp-content\/uploads\/usu17\/2022\/02\/DSCN2186-1024x768.jpg 1024w, https:\/\/agora.xtec.cat\/ceipmarianao\/wp-content\/uploads\/usu17\/2022\/02\/DSCN2186-300x225.jpg 300w, https:\/\/agora.xtec.cat\/ceipmarianao\/wp-content\/uploads\/usu17\/2022\/02\/DSCN2186-768x576.jpg 768w, https:\/\/agora.xtec.cat\/ceipmarianao\/wp-content\/uploads\/usu17\/2022\/02\/DSCN2186-1536x1152.jpg 1536w, https:\/\/agora.xtec.cat\/ceipmarianao\/wp-content\/uploads\/usu17\/2022\/02\/DSCN2186-2048x1536.jpg 2048w, https:\/\/agora.xtec.cat\/ceipmarianao\/wp-content\/uploads\/usu17\/2022\/02\/DSCN2186-200x150.jpg 200w\" sizes=\"auto, (max-width: 350px) 100vw, 350px\" \/><\/a><a href=\"https:\/\/agora.xtec.cat\/ceipmarianao\/wp-content\/uploads\/usu17\/2022\/02\/OLICLAK-scaled.jpg\"><img loading=\"lazy\" decoding=\"async\" class=\"wp-image-4026 aligncenter\" src=\"https:\/\/agora.xtec.cat\/ceipmarianao\/wp-content\/uploads\/usu17\/2022\/02\/OLICLAK-1024x768.jpg\" alt=\"\" width=\"350\" height=\"262\" srcset=\"https:\/\/agora.xtec.cat\/ceipmarianao\/wp-content\/uploads\/usu17\/2022\/02\/OLICLAK-1024x768.jpg 1024w, https:\/\/agora.xtec.cat\/ceipmarianao\/wp-content\/uploads\/usu17\/2022\/02\/OLICLAK-300x225.jpg 300w, https:\/\/agora.xtec.cat\/ceipmarianao\/wp-content\/uploads\/usu17\/2022\/02\/OLICLAK-768x576.jpg 768w, https:\/\/agora.xtec.cat\/ceipmarianao\/wp-content\/uploads\/usu17\/2022\/02\/OLICLAK-1536x1152.jpg 1536w, https:\/\/agora.xtec.cat\/ceipmarianao\/wp-content\/uploads\/usu17\/2022\/02\/OLICLAK-2048x1536.jpg 2048w, https:\/\/agora.xtec.cat\/ceipmarianao\/wp-content\/uploads\/usu17\/2022\/02\/OLICLAK-200x150.jpg 200w\" sizes=\"auto, (max-width: 350px) 100vw, 350px\" \/><\/a><\/p>\n<p style=\"text-align: justify;\">Tenim el distintiu d\u2019Escola Verda des de l\u2019any 2009 i participem a la Xarxa d\u2019Escoles per a la Sostenibilitat de Catalunya i de Sant Boi. Respectem i cuidem el medi ambient i afavorim totes les actuacions sostenibles que estan al nostre abast: compostatge, reducci\u00f3 de la generaci\u00f3 de residus (\u00fas de carmanyola o boc\u2019n roll, reutilitzaci\u00f3 de paper, circulars via correu electr\u00f2nic); recollida selectiva de residus (paper, pl\u00e0stic, mat\u00e8ria org\u00e0nica, <a href=\"http:\/\/www.claki.cat\/\" target=\"_blank\" rel=\"noopener noreferrer\">oli<\/a>\u00a0i <a href=\"https:\/\/drive.google.com\/file\/d\/0B7L1ZOzeL__SR3cyYktDR3Z5OGM\/view?usp=sharing\">piles<\/a>); participaci\u00f3 als projectes proposats per l&#8217;Ajuntament de Sant Boi: Sant Boi Sa (menja sa i fes esport i sumar\u00e0s vida) i Marat\u00f3 de l&#8217;estalvi energ\u00e8tic; realitzaci\u00f3 de la gimcana de medi ambient i de l\u2019esmorzar saludable; celebraci\u00f3 de la setmana de la ci\u00e8ncia -aula de ci\u00e8ncies-; creaci\u00f3 de la figura dels i de les assessors i assessores mediambientals&#8230; I molt m\u00e9s.<\/p>\n","protected":false},"excerpt":{"rendered":"<p><a href=\"https:\/\/agora.xtec.cat\/ceipmarianao\/wp-content\/uploads\/usu17\/2020\/02\/IMG_20181214_093528.jpg\"><\/a><a href=\"https:\/\/agora.xtec.cat\/ceipmarianao\/wp-content\/uploads\/usu17\/2022\/02\/DSCN2186-scaled.jpg\"><\/a><a href=\"https:\/\/agora.xtec.cat\/ceipmarianao\/wp-content\/uploads\/usu17\/2022\/02\/OLICLAK-scaled.jpg\"><\/a><br \/>\nTenim el distintiu d\u2019Escola Verda des de l\u2019any 2009 i participem a la Xarxa d\u2019Escoles per a la Sostenibilitat de Catalunya i de Sant Boi. Respectem i cuidem el medi ambient i afavorim totes les actuacions sostenibles que estan al nostre abast:&hellip;  <a href=\"https:\/\/agora.xtec.cat\/ceipmarianao\/projecte-educatiu-i\/projectes-descola\/escola-verda\/\" title=\"Read Escola Verda\">Llegeix m\u00e9s\u00bb<\/a><\/p>\n","protected":false},"author":4,"featured_media":0,"parent":289,"menu_order":0,"comment_status":"closed","ping_status":"closed","template":"page-templates\/side-menu.php","meta":{"_bbp_topic_count":0,"_bbp_reply_count":0,"_bbp_total_topic_count":0,"_bbp_total_reply_count":0,"_bbp_voice_count":0,"_bbp_anonymous_reply_count":0,"_bbp_topic_count_hidden":0,"_bbp_reply_count_hidden":0,"_bbp_forum_subforum_count":0,"footnotes":""},"class_list":["post-556","page","type-page","status-publish","hentry"],"post_mailing_queue_ids":[],"_links":{"self":[{"href":"https:\/\/agora.xtec.cat\/ceipmarianao\/wp-json\/wp\/v2\/pages\/556","targetHints":{"allow":["GET"]}}],"collection":[{"href":"https:\/\/agora.xtec.cat\/ceipmarianao\/wp-json\/wp\/v2\/pages"}],"about":[{"href":"https:\/\/agora.xtec.cat\/ceipmarianao\/wp-json\/wp\/v2\/types\/page"}],"author":[{"embeddable":true,"href":"https:\/\/agora.xtec.cat\/ceipmarianao\/wp-json\/wp\/v2\/users\/4"}],"replies":[{"embeddable":true,"href":"https:\/\/agora.xtec.cat\/ceipmarianao\/wp-json\/wp\/v2\/comments?post=556"}],"version-history":[{"count":4,"href":"https:\/\/agora.xtec.cat\/ceipmarianao\/wp-json\/wp\/v2\/pages\/556\/revisions"}],"predecessor-version":[{"id":4094,"href":"https:\/\/agora.xtec.cat\/ceipmarianao\/wp-json\/wp\/v2\/pages\/556\/revisions\/4094"}],"up":[{"embeddable":true,"href":"https:\/\/agora.xtec.cat\/ceipmarianao\/wp-json\/wp\/v2\/pages\/289"}],"wp:attachment":[{"href":"https:\/\/agora.xtec.cat\/ceipmarianao\/wp-json\/wp\/v2\/media?parent=556"}],"curies":[{"name":"wp","href":"https:\/\/api.w.org\/{rel}","templated":true}]}}

<p style="text-align: center;"><a href="https://agora.xtec.cat/ceipmarianao/wp-content/uploads/usu17/2020/02/IMG_20181214_093528.jpg"><img loading="lazy" decoding="async" class="wp-image-2673 aligncenter" src="https://agora.xtec.cat/ceipmarianao/wp-content/uploads/usu17/2020/02/IMG_20181214_093528.jpg" alt="" width="350" height="263" srcset="https://agora.xtec.cat/ceipmarianao/wp-content/uploads/usu17/2020/02/IMG_20181214_093528.jpg 900w, https://agora.xtec.cat/ceipmarianao/wp-content/uploads/usu17/2020/02/IMG_20181214_093528-300x225.jpg 300w, https://agora.xtec.cat/ceipmarianao/wp-content/uploads/usu17/2020/02/IMG_20181214_093528-768x576.jpg 768w, https://agora.xtec.cat/ceipmarianao/wp-content/uploads/usu17/2020/02/IMG_20181214_093528-200x150.jpg 200w" sizes="auto, (max-width: 350px) 100vw, 350px" /></a><a href="https://agora.xtec.cat/ceipmarianao/wp-content/uploads/usu17/2022/02/DSCN2186-scaled.jpg"><img loading="lazy" decoding="async" class="wp-image-4019 aligncenter" src="https://agora.xtec.cat/ceipmarianao/wp-content/uploads/usu17/2022/02/DSCN2186-1024x768.jpg" alt="" width="350" height="262" srcset="https://agora.xtec.cat/ceipmarianao/wp-content/uploads/usu17/2022/02/DSCN2186-1024x768.jpg 1024w, https://agora.xtec.cat/ceipmarianao/wp-content/uploads/usu17/2022/02/DSCN2186-300x225.jpg 300w, https://agora.xtec.cat/ceipmarianao/wp-content/uploads/usu17/2022/02/DSCN2186-768x576.jpg 768w, https://agora.xtec.cat/ceipmarianao/wp-content/uploads/usu17/2022/02/DSCN2186-1536x1152.jpg 1536w, https://agora.xtec.cat/ceipmarianao/wp-content/uploads/usu17/2022/02/DSCN2186-2048x1536.jpg 2048w, https://agora.xtec.cat/ceipmarianao/wp-content/uploads/usu17/2022/02/DSCN2186-200x150.jpg 200w" sizes="auto, (max-width: 350px) 100vw, 350px" /></a><a href="https://agora.xtec.cat/ceipmarianao/wp-content/uploads/usu17/2022/02/OLICLAK-scaled.jpg"><img loading="lazy" decoding="async" class="wp-image-4026 aligncenter" src="https://agora.xtec.cat/ceipmarianao/wp-content/uploads/usu17/2022/02/OLICLAK-1024x768.jpg" alt="" width="350" height="262" srcset="https://agora.xtec.cat/ceipmarianao/wp-content/uploads/usu17/2022/02/OLICLAK-1024x768.jpg 1024w, https://agora.xtec.cat/ceipmarianao/wp-content/uploads/usu17/2022/02/OLICLAK-300x225.jpg 300w, https://agora.xtec.cat/ceipmarianao/wp-content/uploads/usu17/2022/02/OLICLAK-768x576.jpg 768w, https://agora.xtec.cat/ceipmarianao/wp-content/uploads/usu17/2022/02/OLICLAK-1536x1152.jpg 1536w, https://agora.xtec.cat/ceipmarianao/wp-content/uploads/usu17/2022/02/OLICLAK-2048x1536.jpg 2048w, https://agora.xtec.cat/ceipmarianao/wp-content/uploads/usu17/2022/02/OLICLAK-200x150.jpg 200w" sizes="auto, (max-width: 350px) 100vw, 350px" /></a></p>
<p style="text-align: justify;">Tenim el distintiu d’Escola Verda des de l’any 2009 i participem a la Xarxa d’Escoles per a la Sostenibilitat de Catalunya i de Sant Boi. Respectem i cuidem el medi ambient i afavorim totes les actuacions sostenibles que estan al nostre abast: compostatge, reducció de la generació de residus (ús de carmanyola o boc’n roll, reutilització de paper, circulars via correu electrònic); recollida selectiva de residus (paper, plàstic, matèria orgànica, <a href="http://www.claki.cat/" target="_blank" rel="noopener noreferrer">oli</a> i <a href="https://drive.google.com/file/d/0B7L1ZOzeL__SR3cyYktDR3Z5OGM/view?usp=sharing">piles</a>); participació als projectes proposats per l&#8217;Ajuntament de Sant Boi: Sant Boi Sa (menja sa i fes esport i sumaràs vida) i Marató de l&#8217;estalvi energètic; realització de la gimcana de medi ambient i de l’esmorzar saludable; celebració de la setmana de la ciència -aula de ciències-; creació de la figura dels i de les assessors i assessores mediambientals&#8230; I molt més.</p>

<p><a href="https://agora.xtec.cat/ceipmarianao/wp-content/uploads/usu17/2020/02/IMG_20181214_093528.jpg"></a><a href="https://agora.xtec.cat/ceipmarianao/wp-content/uploads/usu17/2022/02/DSCN2186-scaled.jpg"></a><a href="https://agora.xtec.cat/ceipmarianao/wp-content/uploads/usu17/2022/02/OLICLAK-scaled.jpg"></a><br />
Tenim el distintiu d’Escola Verda des de l’any 2009 i participem a la Xarxa d’Escoles per a la Sostenibilitat de Catalunya i de Sant Boi. Respectem i cuidem el medi ambient i afavorim totes les actuacions sostenibles que estan al nostre abast:&hellip;  <a href="https://agora.xtec.cat/ceipmarianao/projecte-educatiu-i/projectes-descola/escola-verda/" title="Read Escola Verda">Llegeix més»</a></p>
