{"id":553,"date":"2016-02-27T16:17:42","date_gmt":"2016-02-27T15:17:42","guid":{"rendered":"http:\/\/agora.xtec.cat\/ceipmarianao\/?page_id=553"},"modified":"2026-02-26T14:48:34","modified_gmt":"2026-02-26T13:48:34","slug":"projecte-interdisciplinari-de-centre","status":"publish","type":"page","link":"https:\/\/agora.xtec.cat\/ceipmarianao\/projecte-educatiu-i\/projectes-descola\/projecte-interdisciplinari-de-centre\/","title":{"rendered":"Projecte interdisciplinari de centre"},"content":{"rendered":"<p style=\"text-align: justify;\"><span style=\"font-weight: 400;\">Cada curs escolar es tria, a nivell d&#8217;alumnat, una tem\u00e0tica per al projecte interdisciplinari d\u2019escola. Es defineixen els objectius generals i els espec\u00edfics de cada cicle o nivell, els continguts, les activitats i els criteris d\u2019avaluaci\u00f3 i es treballa com a eix transversal, de forma cooperativa, i des de totes les \u00e0rees. Esdev\u00e9 el fil conductor de moltes de les activitats del centre. Aquest curs el Projecte gira entorn &#8220;DISNEY&#8221;.<\/span><\/p>\n<p style=\"text-align: center;\"><a href=\"https:\/\/agora.xtec.cat\/ceipmarianao\/wp-content\/uploads\/usu17\/2026\/02\/793d1e9d-ff4f-4c9c-831c-4c1a0fc69d20.jpg\"><img loading=\"lazy\" decoding=\"async\" class=\"aligncenter  wp-image-5649\" src=\"https:\/\/agora.xtec.cat\/ceipmarianao\/wp-content\/uploads\/usu17\/2026\/02\/793d1e9d-ff4f-4c9c-831c-4c1a0fc69d20-300x169.jpg\" alt=\"\" width=\"501\" height=\"282\" srcset=\"https:\/\/agora.xtec.cat\/ceipmarianao\/wp-content\/uploads\/usu17\/2026\/02\/793d1e9d-ff4f-4c9c-831c-4c1a0fc69d20-300x169.jpg 300w, https:\/\/agora.xtec.cat\/ceipmarianao\/wp-content\/uploads\/usu17\/2026\/02\/793d1e9d-ff4f-4c9c-831c-4c1a0fc69d20-1024x576.jpg 1024w, https:\/\/agora.xtec.cat\/ceipmarianao\/wp-content\/uploads\/usu17\/2026\/02\/793d1e9d-ff4f-4c9c-831c-4c1a0fc69d20-768x432.jpg 768w, https:\/\/agora.xtec.cat\/ceipmarianao\/wp-content\/uploads\/usu17\/2026\/02\/793d1e9d-ff4f-4c9c-831c-4c1a0fc69d20-1536x864.jpg 1536w, https:\/\/agora.xtec.cat\/ceipmarianao\/wp-content\/uploads\/usu17\/2026\/02\/793d1e9d-ff4f-4c9c-831c-4c1a0fc69d20.jpg 2000w\" sizes=\"auto, (max-width: 501px) 100vw, 501px\" \/><\/a><\/p>\n","protected":false},"excerpt":{"rendered":"<p>Cada curs escolar es tria, a nivell d&#8217;alumnat, una tem\u00e0tica per al projecte interdisciplinari d\u2019escola. Es defineixen els objectius generals i els espec\u00edfics de cada cicle o nivell, els continguts, les activitats i els criteris d\u2019avaluaci\u00f3 i es treballa com a eix transversal, de forma&hellip;  <a href=\"https:\/\/agora.xtec.cat\/ceipmarianao\/projecte-educatiu-i\/projectes-descola\/projecte-interdisciplinari-de-centre\/\" title=\"Read Projecte interdisciplinari de centre\">Llegeix m\u00e9s\u00bb<\/a><\/p>\n","protected":false},"author":4,"featured_media":0,"parent":289,"menu_order":0,"comment_status":"closed","ping_status":"closed","template":"page-templates\/side-menu.php","meta":{"_bbp_topic_count":0,"_bbp_reply_count":0,"_bbp_total_topic_count":0,"_bbp_total_reply_count":0,"_bbp_voice_count":0,"_bbp_anonymous_reply_count":0,"_bbp_topic_count_hidden":0,"_bbp_reply_count_hidden":0,"_bbp_forum_subforum_count":0,"footnotes":""},"class_list":["post-553","page","type-page","status-publish","hentry"],"post_mailing_queue_ids":[],"_links":{"self":[{"href":"https:\/\/agora.xtec.cat\/ceipmarianao\/wp-json\/wp\/v2\/pages\/553","targetHints":{"allow":["GET"]}}],"collection":[{"href":"https:\/\/agora.xtec.cat\/ceipmarianao\/wp-json\/wp\/v2\/pages"}],"about":[{"href":"https:\/\/agora.xtec.cat\/ceipmarianao\/wp-json\/wp\/v2\/types\/page"}],"author":[{"embeddable":true,"href":"https:\/\/agora.xtec.cat\/ceipmarianao\/wp-json\/wp\/v2\/users\/4"}],"replies":[{"embeddable":true,"href":"https:\/\/agora.xtec.cat\/ceipmarianao\/wp-json\/wp\/v2\/comments?post=553"}],"version-history":[{"count":7,"href":"https:\/\/agora.xtec.cat\/ceipmarianao\/wp-json\/wp\/v2\/pages\/553\/revisions"}],"predecessor-version":[{"id":5650,"href":"https:\/\/agora.xtec.cat\/ceipmarianao\/wp-json\/wp\/v2\/pages\/553\/revisions\/5650"}],"up":[{"embeddable":true,"href":"https:\/\/agora.xtec.cat\/ceipmarianao\/wp-json\/wp\/v2\/pages\/289"}],"wp:attachment":[{"href":"https:\/\/agora.xtec.cat\/ceipmarianao\/wp-json\/wp\/v2\/media?parent=553"}],"curies":[{"name":"wp","href":"https:\/\/api.w.org\/{rel}","templated":true}]}}

<p style="text-align: justify;"><span style="font-weight: 400;">Cada curs escolar es tria, a nivell d&#8217;alumnat, una temàtica per al projecte interdisciplinari d’escola. Es defineixen els objectius generals i els específics de cada cicle o nivell, els continguts, les activitats i els criteris d’avaluació i es treballa com a eix transversal, de forma cooperativa, i des de totes les àrees. Esdevé el fil conductor de moltes de les activitats del centre. Aquest curs el Projecte gira entorn &#8220;DISNEY&#8221;.</span></p>
<p style="text-align: center;"><a href="https://agora.xtec.cat/ceipmarianao/wp-content/uploads/usu17/2026/02/793d1e9d-ff4f-4c9c-831c-4c1a0fc69d20.jpg"><img loading="lazy" decoding="async" class="aligncenter  wp-image-5649" src="https://agora.xtec.cat/ceipmarianao/wp-content/uploads/usu17/2026/02/793d1e9d-ff4f-4c9c-831c-4c1a0fc69d20-300x169.jpg" alt="" width="501" height="282" srcset="https://agora.xtec.cat/ceipmarianao/wp-content/uploads/usu17/2026/02/793d1e9d-ff4f-4c9c-831c-4c1a0fc69d20-300x169.jpg 300w, https://agora.xtec.cat/ceipmarianao/wp-content/uploads/usu17/2026/02/793d1e9d-ff4f-4c9c-831c-4c1a0fc69d20-1024x576.jpg 1024w, https://agora.xtec.cat/ceipmarianao/wp-content/uploads/usu17/2026/02/793d1e9d-ff4f-4c9c-831c-4c1a0fc69d20-768x432.jpg 768w, https://agora.xtec.cat/ceipmarianao/wp-content/uploads/usu17/2026/02/793d1e9d-ff4f-4c9c-831c-4c1a0fc69d20-1536x864.jpg 1536w, https://agora.xtec.cat/ceipmarianao/wp-content/uploads/usu17/2026/02/793d1e9d-ff4f-4c9c-831c-4c1a0fc69d20.jpg 2000w" sizes="auto, (max-width: 501px) 100vw, 501px" /></a></p>

<p>Cada curs escolar es tria, a nivell d&#8217;alumnat, una temàtica per al projecte interdisciplinari d’escola. Es defineixen els objectius generals i els específics de cada cicle o nivell, els continguts, les activitats i els criteris d’avaluació i es treballa com a eix transversal, de forma&hellip;  <a href="https://agora.xtec.cat/ceipmarianao/projecte-educatiu-i/projectes-descola/projecte-interdisciplinari-de-centre/" title="Read Projecte interdisciplinari de centre">Llegeix més»</a></p>
