{"id":504,"date":"2016-02-24T21:30:04","date_gmt":"2016-02-24T20:30:04","guid":{"rendered":"http:\/\/agora.xtec.cat\/ceipmarianao\/?page_id=504"},"modified":"2022-07-06T10:28:02","modified_gmt":"2022-07-06T08:28:02","slug":"entorn","status":"publish","type":"page","link":"https:\/\/agora.xtec.cat\/ceipmarianao\/entorn\/","title":{"rendered":"Entorn"},"content":{"rendered":"<p style=\"text-align: justify;\">L&#8217;escola participa en el desenvolupament de projectes i\/o plans promocionals impulsats per entitats del nostre entorn proper. En aquesta secci\u00f3 trobareu informaci\u00f3 dels seg\u00fcents aspectes:<\/p>\n<ul>\n<li style=\"text-align: justify;\">Comunitat<\/li>\n<li style=\"text-align: justify;\">Solidaritat<\/li>\n<li style=\"text-align: justify;\">Festes<\/li>\n<li style=\"text-align: justify;\">Sortides<\/li>\n<li style=\"text-align: justify;\">Col\u00f2nies<\/li>\n<\/ul>\n","protected":false},"excerpt":{"rendered":"<p>L&#8217;escola participa en el desenvolupament de projectes i\/o plans promocionals impulsats per entitats del nostre entorn proper. En aquesta secci\u00f3 trobareu informaci\u00f3 dels seg\u00fcents aspectes:<\/p>\n<ul>\n<li style=\"text-align: justify;\">Comunitat<\/li>\n<li style=\"text-align: justify;\">Solidaritat<\/li>\n<li style=\"text-align: justify;\">Festes<\/li>\n<li style=\"text-align: justify;\">Sortides<\/li>\n<li style=\"text-align: justify;\">Col\u00f2nies<\/li>\n<\/ul>\n","protected":false},"author":4,"featured_media":0,"parent":0,"menu_order":0,"comment_status":"closed","ping_status":"closed","template":"page-templates\/side-menu.php","meta":{"_bbp_topic_count":0,"_bbp_reply_count":0,"_bbp_total_topic_count":0,"_bbp_total_reply_count":0,"_bbp_voice_count":0,"_bbp_anonymous_reply_count":0,"_bbp_topic_count_hidden":0,"_bbp_reply_count_hidden":0,"_bbp_forum_subforum_count":0,"footnotes":""},"class_list":["post-504","page","type-page","status-publish","hentry"],"post_mailing_queue_ids":[],"_links":{"self":[{"href":"https:\/\/agora.xtec.cat\/ceipmarianao\/wp-json\/wp\/v2\/pages\/504","targetHints":{"allow":["GET"]}}],"collection":[{"href":"https:\/\/agora.xtec.cat\/ceipmarianao\/wp-json\/wp\/v2\/pages"}],"about":[{"href":"https:\/\/agora.xtec.cat\/ceipmarianao\/wp-json\/wp\/v2\/types\/page"}],"author":[{"embeddable":true,"href":"https:\/\/agora.xtec.cat\/ceipmarianao\/wp-json\/wp\/v2\/users\/4"}],"replies":[{"embeddable":true,"href":"https:\/\/agora.xtec.cat\/ceipmarianao\/wp-json\/wp\/v2\/comments?post=504"}],"version-history":[{"count":3,"href":"https:\/\/agora.xtec.cat\/ceipmarianao\/wp-json\/wp\/v2\/pages\/504\/revisions"}],"predecessor-version":[{"id":4277,"href":"https:\/\/agora.xtec.cat\/ceipmarianao\/wp-json\/wp\/v2\/pages\/504\/revisions\/4277"}],"wp:attachment":[{"href":"https:\/\/agora.xtec.cat\/ceipmarianao\/wp-json\/wp\/v2\/media?parent=504"}],"curies":[{"name":"wp","href":"https:\/\/api.w.org\/{rel}","templated":true}]}}

<p style="text-align: justify;">L&#8217;escola participa en el desenvolupament de projectes i/o plans promocionals impulsats per entitats del nostre entorn proper. En aquesta secció trobareu informació dels següents aspectes:</p>
<ul>
<li style="text-align: justify;">Comunitat</li>
<li style="text-align: justify;">Solidaritat</li>
<li style="text-align: justify;">Festes</li>
<li style="text-align: justify;">Sortides</li>
<li style="text-align: justify;">Colònies</li>
</ul>

<p>L&#8217;escola participa en el desenvolupament de projectes i/o plans promocionals impulsats per entitats del nostre entorn proper. En aquesta secció trobareu informació dels següents aspectes:</p>
<ul>
<li style="text-align: justify;">Comunitat</li>
<li style="text-align: justify;">Solidaritat</li>
<li style="text-align: justify;">Festes</li>
<li style="text-align: justify;">Sortides</li>
<li style="text-align: justify;">Colònies</li>
</ul>
