{"id":496,"date":"2016-02-24T20:44:23","date_gmt":"2016-02-24T19:44:23","guid":{"rendered":"http:\/\/agora.xtec.cat\/ceipmarianao\/?page_id=496"},"modified":"2023-07-13T12:25:46","modified_gmt":"2023-07-13T10:25:46","slug":"eap","status":"publish","type":"page","link":"https:\/\/agora.xtec.cat\/ceipmarianao\/serveis\/eap\/","title":{"rendered":"EAP"},"content":{"rendered":"<p style=\"text-align: justify;\">Setmanalment tenim al centre el suport d\u2019una psicopedagoga de l\u2019EAP (Equip d\u2019Atenci\u00f3 Psicopedag\u00f2gica). Fa el seguiment de l\u2019alumnat de l\u2019escola escolaritzat amb dictamen de NESE (Necessitats Educatives de Suport Educatiu) o de NEE-B (Necessitats per situaci\u00f3 social o cultural desfavorida) i el dels infants amb problemes greus d\u2019aprenentatge i\/o de conducta i ens en d\u00f3na orientacions tant a nosaltres com a les fam\u00edlies. A m\u00e9s, col\u00b7labora amb l\u2019equip docent en l\u2019atenci\u00f3 a la diversitat. Puntualment, quan \u00e9s necessari, tamb\u00e9 comptem amb la col\u00b7laboraci\u00f3 de la treballadora social de l\u2019EAP.<\/p>\n<p style=\"text-align: center;\">\n","protected":false},"excerpt":{"rendered":"<p>Setmanalment tenim al centre el suport d\u2019una psicopedagoga de l\u2019EAP (Equip d\u2019Atenci\u00f3 Psicopedag\u00f2gica). Fa el seguiment de l\u2019alumnat de l\u2019escola escolaritzat amb dictamen de NESE (Necessitats Educatives de Suport Educatiu) o de NEE-B (Necessitats per situaci\u00f3 social o cultural desfavorida) i el dels infants amb&hellip;  <a href=\"https:\/\/agora.xtec.cat\/ceipmarianao\/serveis\/eap\/\" title=\"Read EAP\">Llegeix m\u00e9s\u00bb<\/a><\/p>\n","protected":false},"author":4,"featured_media":0,"parent":66,"menu_order":15,"comment_status":"closed","ping_status":"closed","template":"page-templates\/side-menu.php","meta":{"_bbp_topic_count":0,"_bbp_reply_count":0,"_bbp_total_topic_count":0,"_bbp_total_reply_count":0,"_bbp_voice_count":0,"_bbp_anonymous_reply_count":0,"_bbp_topic_count_hidden":0,"_bbp_reply_count_hidden":0,"_bbp_forum_subforum_count":0,"footnotes":""},"class_list":["post-496","page","type-page","status-publish","hentry"],"post_mailing_queue_ids":[],"_links":{"self":[{"href":"https:\/\/agora.xtec.cat\/ceipmarianao\/wp-json\/wp\/v2\/pages\/496","targetHints":{"allow":["GET"]}}],"collection":[{"href":"https:\/\/agora.xtec.cat\/ceipmarianao\/wp-json\/wp\/v2\/pages"}],"about":[{"href":"https:\/\/agora.xtec.cat\/ceipmarianao\/wp-json\/wp\/v2\/types\/page"}],"author":[{"embeddable":true,"href":"https:\/\/agora.xtec.cat\/ceipmarianao\/wp-json\/wp\/v2\/users\/4"}],"replies":[{"embeddable":true,"href":"https:\/\/agora.xtec.cat\/ceipmarianao\/wp-json\/wp\/v2\/comments?post=496"}],"version-history":[{"count":3,"href":"https:\/\/agora.xtec.cat\/ceipmarianao\/wp-json\/wp\/v2\/pages\/496\/revisions"}],"predecessor-version":[{"id":4814,"href":"https:\/\/agora.xtec.cat\/ceipmarianao\/wp-json\/wp\/v2\/pages\/496\/revisions\/4814"}],"up":[{"embeddable":true,"href":"https:\/\/agora.xtec.cat\/ceipmarianao\/wp-json\/wp\/v2\/pages\/66"}],"wp:attachment":[{"href":"https:\/\/agora.xtec.cat\/ceipmarianao\/wp-json\/wp\/v2\/media?parent=496"}],"curies":[{"name":"wp","href":"https:\/\/api.w.org\/{rel}","templated":true}]}}

<p style="text-align: justify;">Setmanalment tenim al centre el suport d’una psicopedagoga de l’EAP (Equip d’Atenció Psicopedagògica). Fa el seguiment de l’alumnat de l’escola escolaritzat amb dictamen de NESE (Necessitats Educatives de Suport Educatiu) o de NEE-B (Necessitats per situació social o cultural desfavorida) i el dels infants amb problemes greus d’aprenentatge i/o de conducta i ens en dóna orientacions tant a nosaltres com a les famílies. A més, col·labora amb l’equip docent en l’atenció a la diversitat. Puntualment, quan és necessari, també comptem amb la col·laboració de la treballadora social de l’EAP.</p>
<p style="text-align: center;">

<p>Setmanalment tenim al centre el suport d’una psicopedagoga de l’EAP (Equip d’Atenció Psicopedagògica). Fa el seguiment de l’alumnat de l’escola escolaritzat amb dictamen de NESE (Necessitats Educatives de Suport Educatiu) o de NEE-B (Necessitats per situació social o cultural desfavorida) i el dels infants amb&hellip;  <a href="https://agora.xtec.cat/ceipmarianao/serveis/eap/" title="Read EAP">Llegeix més»</a></p>
