{"id":3582,"date":"2021-02-17T11:20:37","date_gmt":"2021-02-17T10:20:37","guid":{"rendered":"https:\/\/agora.xtec.cat\/ceipmarianao\/?page_id=3582"},"modified":"2023-01-23T12:25:33","modified_gmt":"2023-01-23T11:25:33","slug":"xarxa-de-competencies-basiques","status":"publish","type":"page","link":"https:\/\/agora.xtec.cat\/ceipmarianao\/projecte-educatiu-i\/projectes-descola\/xarxa-de-competencies-basiques\/","title":{"rendered":"Xarxa de Compet\u00e8ncies"},"content":{"rendered":"<p style=\"text-align: center;\"><a href=\"https:\/\/agora.xtec.cat\/ceipmarianao\/wp-content\/uploads\/usu17\/2023\/01\/xarxa-1.png\"><img loading=\"lazy\" decoding=\"async\" class=\"alignnone size-full wp-image-4474\" src=\"https:\/\/agora.xtec.cat\/ceipmarianao\/wp-content\/uploads\/usu17\/2023\/01\/xarxa-1.png\" alt=\"\" width=\"309\" height=\"120\" srcset=\"https:\/\/agora.xtec.cat\/ceipmarianao\/wp-content\/uploads\/usu17\/2023\/01\/xarxa-1.png 309w, https:\/\/agora.xtec.cat\/ceipmarianao\/wp-content\/uploads\/usu17\/2023\/01\/xarxa-1-300x117.png 300w\" sizes=\"auto, (max-width: 309px) 100vw, 309px\" \/><\/a> <a href=\"https:\/\/agora.xtec.cat\/ceipmarianao\/wp-content\/uploads\/usu17\/2023\/01\/xarxa.png\"><img loading=\"lazy\" decoding=\"async\" class=\"alignnone size-large wp-image-4475\" src=\"https:\/\/agora.xtec.cat\/ceipmarianao\/wp-content\/uploads\/usu17\/2023\/01\/xarxa.png\" alt=\"\" width=\"268\" height=\"151\" \/><\/a><\/p>\n<p style=\"text-align: justify;\">Des de fa tres cursos participem a la <a href=\"https:\/\/projectes.xtec.cat\/xarxacb\/\">Xarxa de Compet\u00e8ncies<\/a>. La Xarxa de Compet\u00e8ncies (XC) \u00e9s una modalitat de formaci\u00f3 i desenvolupament professional docent basat en l\u2019aprenentatge entre iguals i en xarxa, promoguda pel Departament d\u2019Educaci\u00f3, dins el seu pla de formaci\u00f3 permanent. La Xarxa est\u00e0 formada per equips docents de centres d\u2019educaci\u00f3 infantil, prim\u00e0ria, secund\u00e0ria i batxillerat que volen iniciar, mantenir o consolidar processos de reflexi\u00f3-acci\u00f3 en equip i en xarxa per transformar l\u2019escola en un espai que afavoreixi l\u2019aprenentatge i ajudi els docents a millorar el seu desenvolupament professional i als centres a constituir-se en organitzacions que aprenen. Actualment est\u00e0 formada per m\u00e9s de 700 centres, tant de prim\u00e0ria com de secund\u00e0ria, organitzats en xarxes territorials, i implica m\u00e9s de 10.000 docents.<\/p>\n<p style=\"text-align: justify;\">A m\u00e9s a m\u00e9s, tamb\u00e9 vam formar part d&#8217;Escola Nova 21 (EN21), programa que ens va ajudar a reflexionar sobre els nostres objectius com a docents i com a centre.<\/p>\n","protected":false},"excerpt":{"rendered":"<p><a href=\"https:\/\/agora.xtec.cat\/ceipmarianao\/wp-content\/uploads\/usu17\/2023\/01\/xarxa-1.png\"><\/a> <a href=\"https:\/\/agora.xtec.cat\/ceipmarianao\/wp-content\/uploads\/usu17\/2023\/01\/xarxa.png\"><\/a><br \/>\nDes de fa tres cursos participem a la <a href=\"https:\/\/projectes.xtec.cat\/xarxacb\/\">Xarxa de Compet\u00e8ncies<\/a>. La Xarxa de Compet\u00e8ncies (XC) \u00e9s una modalitat de formaci\u00f3 i desenvolupament professional docent basat en l\u2019aprenentatge entre iguals i en xarxa, promoguda pel Departament d\u2019Educaci\u00f3, dins el seu pla&hellip;  <a href=\"https:\/\/agora.xtec.cat\/ceipmarianao\/projecte-educatiu-i\/projectes-descola\/xarxa-de-competencies-basiques\/\" title=\"Read Xarxa de Compet\u00e8ncies\">Llegeix m\u00e9s\u00bb<\/a><\/p>\n","protected":false},"author":3,"featured_media":0,"parent":289,"menu_order":0,"comment_status":"closed","ping_status":"closed","template":"page-templates\/side-menu.php","meta":{"_bbp_topic_count":0,"_bbp_reply_count":0,"_bbp_total_topic_count":0,"_bbp_total_reply_count":0,"_bbp_voice_count":0,"_bbp_anonymous_reply_count":0,"_bbp_topic_count_hidden":0,"_bbp_reply_count_hidden":0,"_bbp_forum_subforum_count":0,"footnotes":""},"class_list":["post-3582","page","type-page","status-publish","hentry"],"post_mailing_queue_ids":[],"_links":{"self":[{"href":"https:\/\/agora.xtec.cat\/ceipmarianao\/wp-json\/wp\/v2\/pages\/3582","targetHints":{"allow":["GET"]}}],"collection":[{"href":"https:\/\/agora.xtec.cat\/ceipmarianao\/wp-json\/wp\/v2\/pages"}],"about":[{"href":"https:\/\/agora.xtec.cat\/ceipmarianao\/wp-json\/wp\/v2\/types\/page"}],"author":[{"embeddable":true,"href":"https:\/\/agora.xtec.cat\/ceipmarianao\/wp-json\/wp\/v2\/users\/3"}],"replies":[{"embeddable":true,"href":"https:\/\/agora.xtec.cat\/ceipmarianao\/wp-json\/wp\/v2\/comments?post=3582"}],"version-history":[{"count":3,"href":"https:\/\/agora.xtec.cat\/ceipmarianao\/wp-json\/wp\/v2\/pages\/3582\/revisions"}],"predecessor-version":[{"id":4476,"href":"https:\/\/agora.xtec.cat\/ceipmarianao\/wp-json\/wp\/v2\/pages\/3582\/revisions\/4476"}],"up":[{"embeddable":true,"href":"https:\/\/agora.xtec.cat\/ceipmarianao\/wp-json\/wp\/v2\/pages\/289"}],"wp:attachment":[{"href":"https:\/\/agora.xtec.cat\/ceipmarianao\/wp-json\/wp\/v2\/media?parent=3582"}],"curies":[{"name":"wp","href":"https:\/\/api.w.org\/{rel}","templated":true}]}}

Xarxa de Competències

<p style="text-align: center;"><a href="https://agora.xtec.cat/ceipmarianao/wp-content/uploads/usu17/2023/01/xarxa-1.png"><img loading="lazy" decoding="async" class="alignnone size-full wp-image-4474" src="https://agora.xtec.cat/ceipmarianao/wp-content/uploads/usu17/2023/01/xarxa-1.png" alt="" width="309" height="120" srcset="https://agora.xtec.cat/ceipmarianao/wp-content/uploads/usu17/2023/01/xarxa-1.png 309w, https://agora.xtec.cat/ceipmarianao/wp-content/uploads/usu17/2023/01/xarxa-1-300x117.png 300w" sizes="auto, (max-width: 309px) 100vw, 309px" /></a> <a href="https://agora.xtec.cat/ceipmarianao/wp-content/uploads/usu17/2023/01/xarxa.png"><img loading="lazy" decoding="async" class="alignnone size-large wp-image-4475" src="https://agora.xtec.cat/ceipmarianao/wp-content/uploads/usu17/2023/01/xarxa.png" alt="" width="268" height="151" /></a></p>
<p style="text-align: justify;">Des de fa tres cursos participem a la <a href="https://projectes.xtec.cat/xarxacb/">Xarxa de Competències</a>. La Xarxa de Competències (XC) és una modalitat de formació i desenvolupament professional docent basat en l’aprenentatge entre iguals i en xarxa, promoguda pel Departament d’Educació, dins el seu pla de formació permanent. La Xarxa està formada per equips docents de centres d’educació infantil, primària, secundària i batxillerat que volen iniciar, mantenir o consolidar processos de reflexió-acció en equip i en xarxa per transformar l’escola en un espai que afavoreixi l’aprenentatge i ajudi els docents a millorar el seu desenvolupament professional i als centres a constituir-se en organitzacions que aprenen. Actualment està formada per més de 700 centres, tant de primària com de secundària, organitzats en xarxes territorials, i implica més de 10.000 docents.</p>
<p style="text-align: justify;">A més a més, també vam formar part d&#8217;Escola Nova 21 (EN21), programa que ens va ajudar a reflexionar sobre els nostres objectius com a docents i com a centre.</p>

<p><a href="https://agora.xtec.cat/ceipmarianao/wp-content/uploads/usu17/2023/01/xarxa-1.png"></a> <a href="https://agora.xtec.cat/ceipmarianao/wp-content/uploads/usu17/2023/01/xarxa.png"></a><br />
Des de fa tres cursos participem a la <a href="https://projectes.xtec.cat/xarxacb/">Xarxa de Competències</a>. La Xarxa de Competències (XC) és una modalitat de formació i desenvolupament professional docent basat en l’aprenentatge entre iguals i en xarxa, promoguda pel Departament d’Educació, dins el seu pla&hellip;  <a href="https://agora.xtec.cat/ceipmarianao/projecte-educatiu-i/projectes-descola/xarxa-de-competencies-basiques/" title="Read Xarxa de Competències">Llegeix més»</a></p>
