{"id":34,"date":"2014-09-18T12:32:18","date_gmt":"2014-09-18T12:32:18","guid":{"rendered":"http:\/\/agora.xtec.cat\/ceipmarianao\/?page_id=34"},"modified":"2022-08-24T22:47:42","modified_gmt":"2022-08-24T20:47:42","slug":"oferta-educativa","status":"publish","type":"page","link":"https:\/\/agora.xtec.cat\/ceipmarianao\/lescola\/oferta-educativa\/","title":{"rendered":"Oferta educativa"},"content":{"rendered":"<p style=\"text-align: justify;\"><span style=\"color: #000000;\"><strong>Educaci\u00f3 Infantil:<\/strong> Segon Cicle (I3, I4 i I5).<\/span><\/p>\n<p style=\"text-align: justify;\"><span style=\"color: #000000;\"><strong>Educaci\u00f3 Prim\u00e0ria: <\/strong>Cicle Inicial (1r i 2n); Cicle Mitj\u00e0 (3r i 4t); Cicle Superior (5\u00e8 i 6\u00e8)<\/span><\/p>\n<p style=\"text-align: justify;\"><span style=\"color: #000000;\"><strong>Educaci\u00f3 Secund\u00e0ria:<\/strong> la nostra escola est\u00e0 adscrita a l&#8217;Institut Marianao. Els i les alumnes que opten per aquest institut a la secund\u00e0ria tenen prioritat per adscripci\u00f3 a l&#8217;hora d&#8217;obtenir pla\u00e7a.<\/span><\/p>\n<p><a href=\"http:\/\/agora.xtec.cat\/ceipmarianao\/wp-content\/uploads\/usu17\/2014\/09\/oferta_educativa15.jpg\"><img loading=\"lazy\" decoding=\"async\" class=\"wp-image-244 aligncenter\" src=\"http:\/\/agora.xtec.cat\/ceipmarianao\/wp-content\/uploads\/usu17\/2014\/09\/oferta_educativa15-300x294.jpg\" alt=\"Oferta Educativa 2015\" width=\"342\" height=\"335\" srcset=\"https:\/\/agora.xtec.cat\/ceipmarianao\/wp-content\/uploads\/usu17\/2014\/09\/oferta_educativa15-300x294.jpg 300w, https:\/\/agora.xtec.cat\/ceipmarianao\/wp-content\/uploads\/usu17\/2014\/09\/oferta_educativa15.jpg 556w\" sizes=\"auto, (max-width: 342px) 100vw, 342px\" \/><\/a><\/p>\n","protected":false},"excerpt":{"rendered":"<p>Educaci\u00f3 Infantil: Segon Cicle (I3, I4 i I5).<br \/>\nEducaci\u00f3 Prim\u00e0ria: Cicle Inicial (1r i 2n); Cicle Mitj\u00e0 (3r i 4t); Cicle Superior (5\u00e8 i 6\u00e8)<br \/>\nEducaci\u00f3 Secund\u00e0ria: la nostra escola est\u00e0 adscrita a l&#8217;Institut Marianao. Els i les alumnes que opten per aquest institut a la secund\u00e0ria&hellip;  <a href=\"https:\/\/agora.xtec.cat\/ceipmarianao\/lescola\/oferta-educativa\/\" title=\"Read Oferta educativa\">Llegeix m\u00e9s\u00bb<\/a><\/p>\n","protected":false},"author":2,"featured_media":0,"parent":22,"menu_order":60,"comment_status":"closed","ping_status":"closed","template":"page-templates\/side-menu.php","meta":{"_bbp_topic_count":0,"_bbp_reply_count":0,"_bbp_total_topic_count":0,"_bbp_total_reply_count":0,"_bbp_voice_count":0,"_bbp_anonymous_reply_count":0,"_bbp_topic_count_hidden":0,"_bbp_reply_count_hidden":0,"_bbp_forum_subforum_count":0,"footnotes":""},"class_list":["post-34","page","type-page","status-publish","hentry"],"post_mailing_queue_ids":[],"_links":{"self":[{"href":"https:\/\/agora.xtec.cat\/ceipmarianao\/wp-json\/wp\/v2\/pages\/34","targetHints":{"allow":["GET"]}}],"collection":[{"href":"https:\/\/agora.xtec.cat\/ceipmarianao\/wp-json\/wp\/v2\/pages"}],"about":[{"href":"https:\/\/agora.xtec.cat\/ceipmarianao\/wp-json\/wp\/v2\/types\/page"}],"author":[{"embeddable":true,"href":"https:\/\/agora.xtec.cat\/ceipmarianao\/wp-json\/wp\/v2\/users\/2"}],"replies":[{"embeddable":true,"href":"https:\/\/agora.xtec.cat\/ceipmarianao\/wp-json\/wp\/v2\/comments?post=34"}],"version-history":[{"count":5,"href":"https:\/\/agora.xtec.cat\/ceipmarianao\/wp-json\/wp\/v2\/pages\/34\/revisions"}],"predecessor-version":[{"id":4333,"href":"https:\/\/agora.xtec.cat\/ceipmarianao\/wp-json\/wp\/v2\/pages\/34\/revisions\/4333"}],"up":[{"embeddable":true,"href":"https:\/\/agora.xtec.cat\/ceipmarianao\/wp-json\/wp\/v2\/pages\/22"}],"wp:attachment":[{"href":"https:\/\/agora.xtec.cat\/ceipmarianao\/wp-json\/wp\/v2\/media?parent=34"}],"curies":[{"name":"wp","href":"https:\/\/api.w.org\/{rel}","templated":true}]}}