{"id":312,"date":"2015-12-10T11:55:12","date_gmt":"2015-12-10T10:55:12","guid":{"rendered":"http:\/\/agora.xtec.cat\/ceipmarianao\/?page_id=312"},"modified":"2022-07-06T10:26:30","modified_gmt":"2022-07-06T08:26:30","slug":"projecte-educatiu-i","status":"publish","type":"page","link":"https:\/\/agora.xtec.cat\/ceipmarianao\/projecte-educatiu-i\/","title":{"rendered":"Trets d&#8217;identitat"},"content":{"rendered":"<p style=\"text-align: justify;\">El centre es defineix com a escola inclusiva, laica i respectuosa amb la pluralitat, \u00e9s a dir, respectuosa amb les diverses maneres de pensar i oberta a tothom: cap fam\u00edlia, cap alumne\/a, cap dels treballadors\/es no podr\u00e0 ser discriminat\/da per ra\u00f3 de la seva confessionalitat o aconfessionalitat religiosa, proced\u00e8ncia, cultura o \u00e8tnia. Fonamentada en els valors democr\u00e0tics, \u00e9s respectuosa amb les diverses concepcions filos\u00f2fiques del m\u00f3n i de la vida i amb les diverses ideologies pol\u00edtiques.<br \/>\nEls principis de qualitat pedag\u00f2gica de l\u2019Escola s\u00f3n: la direcci\u00f3 responsable, la dedicaci\u00f3 i professionalitat dels i de les docents, l\u2019avaluaci\u00f3, el retiment de comptes, la implicaci\u00f3 de les fam\u00edlies, la preservaci\u00f3 de l\u2019equitat, la cerca de l\u2019excel\u00b7l\u00e8ncia i el respecte a les idees i les creences dels i de les alumnes i de llurs mares, pares o tutors\/es.<br \/>\nLa nostra MISSI\u00d3 \u00e9s formar l\u2019alumnat en les capacitats i compet\u00e8ncies pr\u00f2pies de l\u2019etapa d\u2019Educaci\u00f3 Infantil i Prim\u00e0ria i educar en les actituds de respecte a totes les persones.<br \/>\nVetllem per la formaci\u00f3 integral del nostre alumnat, tenint en compte les dimensions individuals i socials de cada infant, cercant el seu desenvolupament i perfeccionament en diversos \u00e0mbits: f\u00edsic, intel\u00b7lectual, moral,&#8230;, aspectes que integren la seva personalitat.<br \/>\nL\u2019Escola Marianao t\u00e9 com a VISI\u00d3 la millora de la qualitat de l\u2019educaci\u00f3 impartida al centre i la integraci\u00f3 i interacci\u00f3 del centre amb el seu entorn. Formem part d\u2019una escola p\u00fablica que treballa en la l\u00ednia de millorar els resultats acad\u00e8mics i personals i de fomentar la cohesi\u00f3 social: com a escola inclusiva posem \u00e8mfasi en l\u2019atenci\u00f3 a la diversitat. Volem aprofitar els diferents indicadors de qu\u00e8 disposem per a avan\u00e7ar en l\u2019assoliment d\u2019aquests objectius.<\/p>\n","protected":false},"excerpt":{"rendered":"<p>El centre es defineix com a escola inclusiva, laica i respectuosa amb la pluralitat, \u00e9s a dir, respectuosa amb les diverses maneres de pensar i oberta a tothom: cap fam\u00edlia, cap alumne\/a, cap dels treballadors\/es no podr\u00e0 ser discriminat\/da per ra\u00f3 de la seva confessionalitat&hellip;  <a href=\"https:\/\/agora.xtec.cat\/ceipmarianao\/projecte-educatiu-i\/\" title=\"Read Trets d&#8217;identitat\">Llegeix m\u00e9s\u00bb<\/a><\/p>\n","protected":false},"author":4,"featured_media":0,"parent":0,"menu_order":0,"comment_status":"closed","ping_status":"closed","template":"page-templates\/side-menu.php","meta":{"_bbp_topic_count":0,"_bbp_reply_count":0,"_bbp_total_topic_count":0,"_bbp_total_reply_count":0,"_bbp_voice_count":0,"_bbp_anonymous_reply_count":0,"_bbp_topic_count_hidden":0,"_bbp_reply_count_hidden":0,"_bbp_forum_subforum_count":0,"footnotes":""},"class_list":["post-312","page","type-page","status-publish","hentry"],"post_mailing_queue_ids":[],"_links":{"self":[{"href":"https:\/\/agora.xtec.cat\/ceipmarianao\/wp-json\/wp\/v2\/pages\/312","targetHints":{"allow":["GET"]}}],"collection":[{"href":"https:\/\/agora.xtec.cat\/ceipmarianao\/wp-json\/wp\/v2\/pages"}],"about":[{"href":"https:\/\/agora.xtec.cat\/ceipmarianao\/wp-json\/wp\/v2\/types\/page"}],"author":[{"embeddable":true,"href":"https:\/\/agora.xtec.cat\/ceipmarianao\/wp-json\/wp\/v2\/users\/4"}],"replies":[{"embeddable":true,"href":"https:\/\/agora.xtec.cat\/ceipmarianao\/wp-json\/wp\/v2\/comments?post=312"}],"version-history":[{"count":4,"href":"https:\/\/agora.xtec.cat\/ceipmarianao\/wp-json\/wp\/v2\/pages\/312\/revisions"}],"predecessor-version":[{"id":4274,"href":"https:\/\/agora.xtec.cat\/ceipmarianao\/wp-json\/wp\/v2\/pages\/312\/revisions\/4274"}],"wp:attachment":[{"href":"https:\/\/agora.xtec.cat\/ceipmarianao\/wp-json\/wp\/v2\/media?parent=312"}],"curies":[{"name":"wp","href":"https:\/\/api.w.org\/{rel}","templated":true}]}}

<p style="text-align: justify;">El centre es defineix com a escola inclusiva, laica i respectuosa amb la pluralitat, és a dir, respectuosa amb les diverses maneres de pensar i oberta a tothom: cap família, cap alumne/a, cap dels treballadors/es no podrà ser discriminat/da per raó de la seva confessionalitat o aconfessionalitat religiosa, procedència, cultura o ètnia. Fonamentada en els valors democràtics, és respectuosa amb les diverses concepcions filosòfiques del món i de la vida i amb les diverses ideologies polítiques.<br />
Els principis de qualitat pedagògica de l’Escola són: la direcció responsable, la dedicació i professionalitat dels i de les docents, l’avaluació, el retiment de comptes, la implicació de les famílies, la preservació de l’equitat, la cerca de l’excel·lència i el respecte a les idees i les creences dels i de les alumnes i de llurs mares, pares o tutors/es.<br />
La nostra MISSIÓ és formar l’alumnat en les capacitats i competències pròpies de l’etapa d’Educació Infantil i Primària i educar en les actituds de respecte a totes les persones.<br />
Vetllem per la formació integral del nostre alumnat, tenint en compte les dimensions individuals i socials de cada infant, cercant el seu desenvolupament i perfeccionament en diversos àmbits: físic, intel·lectual, moral,&#8230;, aspectes que integren la seva personalitat.<br />
L’Escola Marianao té com a VISIÓ la millora de la qualitat de l’educació impartida al centre i la integració i interacció del centre amb el seu entorn. Formem part d’una escola pública que treballa en la línia de millorar els resultats acadèmics i personals i de fomentar la cohesió social: com a escola inclusiva posem èmfasi en l’atenció a la diversitat. Volem aprofitar els diferents indicadors de què disposem per a avançar en l’assoliment d’aquests objectius.</p>

<p>El centre es defineix com a escola inclusiva, laica i respectuosa amb la pluralitat, és a dir, respectuosa amb les diverses maneres de pensar i oberta a tothom: cap família, cap alumne/a, cap dels treballadors/es no podrà ser discriminat/da per raó de la seva confessionalitat&hellip;  <a href="https://agora.xtec.cat/ceipmarianao/projecte-educatiu-i/" title="Read Trets d&#8217;identitat">Llegeix més»</a></p>
