{"id":26,"date":"2014-09-18T12:24:32","date_gmt":"2014-09-18T12:24:32","guid":{"rendered":"http:\/\/agora.xtec.cat\/ceipmarianao\/?page_id=26"},"modified":"2025-08-21T17:17:27","modified_gmt":"2025-08-21T15:17:27","slug":"historia","status":"publish","type":"page","link":"https:\/\/agora.xtec.cat\/ceipmarianao\/lescola\/historia\/","title":{"rendered":"Hist\u00f2ria"},"content":{"rendered":"<p style=\"text-align: justify;\">La nostra Escola es va fundar l\u2019any 1975. El \u201cColegio P\u00fablico Marianao\u201d era un centre de doble l\u00ednia que impartia l\u2019EGB. Actualment, som una Escola d\u2019Educaci\u00f3 Infantil i Prim\u00e0ria, d\u2019una l\u00ednia educativa (dos grups a 3r i a 6\u00e8).<\/p>\n<p style=\"text-align: justify;\">La nostra Escola es diu Marianao com el nostre barri. El nom prov\u00e9 dels marquesos de Marianao, antics propietaris d\u2019un Palau constru\u00eft fa m\u00e9s d\u2019un segle, situat a un parc molt proper. El Marqu\u00e9s de Marianao era el successor d\u2019una fam\u00edlia catalana que es dedicava al comer\u00e7 i al tr\u00e0fic d\u2019esclaus entre \u00c0frica i Am\u00e8rica.<\/p>\n<p style=\"text-align: justify;\">La paraula Marianao procedeix de la paraula \u201cmayanabo\u201d, de la llengua dels indis abor\u00edgens cubans. Significa paisatge entre dos rius. Amb el temps, va evolucionar i va passar a denominar-se Marianabo i, posteriorment, Marianao.<\/p>\n<p><a href=\"https:\/\/agora.xtec.cat\/ceipmarianao\/wp-content\/uploads\/usu17\/2020\/02\/Imatge-pedra-commemorativa-40.jpg\"><img loading=\"lazy\" decoding=\"async\" class=\"aligncenter wp-image-2664\" src=\"https:\/\/agora.xtec.cat\/ceipmarianao\/wp-content\/uploads\/usu17\/2020\/02\/Imatge-pedra-commemorativa-40-300x225.jpg\" alt=\"\" width=\"408\" height=\"306\" srcset=\"https:\/\/agora.xtec.cat\/ceipmarianao\/wp-content\/uploads\/usu17\/2020\/02\/Imatge-pedra-commemorativa-40-300x225.jpg 300w, https:\/\/agora.xtec.cat\/ceipmarianao\/wp-content\/uploads\/usu17\/2020\/02\/Imatge-pedra-commemorativa-40-768x576.jpg 768w, https:\/\/agora.xtec.cat\/ceipmarianao\/wp-content\/uploads\/usu17\/2020\/02\/Imatge-pedra-commemorativa-40-1024x768.jpg 1024w, https:\/\/agora.xtec.cat\/ceipmarianao\/wp-content\/uploads\/usu17\/2020\/02\/Imatge-pedra-commemorativa-40-200x150.jpg 200w\" sizes=\"auto, (max-width: 408px) 100vw, 408px\" \/><\/a><\/p>\n","protected":false},"excerpt":{"rendered":"<p>La nostra Escola es va fundar l\u2019any 1975. El \u201cColegio P\u00fablico Marianao\u201d era un centre de doble l\u00ednia que impartia l\u2019EGB. Actualment, som una Escola d\u2019Educaci\u00f3 Infantil i Prim\u00e0ria, d\u2019una l\u00ednia educativa (dos grups a 3r i a 6\u00e8).<br \/>\nLa nostra Escola es diu Marianao com&hellip;  <a href=\"https:\/\/agora.xtec.cat\/ceipmarianao\/lescola\/historia\/\" title=\"Read Hist\u00f2ria\">Llegeix m\u00e9s\u00bb<\/a><\/p>\n","protected":false},"author":2,"featured_media":0,"parent":22,"menu_order":20,"comment_status":"closed","ping_status":"closed","template":"page-templates\/side-menu.php","meta":{"_bbp_topic_count":0,"_bbp_reply_count":0,"_bbp_total_topic_count":0,"_bbp_total_reply_count":0,"_bbp_voice_count":0,"_bbp_anonymous_reply_count":0,"_bbp_topic_count_hidden":0,"_bbp_reply_count_hidden":0,"_bbp_forum_subforum_count":0,"footnotes":""},"class_list":["post-26","page","type-page","status-publish","hentry"],"post_mailing_queue_ids":[],"_links":{"self":[{"href":"https:\/\/agora.xtec.cat\/ceipmarianao\/wp-json\/wp\/v2\/pages\/26","targetHints":{"allow":["GET"]}}],"collection":[{"href":"https:\/\/agora.xtec.cat\/ceipmarianao\/wp-json\/wp\/v2\/pages"}],"about":[{"href":"https:\/\/agora.xtec.cat\/ceipmarianao\/wp-json\/wp\/v2\/types\/page"}],"author":[{"embeddable":true,"href":"https:\/\/agora.xtec.cat\/ceipmarianao\/wp-json\/wp\/v2\/users\/2"}],"replies":[{"embeddable":true,"href":"https:\/\/agora.xtec.cat\/ceipmarianao\/wp-json\/wp\/v2\/comments?post=26"}],"version-history":[{"count":6,"href":"https:\/\/agora.xtec.cat\/ceipmarianao\/wp-json\/wp\/v2\/pages\/26\/revisions"}],"predecessor-version":[{"id":5421,"href":"https:\/\/agora.xtec.cat\/ceipmarianao\/wp-json\/wp\/v2\/pages\/26\/revisions\/5421"}],"up":[{"embeddable":true,"href":"https:\/\/agora.xtec.cat\/ceipmarianao\/wp-json\/wp\/v2\/pages\/22"}],"wp:attachment":[{"href":"https:\/\/agora.xtec.cat\/ceipmarianao\/wp-json\/wp\/v2\/media?parent=26"}],"curies":[{"name":"wp","href":"https:\/\/api.w.org\/{rel}","templated":true}]}}

Història

<p style="text-align: justify;">La nostra Escola es va fundar l’any 1975. El “Colegio Público Marianao” era un centre de doble línia que impartia l’EGB. Actualment, som una Escola d’Educació Infantil i Primària, d’una línia educativa (dos grups a 3r i a 6è).</p>
<p style="text-align: justify;">La nostra Escola es diu Marianao com el nostre barri. El nom prové dels marquesos de Marianao, antics propietaris d’un Palau construït fa més d’un segle, situat a un parc molt proper. El Marqués de Marianao era el successor d’una família catalana que es dedicava al comerç i al tràfic d’esclaus entre Àfrica i Amèrica.</p>
<p style="text-align: justify;">La paraula Marianao procedeix de la paraula “mayanabo”, de la llengua dels indis aborígens cubans. Significa paisatge entre dos rius. Amb el temps, va evolucionar i va passar a denominar-se Marianabo i, posteriorment, Marianao.</p>
<p><a href="https://agora.xtec.cat/ceipmarianao/wp-content/uploads/usu17/2020/02/Imatge-pedra-commemorativa-40.jpg"><img loading="lazy" decoding="async" class="aligncenter wp-image-2664" src="https://agora.xtec.cat/ceipmarianao/wp-content/uploads/usu17/2020/02/Imatge-pedra-commemorativa-40-300x225.jpg" alt="" width="408" height="306" srcset="https://agora.xtec.cat/ceipmarianao/wp-content/uploads/usu17/2020/02/Imatge-pedra-commemorativa-40-300x225.jpg 300w, https://agora.xtec.cat/ceipmarianao/wp-content/uploads/usu17/2020/02/Imatge-pedra-commemorativa-40-768x576.jpg 768w, https://agora.xtec.cat/ceipmarianao/wp-content/uploads/usu17/2020/02/Imatge-pedra-commemorativa-40-1024x768.jpg 1024w, https://agora.xtec.cat/ceipmarianao/wp-content/uploads/usu17/2020/02/Imatge-pedra-commemorativa-40-200x150.jpg 200w" sizes="auto, (max-width: 408px) 100vw, 408px" /></a></p>

<p>La nostra Escola es va fundar l’any 1975. El “Colegio Público Marianao” era un centre de doble línia que impartia l’EGB. Actualment, som una Escola d’Educació Infantil i Primària, d’una línia educativa (dos grups a 3r i a 6è).<br />
La nostra Escola es diu Marianao com&hellip;  <a href="https://agora.xtec.cat/ceipmarianao/lescola/historia/" title="Read Història">Llegeix més»</a></p>
