{"id":2225,"date":"2019-03-22T11:17:16","date_gmt":"2019-03-22T10:17:16","guid":{"rendered":"http:\/\/agora.xtec.cat\/ceipmarianao\/?page_id=2225"},"modified":"2026-02-06T17:17:04","modified_gmt":"2026-02-06T16:17:04","slug":"emprenedoria","status":"publish","type":"page","link":"https:\/\/agora.xtec.cat\/ceipmarianao\/projecte-educatiu-i\/projectes-descola\/emprenedoria\/","title":{"rendered":"Emprenedoria (CuEmE)"},"content":{"rendered":"<p style=\"text-align: center;\"><a href=\"https:\/\/agora.xtec.cat\/ceipmarianao\/wp-content\/uploads\/usu17\/2022\/02\/cueme.png\"><img loading=\"lazy\" decoding=\"async\" class=\"alignnone size-large wp-image-4023\" src=\"https:\/\/agora.xtec.cat\/ceipmarianao\/wp-content\/uploads\/usu17\/2022\/02\/cueme-1024x131.png\" alt=\"\" width=\"1024\" height=\"131\" srcset=\"https:\/\/agora.xtec.cat\/ceipmarianao\/wp-content\/uploads\/usu17\/2022\/02\/cueme-1024x131.png 1024w, https:\/\/agora.xtec.cat\/ceipmarianao\/wp-content\/uploads\/usu17\/2022\/02\/cueme-300x38.png 300w, https:\/\/agora.xtec.cat\/ceipmarianao\/wp-content\/uploads\/usu17\/2022\/02\/cueme-768x98.png 768w, https:\/\/agora.xtec.cat\/ceipmarianao\/wp-content\/uploads\/usu17\/2022\/02\/cueme.png 1109w\" sizes=\"auto, (max-width: 1024px) 100vw, 1024px\" \/><\/a><\/p>\n<p>&nbsp;<\/p>\n<p style=\"text-align: center;\"><a href=\"https:\/\/agora.xtec.cat\/ceipmarianao\/wp-content\/uploads\/usu17\/2026\/02\/Cueme.png\"><img loading=\"lazy\" decoding=\"async\" class=\"alignnone  wp-image-5621\" src=\"https:\/\/agora.xtec.cat\/ceipmarianao\/wp-content\/uploads\/usu17\/2026\/02\/Cueme-1024x724.png\" alt=\"\" width=\"583\" height=\"412\" srcset=\"https:\/\/agora.xtec.cat\/ceipmarianao\/wp-content\/uploads\/usu17\/2026\/02\/Cueme-1024x724.png 1024w, https:\/\/agora.xtec.cat\/ceipmarianao\/wp-content\/uploads\/usu17\/2026\/02\/Cueme-300x212.png 300w, https:\/\/agora.xtec.cat\/ceipmarianao\/wp-content\/uploads\/usu17\/2026\/02\/Cueme-768x543.png 768w, https:\/\/agora.xtec.cat\/ceipmarianao\/wp-content\/uploads\/usu17\/2026\/02\/Cueme-1536x1086.png 1536w, https:\/\/agora.xtec.cat\/ceipmarianao\/wp-content\/uploads\/usu17\/2026\/02\/Cueme.png 2000w\" sizes=\"auto, (max-width: 583px) 100vw, 583px\" \/><\/a><\/p>\n<p style=\"text-align: justify;\">Els infants del grup-classe de 5\u00e8 participen, conjuntament amb altres escoles de Sant Boi, al projecte &#8220;Cultura Emprenedora a l&#8217;Escola&#8221; (CuEmE): projecte per al foment de les compet\u00e8ncies i els valors de l&#8217;emprenedoria a trav\u00e9s de la creaci\u00f3 i la gesti\u00f3 d&#8217;una cooperativa a l&#8217;escola. Aquesta iniciativa \u00e9s promoguda per la Diputaci\u00f3 de Barcelona i hi col\u00b7labora l&#8217;Ajuntament de Sant Boi.<\/p>\n<p style=\"text-align: justify;\">Fruit d&#8217;aquest treball els nens i nenes elaboren uns productes que venen despr\u00e9s a una paradeta a alguna pla\u00e7a de Sant Boi.<\/p>\n<p style=\"text-align: justify;\">\n","protected":false},"excerpt":{"rendered":"<p><a href=\"https:\/\/agora.xtec.cat\/ceipmarianao\/wp-content\/uploads\/usu17\/2022\/02\/cueme.png\"><\/a><br \/>\n&nbsp;<br \/>\n<a href=\"https:\/\/agora.xtec.cat\/ceipmarianao\/wp-content\/uploads\/usu17\/2026\/02\/Cueme.png\"><\/a><br \/>\nEls infants del grup-classe de 5\u00e8 participen, conjuntament amb altres escoles de Sant Boi, al projecte &#8220;Cultura Emprenedora a l&#8217;Escola&#8221; (CuEmE): projecte per al foment de les compet\u00e8ncies i els valors de l&#8217;emprenedoria a trav\u00e9s de la creaci\u00f3 i la gesti\u00f3 d&#8217;una cooperativa&hellip;  <a href=\"https:\/\/agora.xtec.cat\/ceipmarianao\/projecte-educatiu-i\/projectes-descola\/emprenedoria\/\" title=\"Read Emprenedoria (CuEmE)\">Llegeix m\u00e9s\u00bb<\/a><\/p>\n","protected":false},"author":3,"featured_media":0,"parent":289,"menu_order":0,"comment_status":"closed","ping_status":"closed","template":"page-templates\/side-menu.php","meta":{"_bbp_topic_count":0,"_bbp_reply_count":0,"_bbp_total_topic_count":0,"_bbp_total_reply_count":0,"_bbp_voice_count":0,"_bbp_anonymous_reply_count":0,"_bbp_topic_count_hidden":0,"_bbp_reply_count_hidden":0,"_bbp_forum_subforum_count":0,"footnotes":""},"class_list":["post-2225","page","type-page","status-publish","hentry"],"post_mailing_queue_ids":[],"_links":{"self":[{"href":"https:\/\/agora.xtec.cat\/ceipmarianao\/wp-json\/wp\/v2\/pages\/2225","targetHints":{"allow":["GET"]}}],"collection":[{"href":"https:\/\/agora.xtec.cat\/ceipmarianao\/wp-json\/wp\/v2\/pages"}],"about":[{"href":"https:\/\/agora.xtec.cat\/ceipmarianao\/wp-json\/wp\/v2\/types\/page"}],"author":[{"embeddable":true,"href":"https:\/\/agora.xtec.cat\/ceipmarianao\/wp-json\/wp\/v2\/users\/3"}],"replies":[{"embeddable":true,"href":"https:\/\/agora.xtec.cat\/ceipmarianao\/wp-json\/wp\/v2\/comments?post=2225"}],"version-history":[{"count":7,"href":"https:\/\/agora.xtec.cat\/ceipmarianao\/wp-json\/wp\/v2\/pages\/2225\/revisions"}],"predecessor-version":[{"id":5622,"href":"https:\/\/agora.xtec.cat\/ceipmarianao\/wp-json\/wp\/v2\/pages\/2225\/revisions\/5622"}],"up":[{"embeddable":true,"href":"https:\/\/agora.xtec.cat\/ceipmarianao\/wp-json\/wp\/v2\/pages\/289"}],"wp:attachment":[{"href":"https:\/\/agora.xtec.cat\/ceipmarianao\/wp-json\/wp\/v2\/media?parent=2225"}],"curies":[{"name":"wp","href":"https:\/\/api.w.org\/{rel}","templated":true}]}}

<p style="text-align: center;"><a href="https://agora.xtec.cat/ceipmarianao/wp-content/uploads/usu17/2022/02/cueme.png"><img loading="lazy" decoding="async" class="alignnone size-large wp-image-4023" src="https://agora.xtec.cat/ceipmarianao/wp-content/uploads/usu17/2022/02/cueme-1024x131.png" alt="" width="1024" height="131" srcset="https://agora.xtec.cat/ceipmarianao/wp-content/uploads/usu17/2022/02/cueme-1024x131.png 1024w, https://agora.xtec.cat/ceipmarianao/wp-content/uploads/usu17/2022/02/cueme-300x38.png 300w, https://agora.xtec.cat/ceipmarianao/wp-content/uploads/usu17/2022/02/cueme-768x98.png 768w, https://agora.xtec.cat/ceipmarianao/wp-content/uploads/usu17/2022/02/cueme.png 1109w" sizes="auto, (max-width: 1024px) 100vw, 1024px" /></a></p>
<p>&nbsp;</p>
<p style="text-align: center;"><a href="https://agora.xtec.cat/ceipmarianao/wp-content/uploads/usu17/2026/02/Cueme.png"><img loading="lazy" decoding="async" class="alignnone  wp-image-5621" src="https://agora.xtec.cat/ceipmarianao/wp-content/uploads/usu17/2026/02/Cueme-1024x724.png" alt="" width="583" height="412" srcset="https://agora.xtec.cat/ceipmarianao/wp-content/uploads/usu17/2026/02/Cueme-1024x724.png 1024w, https://agora.xtec.cat/ceipmarianao/wp-content/uploads/usu17/2026/02/Cueme-300x212.png 300w, https://agora.xtec.cat/ceipmarianao/wp-content/uploads/usu17/2026/02/Cueme-768x543.png 768w, https://agora.xtec.cat/ceipmarianao/wp-content/uploads/usu17/2026/02/Cueme-1536x1086.png 1536w, https://agora.xtec.cat/ceipmarianao/wp-content/uploads/usu17/2026/02/Cueme.png 2000w" sizes="auto, (max-width: 583px) 100vw, 583px" /></a></p>
<p style="text-align: justify;">Els infants del grup-classe de 5è participen, conjuntament amb altres escoles de Sant Boi, al projecte &#8220;Cultura Emprenedora a l&#8217;Escola&#8221; (CuEmE): projecte per al foment de les competències i els valors de l&#8217;emprenedoria a través de la creació i la gestió d&#8217;una cooperativa a l&#8217;escola. Aquesta iniciativa és promoguda per la Diputació de Barcelona i hi col·labora l&#8217;Ajuntament de Sant Boi.</p>
<p style="text-align: justify;">Fruit d&#8217;aquest treball els nens i nenes elaboren uns productes que venen després a una paradeta a alguna plaça de Sant Boi.</p>
<p style="text-align: justify;">

<p><a href="https://agora.xtec.cat/ceipmarianao/wp-content/uploads/usu17/2022/02/cueme.png"></a><br />
&nbsp;<br />
<a href="https://agora.xtec.cat/ceipmarianao/wp-content/uploads/usu17/2026/02/Cueme.png"></a><br />
Els infants del grup-classe de 5è participen, conjuntament amb altres escoles de Sant Boi, al projecte &#8220;Cultura Emprenedora a l&#8217;Escola&#8221; (CuEmE): projecte per al foment de les competències i els valors de l&#8217;emprenedoria a través de la creació i la gestió d&#8217;una cooperativa&hellip;  <a href="https://agora.xtec.cat/ceipmarianao/projecte-educatiu-i/projectes-descola/emprenedoria/" title="Read Emprenedoria (CuEmE)">Llegeix més»</a></p>
