{"id":2163,"date":"2019-02-19T10:50:16","date_gmt":"2019-02-19T09:50:16","guid":{"rendered":"http:\/\/agora.xtec.cat\/ceipmarianao\/?page_id=2163"},"modified":"2023-12-20T12:19:50","modified_gmt":"2023-12-20T11:19:50","slug":"projecte-linguistic","status":"publish","type":"page","link":"https:\/\/agora.xtec.cat\/ceipmarianao\/projecte-educatiu-i\/projecte-linguistic\/","title":{"rendered":"Projecte Ling\u00fc\u00edstic"},"content":{"rendered":"<p style=\"text-align: justify;\">Aquest projecte \u00e9s un recull de tots els acords que va prenent la comunitat educativa respecte al tractament de les lleng\u00fces i al seu proc\u00e9s d&#8217;ensenyament-aprenentatge. \u00c9s un instrument flexible que ha de permetre que els infants puguin desenvolupar una compet\u00e8ncia pluriling\u00fce que els ajudi a poder comunicar-se, expressar-se i viure en un entorn culturalment divers.<\/p>\n<p style=\"text-align: justify;\"><a href=\"https:\/\/drive.google.com\/file\/d\/1MQbaND60p-QLaa0KILw90uLpv7TdxHN4\/view?usp=sharing\">Acc\u00e9s al Projecte Ling\u00fc\u00edstic de Centre<\/a><\/p>\n<p style=\"text-align: justify;\">\n","protected":false},"excerpt":{"rendered":"<p>Aquest projecte \u00e9s un recull de tots els acords que va prenent la comunitat educativa respecte al tractament de les lleng\u00fces i al seu proc\u00e9s d&#8217;ensenyament-aprenentatge. \u00c9s un instrument flexible que ha de permetre que els infants puguin desenvolupar una compet\u00e8ncia pluriling\u00fce que els ajudi&hellip;  <a href=\"https:\/\/agora.xtec.cat\/ceipmarianao\/projecte-educatiu-i\/projecte-linguistic\/\" title=\"Read Projecte Ling\u00fc\u00edstic\">Llegeix m\u00e9s\u00bb<\/a><\/p>\n","protected":false},"author":3,"featured_media":0,"parent":312,"menu_order":1,"comment_status":"closed","ping_status":"closed","template":"page-templates\/side-menu.php","meta":{"_bbp_topic_count":0,"_bbp_reply_count":0,"_bbp_total_topic_count":0,"_bbp_total_reply_count":0,"_bbp_voice_count":0,"_bbp_anonymous_reply_count":0,"_bbp_topic_count_hidden":0,"_bbp_reply_count_hidden":0,"_bbp_forum_subforum_count":0,"footnotes":""},"class_list":["post-2163","page","type-page","status-publish","hentry"],"post_mailing_queue_ids":[],"_links":{"self":[{"href":"https:\/\/agora.xtec.cat\/ceipmarianao\/wp-json\/wp\/v2\/pages\/2163","targetHints":{"allow":["GET"]}}],"collection":[{"href":"https:\/\/agora.xtec.cat\/ceipmarianao\/wp-json\/wp\/v2\/pages"}],"about":[{"href":"https:\/\/agora.xtec.cat\/ceipmarianao\/wp-json\/wp\/v2\/types\/page"}],"author":[{"embeddable":true,"href":"https:\/\/agora.xtec.cat\/ceipmarianao\/wp-json\/wp\/v2\/users\/3"}],"replies":[{"embeddable":true,"href":"https:\/\/agora.xtec.cat\/ceipmarianao\/wp-json\/wp\/v2\/comments?post=2163"}],"version-history":[{"count":5,"href":"https:\/\/agora.xtec.cat\/ceipmarianao\/wp-json\/wp\/v2\/pages\/2163\/revisions"}],"predecessor-version":[{"id":4957,"href":"https:\/\/agora.xtec.cat\/ceipmarianao\/wp-json\/wp\/v2\/pages\/2163\/revisions\/4957"}],"up":[{"embeddable":true,"href":"https:\/\/agora.xtec.cat\/ceipmarianao\/wp-json\/wp\/v2\/pages\/312"}],"wp:attachment":[{"href":"https:\/\/agora.xtec.cat\/ceipmarianao\/wp-json\/wp\/v2\/media?parent=2163"}],"curies":[{"name":"wp","href":"https:\/\/api.w.org\/{rel}","templated":true}]}}

Projecte Lingüístic

<p style="text-align: justify;">Aquest projecte és un recull de tots els acords que va prenent la comunitat educativa respecte al tractament de les llengües i al seu procés d&#8217;ensenyament-aprenentatge. És un instrument flexible que ha de permetre que els infants puguin desenvolupar una competència plurilingüe que els ajudi a poder comunicar-se, expressar-se i viure en un entorn culturalment divers.</p>
<p style="text-align: justify;"><a href="https://drive.google.com/file/d/1MQbaND60p-QLaa0KILw90uLpv7TdxHN4/view?usp=sharing">Accés al Projecte Lingüístic de Centre</a></p>
<p style="text-align: justify;">

<p>Aquest projecte és un recull de tots els acords que va prenent la comunitat educativa respecte al tractament de les llengües i al seu procés d&#8217;ensenyament-aprenentatge. És un instrument flexible que ha de permetre que els infants puguin desenvolupar una competència plurilingüe que els ajudi&hellip;  <a href="https://agora.xtec.cat/ceipmarianao/projecte-educatiu-i/projecte-linguistic/" title="Read Projecte Lingüístic">Llegeix més»</a></p>
