{"id":1875,"date":"2018-07-17T13:01:16","date_gmt":"2018-07-17T11:01:16","guid":{"rendered":"http:\/\/agora.xtec.cat\/ceipmarianao\/?page_id=1875"},"modified":"2026-02-27T08:35:54","modified_gmt":"2026-02-27T07:35:54","slug":"tallers-interactius-de-catala","status":"publish","type":"page","link":"https:\/\/agora.xtec.cat\/ceipmarianao\/projecte-educatiu-i\/projectes-descola\/tallers-interactius-de-catala\/","title":{"rendered":"Tallers interactius"},"content":{"rendered":"<div>\n<div style=\"text-align: justify;\">\n<p style=\"text-align: center;\"><a href=\"https:\/\/agora.xtec.cat\/ceipmarianao\/wp-content\/uploads\/usu17\/2022\/02\/20211006_153140.jpg\">\u00a0<\/a> <a href=\"https:\/\/agora.xtec.cat\/ceipmarianao\/wp-content\/uploads\/usu17\/2022\/02\/20211006_153956.jpg\">\u00a0 \u00a0\u00a0<\/a><a href=\"https:\/\/agora.xtec.cat\/ceipmarianao\/wp-content\/uploads\/usu17\/2023\/02\/Tallers-interactius.png\"><img loading=\"lazy\" decoding=\"async\" class=\"alignnone wp-image-4547\" src=\"https:\/\/agora.xtec.cat\/ceipmarianao\/wp-content\/uploads\/usu17\/2023\/02\/Tallers-interactius.png\" alt=\"\" width=\"377\" height=\"202\" srcset=\"https:\/\/agora.xtec.cat\/ceipmarianao\/wp-content\/uploads\/usu17\/2023\/02\/Tallers-interactius.png 720w, https:\/\/agora.xtec.cat\/ceipmarianao\/wp-content\/uploads\/usu17\/2023\/02\/Tallers-interactius-300x161.png 300w\" sizes=\"auto, (max-width: 377px) 100vw, 377px\" \/>\u00a0\u00a0\u00a0\u00a0<\/a><\/p>\n<p>Fem tallers interactius de matem\u00e0tiques i de catal\u00e0, des d\u2019I3 fins a 6\u00e8.<\/p>\n<p>El nostre objectiu \u00e9s que els infants aprenguin jugant, manipulant, experimentant i fent perqu\u00e8 els aprenentatges els siguin m\u00e9s significatius i esdevinguin m\u00e9s competencials, aconseguint millorar els seus resultats i fent-los m\u00e9s aut\u00f2noms.<\/p>\n<p>Des de fa cinc cursos ens documentem, formem i visitem llocs per a programar-los: hem pensat les activitats i n\u2019hem elaborat el material necessari.<\/p>\n<p>Durant dues sessions de llengua catalana i de matem\u00e0tiques (quinzenalment) es faran quatre tallers que treballaran les diferents dimensions d\u2019aquestes \u00e0rees i els infants aniran rotant. Es garantir\u00e0 la pres\u00e8ncia del tutor\/a i d\u2019una altra mestra del centre a l\u2019aula.<\/p>\n<p>Ja sabeu que hi esteu tothom convidat i us animem a participar en aquests tallers, tant als del grup-classe del vostre fill o filla com als de la resta de grups.<\/p>\n<p style=\"text-align: center;\">\n<\/div>\n<\/div>\n","protected":false},"excerpt":{"rendered":"<p><a href=\"https:\/\/agora.xtec.cat\/ceipmarianao\/wp-content\/uploads\/usu17\/2022\/02\/20211006_153140.jpg\">\u00a0<\/a> <a href=\"https:\/\/agora.xtec.cat\/ceipmarianao\/wp-content\/uploads\/usu17\/2022\/02\/20211006_153956.jpg\">\u00a0 \u00a0\u00a0<\/a><a href=\"https:\/\/agora.xtec.cat\/ceipmarianao\/wp-content\/uploads\/usu17\/2023\/02\/Tallers-interactius.png\">\u00a0\u00a0\u00a0\u00a0<\/a><br \/>\nFem tallers interactius de matem\u00e0tiques i de catal\u00e0, des d\u2019I3 fins a 6\u00e8.<br \/>\nEl nostre objectiu \u00e9s que els infants aprenguin jugant, manipulant, experimentant i fent perqu\u00e8 els aprenentatges els siguin m\u00e9s significatius i esdevinguin m\u00e9s competencials, aconseguint millorar els seus&hellip;  <a href=\"https:\/\/agora.xtec.cat\/ceipmarianao\/projecte-educatiu-i\/projectes-descola\/tallers-interactius-de-catala\/\" title=\"Read Tallers interactius\">Llegeix m\u00e9s\u00bb<\/a><\/p>\n","protected":false},"author":3,"featured_media":0,"parent":289,"menu_order":0,"comment_status":"closed","ping_status":"closed","template":"page-templates\/side-menu.php","meta":{"_bbp_topic_count":0,"_bbp_reply_count":0,"_bbp_total_topic_count":0,"_bbp_total_reply_count":0,"_bbp_voice_count":0,"_bbp_anonymous_reply_count":0,"_bbp_topic_count_hidden":0,"_bbp_reply_count_hidden":0,"_bbp_forum_subforum_count":0,"footnotes":""},"class_list":["post-1875","page","type-page","status-publish","hentry"],"post_mailing_queue_ids":[],"_links":{"self":[{"href":"https:\/\/agora.xtec.cat\/ceipmarianao\/wp-json\/wp\/v2\/pages\/1875","targetHints":{"allow":["GET"]}}],"collection":[{"href":"https:\/\/agora.xtec.cat\/ceipmarianao\/wp-json\/wp\/v2\/pages"}],"about":[{"href":"https:\/\/agora.xtec.cat\/ceipmarianao\/wp-json\/wp\/v2\/types\/page"}],"author":[{"embeddable":true,"href":"https:\/\/agora.xtec.cat\/ceipmarianao\/wp-json\/wp\/v2\/users\/3"}],"replies":[{"embeddable":true,"href":"https:\/\/agora.xtec.cat\/ceipmarianao\/wp-json\/wp\/v2\/comments?post=1875"}],"version-history":[{"count":5,"href":"https:\/\/agora.xtec.cat\/ceipmarianao\/wp-json\/wp\/v2\/pages\/1875\/revisions"}],"predecessor-version":[{"id":5654,"href":"https:\/\/agora.xtec.cat\/ceipmarianao\/wp-json\/wp\/v2\/pages\/1875\/revisions\/5654"}],"up":[{"embeddable":true,"href":"https:\/\/agora.xtec.cat\/ceipmarianao\/wp-json\/wp\/v2\/pages\/289"}],"wp:attachment":[{"href":"https:\/\/agora.xtec.cat\/ceipmarianao\/wp-json\/wp\/v2\/media?parent=1875"}],"curies":[{"name":"wp","href":"https:\/\/api.w.org\/{rel}","templated":true}]}}

<div>
<div style="text-align: justify;">
<p style="text-align: center;"><a href="https://agora.xtec.cat/ceipmarianao/wp-content/uploads/usu17/2022/02/20211006_153140.jpg"> </a> <a href="https://agora.xtec.cat/ceipmarianao/wp-content/uploads/usu17/2022/02/20211006_153956.jpg">    </a><a href="https://agora.xtec.cat/ceipmarianao/wp-content/uploads/usu17/2023/02/Tallers-interactius.png"><img loading="lazy" decoding="async" class="alignnone wp-image-4547" src="https://agora.xtec.cat/ceipmarianao/wp-content/uploads/usu17/2023/02/Tallers-interactius.png" alt="" width="377" height="202" srcset="https://agora.xtec.cat/ceipmarianao/wp-content/uploads/usu17/2023/02/Tallers-interactius.png 720w, https://agora.xtec.cat/ceipmarianao/wp-content/uploads/usu17/2023/02/Tallers-interactius-300x161.png 300w" sizes="auto, (max-width: 377px) 100vw, 377px" />    </a></p>
<p>Fem tallers interactius de matemàtiques i de català, des d’I3 fins a 6è.</p>
<p>El nostre objectiu és que els infants aprenguin jugant, manipulant, experimentant i fent perquè els aprenentatges els siguin més significatius i esdevinguin més competencials, aconseguint millorar els seus resultats i fent-los més autònoms.</p>
<p>Des de fa cinc cursos ens documentem, formem i visitem llocs per a programar-los: hem pensat les activitats i n’hem elaborat el material necessari.</p>
<p>Durant dues sessions de llengua catalana i de matemàtiques (quinzenalment) es faran quatre tallers que treballaran les diferents dimensions d’aquestes àrees i els infants aniran rotant. Es garantirà la presència del tutor/a i d’una altra mestra del centre a l’aula.</p>
<p>Ja sabeu que hi esteu tothom convidat i us animem a participar en aquests tallers, tant als del grup-classe del vostre fill o filla com als de la resta de grups.</p>
<p style="text-align: center;">
</div>
</div>

<p><a href="https://agora.xtec.cat/ceipmarianao/wp-content/uploads/usu17/2022/02/20211006_153140.jpg"> </a> <a href="https://agora.xtec.cat/ceipmarianao/wp-content/uploads/usu17/2022/02/20211006_153956.jpg">    </a><a href="https://agora.xtec.cat/ceipmarianao/wp-content/uploads/usu17/2023/02/Tallers-interactius.png">    </a><br />
Fem tallers interactius de matemàtiques i de català, des d’I3 fins a 6è.<br />
El nostre objectiu és que els infants aprenguin jugant, manipulant, experimentant i fent perquè els aprenentatges els siguin més significatius i esdevinguin més competencials, aconseguint millorar els seus&hellip;  <a href="https://agora.xtec.cat/ceipmarianao/projecte-educatiu-i/projectes-descola/tallers-interactius-de-catala/" title="Read Tallers interactius">Llegeix més»</a></p>
