{"id":26,"date":"2014-09-18T12:24:32","date_gmt":"2014-09-18T10:24:32","guid":{"rendered":"http:\/\/agora.xtec.cat\/ceipmargallo\/?page_id=26"},"modified":"2020-02-10T10:50:52","modified_gmt":"2020-02-10T09:50:52","slug":"historia","status":"publish","type":"page","link":"https:\/\/agora.xtec.cat\/ceipmargallo\/lescola\/historia\/","title":{"rendered":"Hist\u00f2ria"},"content":{"rendered":"<p><span style=\"font-weight: 400;\">L\u2019Escola Margall\u00f3 \u00e9s una escola amb el bagatge de la seva hist\u00f2ria ( des de 1981 ), la maduresa del seu present i amb una permanent il\u00b7lusi\u00f3 en el seu futur.\u00a0<\/span><\/p>\n<p><span style=\"font-weight: 400;\">\u00c9s una escola basada en la reflexi\u00f3 i el di\u00e0leg que avan\u00e7a sense pressa per\u00f2 sense pausa.\u00a0<\/span><\/p>\n<p><span style=\"font-weight: 400;\">Durant aquest temps hem realitzat una tasca educativa molt important de la qual hem adquirit una gran experi\u00e8ncia. Tot i aix\u00f2, fa tres cursos ens vam plantejar canviar aspectes relacionats amb la l\u00ednia pedag\u00f2gica. Vam arribar a la conclusi\u00f3 que, amb la pedagogia tradicional, no li treiem tot el fru\u00eft que vol\u00edem aconseguir. El nostre alumnat ha canviat, com la nostra societat, i ens hem d\u2019adaptar a aquesta nova realitat.Cada cop m\u00e9s sentim la necessitat d\u2019apropar-nos m\u00e9s als infants, d\u2019acollir-los, de cuidar-los, de fer-los realment els protagonistes del seu aprenentatge.\u00a0<\/span><\/p>\n<p>L\u2019escola Margall\u00f3 \u00e9s un centre d\u2019educaci\u00f3 infantil i prim\u00e0ria situat a Castelldefels. Tocant la muntanya \u00e9s un centre arrelat a la ciutat. L\u2019edifici de l\u2019escola va ser constru\u00eft l\u2019any 1985. D\u2019en\u00e7\u00e0 hem crescut i hem vist cr\u00e9ixer a generacions de nens i nenes feli\u00e7os. Per les nostres aules han passat molts infants i hem gaudit veient com des de ben petits seguien el seu cam\u00ed.<br \/>\nAqu\u00ed podreu gaudir d\u2019una galeria de fotos en la que ben segur alguns s\u2019identificaran. Ja s\u00f3n molts anys junts. Us convidem a fer un rep\u00e0s de la nostra hist\u00f2ria. Gauidiu-ne!<\/p>\n\n","protected":false},"excerpt":{"rendered":"<p>L\u2019Escola Margall\u00f3 \u00e9s una escola amb el bagatge de la seva hist\u00f2ria ( des de 1981 ), la maduresa del seu present i amb una permanent il\u00b7lusi\u00f3 en el seu futur.\u00a0 \u00c9s una escola basada en la reflexi\u00f3 i el di\u00e0leg que avan\u00e7a sense pressa per\u00f2 sense pausa.\u00a0 Durant aquest temps hem realitzat una tasca [&hellip;]<\/p>\n","protected":false},"author":1,"featured_media":0,"parent":22,"menu_order":1,"comment_status":"closed","ping_status":"closed","template":"page-templates\/side-menu.php","meta":{"_bbp_topic_count":0,"_bbp_reply_count":0,"_bbp_total_topic_count":0,"_bbp_total_reply_count":0,"_bbp_voice_count":0,"_bbp_anonymous_reply_count":0,"_bbp_topic_count_hidden":0,"_bbp_reply_count_hidden":0,"_bbp_forum_subforum_count":0,"site-sidebar-layout":"default","site-content-layout":"","ast-site-content-layout":"","site-content-style":"default","site-sidebar-style":"default","ast-global-header-display":"","ast-banner-title-visibility":"","ast-main-header-display":"","ast-hfb-above-header-display":"","ast-hfb-below-header-display":"","ast-hfb-mobile-header-display":"","site-post-title":"","ast-breadcrumbs-content":"","ast-featured-img":"","footer-sml-layout":"","theme-transparent-header-meta":"","adv-header-id-meta":"","stick-header-meta":"","header-above-stick-meta":"","header-main-stick-meta":"","header-below-stick-meta":"","astra-migrate-meta-layouts":"default","ast-page-background-enabled":"default","ast-page-background-meta":{"desktop":{"background-color":"var(--ast-global-color-4)","background-image":"","background-repeat":"repeat","background-position":"center center","background-size":"auto","background-attachment":"scroll","background-type":"","background-media":"","overlay-type":"","overlay-color":"","overlay-opacity":"","overlay-gradient":""},"tablet":{"background-color":"","background-image":"","background-repeat":"repeat","background-position":"center center","background-size":"auto","background-attachment":"scroll","background-type":"","background-media":"","overlay-type":"","overlay-color":"","overlay-opacity":"","overlay-gradient":""},"mobile":{"background-color":"","background-image":"","background-repeat":"repeat","background-position":"center center","background-size":"auto","background-attachment":"scroll","background-type":"","background-media":"","overlay-type":"","overlay-color":"","overlay-opacity":"","overlay-gradient":""}},"ast-content-background-meta":{"desktop":{"background-color":"var(--ast-global-color-5)","background-image":"","background-repeat":"repeat","background-position":"center center","background-size":"auto","background-attachment":"scroll","background-type":"","background-media":"","overlay-type":"","overlay-color":"","overlay-opacity":"","overlay-gradient":""},"tablet":{"background-color":"var(--ast-global-color-5)","background-image":"","background-repeat":"repeat","background-position":"center center","background-size":"auto","background-attachment":"scroll","background-type":"","background-media":"","overlay-type":"","overlay-color":"","overlay-opacity":"","overlay-gradient":""},"mobile":{"background-color":"var(--ast-global-color-5)","background-image":"","background-repeat":"repeat","background-position":"center center","background-size":"auto","background-attachment":"scroll","background-type":"","background-media":"","overlay-type":"","overlay-color":"","overlay-opacity":"","overlay-gradient":""}},"footnotes":""},"class_list":["post-26","page","type-page","status-publish","hentry"],"post_mailing_queue_ids":[],"_links":{"self":[{"href":"https:\/\/agora.xtec.cat\/ceipmargallo\/wp-json\/wp\/v2\/pages\/26","targetHints":{"allow":["GET"]}}],"collection":[{"href":"https:\/\/agora.xtec.cat\/ceipmargallo\/wp-json\/wp\/v2\/pages"}],"about":[{"href":"https:\/\/agora.xtec.cat\/ceipmargallo\/wp-json\/wp\/v2\/types\/page"}],"author":[{"embeddable":true,"href":"https:\/\/agora.xtec.cat\/ceipmargallo\/wp-json\/wp\/v2\/users\/1"}],"replies":[{"embeddable":true,"href":"https:\/\/agora.xtec.cat\/ceipmargallo\/wp-json\/wp\/v2\/comments?post=26"}],"version-history":[{"count":4,"href":"https:\/\/agora.xtec.cat\/ceipmargallo\/wp-json\/wp\/v2\/pages\/26\/revisions"}],"predecessor-version":[{"id":4525,"href":"https:\/\/agora.xtec.cat\/ceipmargallo\/wp-json\/wp\/v2\/pages\/26\/revisions\/4525"}],"up":[{"embeddable":true,"href":"https:\/\/agora.xtec.cat\/ceipmargallo\/wp-json\/wp\/v2\/pages\/22"}],"wp:attachment":[{"href":"https:\/\/agora.xtec.cat\/ceipmargallo\/wp-json\/wp\/v2\/media?parent=26"}],"curies":[{"name":"wp","href":"https:\/\/api.w.org\/{rel}","templated":true}]}}