{"id":14378,"date":"2025-04-04T11:20:52","date_gmt":"2025-04-04T09:20:52","guid":{"rendered":"https:\/\/agora.xtec.cat\/ceipmargallo\/?page_id=14378"},"modified":"2026-02-17T16:22:33","modified_gmt":"2026-02-17T15:22:33","slug":"horari-i-calendari","status":"publish","type":"page","link":"https:\/\/agora.xtec.cat\/ceipmargallo\/horari-i-calendari\/","title":{"rendered":"Entrades i sortides de l&#8217;alumnat"},"content":{"rendered":"<p><strong>ENTRADES I SORTIDES ALUMNAT<\/strong><\/p>\n<p><strong>ENTRADES:<\/strong><\/p>\n<p>L\u2019alumnat d\u2019<strong>Educaci\u00f3 infantil<\/strong> I3, I4 i I5 fa entrada relaxada fins a les 9:20. Accediran a l&#8217;aula caminant pel lateral i \/o\u00a0 baixant per les escales del vest\u00edbul (l\u00ednia del temps)..\u00a0 L&#8217;entrada sempre \u00e9s per la part de l&#8217;hort. La fam\u00edlia acompanyar\u00e0 a l&#8217;infant a deixar les seves pertenences ( jaqueta, motxilla..) als calaixets del passad\u00eds d&#8217;infantil.<\/p>\n<p>L\u2019alumnat d\u2019<strong>Educaci\u00f3 prim\u00e0ria<\/strong> entrar\u00e0 acompanyat de la fam\u00edlia fins a la porta de l&#8217;aula a les : 09.00h i 15.00h. L&#8217;acc\u00e9s a les aules ser\u00e0 baixant pels laterals exteriors\u00a0 del pati fins arribar al pati de baix on hi ha l&#8217;entrada a les aules.<\/p>\n<p><strong>SORTIDES:<\/strong><\/p>\n<p><strong>Educaci\u00f3 infanti<\/strong>l I3, I4 i I5: les fam\u00edlies recolliran a les 12:30h i a les 16:30h el\/la fill\/a a la seva aula de refer\u00e8ncia.<\/p>\n<p><strong>Cicle inicia<\/strong>l (1r i 2n): les fam\u00edlies recolliran a les 12:30h i a les 16:30h a el\/la fill\/a a l&#8217;aula de refer\u00e8ncia. Les fam\u00edlies accediran a les aules per l&#8217;entrada principal cap a les aules de refer\u00e8ncia.<\/p>\n<p><strong>Cicle mitj\u00e0<\/strong> (3r i 4t): L\u2019alumnat de 3r sortir\u00e0 de l&#8217;aula acompanyat d&#8217;una persona autoritzada fins que es realitzi la reuni\u00f3 d&#8217;inici de curs. Una vegada feta la reuni\u00f3 d&#8217;inici de curs la fam\u00edlia signar\u00e0 una autoritzaci\u00f3 on s&#8217;especifiqui si l&#8217;infant surt sol de l&#8217;aula.\u00a0 La sortida ser\u00e0 pel per\u00edmetre exterior de l&#8217;edifici (rampa\u00a0 gran o pati de Infantil 3). En el cas de 4t els alumnes podran sortir sols de l&#8217;aula previa signada autoritzaci\u00f3 dels pares<\/p>\n<p><strong>Cicle superior<\/strong> ( 5\u00e8 i 6\u00e8): L\u2019alumnat de 5\u00e8 i 6\u00e8 sortir\u00e0 sols sempre que s&#8217;hagi signat l&#8217;autoritzaci\u00f3 per part de la fam\u00edlia. Per sortir\u00a0 faran \u00fas del per\u00edmetre exterior\u00a0 de l&#8217;edifici ( rampa gran o pati de infantil 3).<\/p>\n<p>&nbsp;<\/p>\n","protected":false},"excerpt":{"rendered":"<p>ENTRADES I SORTIDES ALUMNAT ENTRADES: L\u2019alumnat d\u2019Educaci\u00f3 infantil I3, I4 i I5 fa entrada relaxada fins a les 9:20. Accediran a l&#8217;aula caminant pel lateral i \/o\u00a0 baixant per les escales del vest\u00edbul (l\u00ednia del temps)..\u00a0 L&#8217;entrada sempre \u00e9s per la part de l&#8217;hort. La fam\u00edlia acompanyar\u00e0 a l&#8217;infant a deixar les seves pertenences ( [&hellip;]<\/p>\n","protected":false},"author":6,"featured_media":0,"parent":0,"menu_order":0,"comment_status":"closed","ping_status":"closed","template":"","meta":{"_bbp_topic_count":0,"_bbp_reply_count":0,"_bbp_total_topic_count":0,"_bbp_total_reply_count":0,"_bbp_voice_count":0,"_bbp_anonymous_reply_count":0,"_bbp_topic_count_hidden":0,"_bbp_reply_count_hidden":0,"_bbp_forum_subforum_count":0,"site-sidebar-layout":"default","site-content-layout":"","ast-site-content-layout":"default","site-content-style":"default","site-sidebar-style":"default","ast-global-header-display":"","ast-banner-title-visibility":"","ast-main-header-display":"","ast-hfb-above-header-display":"","ast-hfb-below-header-display":"","ast-hfb-mobile-header-display":"","site-post-title":"","ast-breadcrumbs-content":"","ast-featured-img":"","footer-sml-layout":"","theme-transparent-header-meta":"default","adv-header-id-meta":"","stick-header-meta":"","header-above-stick-meta":"","header-main-stick-meta":"","header-below-stick-meta":"","astra-migrate-meta-layouts":"set","ast-page-background-enabled":"default","ast-page-background-meta":{"desktop":{"background-color":"var(--ast-global-color-4)","background-image":"","background-repeat":"repeat","background-position":"center center","background-size":"auto","background-attachment":"scroll","background-type":"","background-media":"","overlay-type":"","overlay-color":"","overlay-opacity":"","overlay-gradient":""},"tablet":{"background-color":"","background-image":"","background-repeat":"repeat","background-position":"center center","background-size":"auto","background-attachment":"scroll","background-type":"","background-media":"","overlay-type":"","overlay-color":"","overlay-opacity":"","overlay-gradient":""},"mobile":{"background-color":"","background-image":"","background-repeat":"repeat","background-position":"center center","background-size":"auto","background-attachment":"scroll","background-type":"","background-media":"","overlay-type":"","overlay-color":"","overlay-opacity":"","overlay-gradient":""}},"ast-content-background-meta":{"desktop":{"background-color":"var(--ast-global-color-5)","background-image":"","background-repeat":"repeat","background-position":"center center","background-size":"auto","background-attachment":"scroll","background-type":"","background-media":"","overlay-type":"","overlay-color":"","overlay-opacity":"","overlay-gradient":""},"tablet":{"background-color":"var(--ast-global-color-5)","background-image":"","background-repeat":"repeat","background-position":"center center","background-size":"auto","background-attachment":"scroll","background-type":"","background-media":"","overlay-type":"","overlay-color":"","overlay-opacity":"","overlay-gradient":""},"mobile":{"background-color":"var(--ast-global-color-5)","background-image":"","background-repeat":"repeat","background-position":"center center","background-size":"auto","background-attachment":"scroll","background-type":"","background-media":"","overlay-type":"","overlay-color":"","overlay-opacity":"","overlay-gradient":""}},"footnotes":""},"class_list":["post-14378","page","type-page","status-publish","hentry"],"post_mailing_queue_ids":[],"_links":{"self":[{"href":"https:\/\/agora.xtec.cat\/ceipmargallo\/wp-json\/wp\/v2\/pages\/14378","targetHints":{"allow":["GET"]}}],"collection":[{"href":"https:\/\/agora.xtec.cat\/ceipmargallo\/wp-json\/wp\/v2\/pages"}],"about":[{"href":"https:\/\/agora.xtec.cat\/ceipmargallo\/wp-json\/wp\/v2\/types\/page"}],"author":[{"embeddable":true,"href":"https:\/\/agora.xtec.cat\/ceipmargallo\/wp-json\/wp\/v2\/users\/6"}],"replies":[{"embeddable":true,"href":"https:\/\/agora.xtec.cat\/ceipmargallo\/wp-json\/wp\/v2\/comments?post=14378"}],"version-history":[{"count":6,"href":"https:\/\/agora.xtec.cat\/ceipmargallo\/wp-json\/wp\/v2\/pages\/14378\/revisions"}],"predecessor-version":[{"id":14941,"href":"https:\/\/agora.xtec.cat\/ceipmargallo\/wp-json\/wp\/v2\/pages\/14378\/revisions\/14941"}],"wp:attachment":[{"href":"https:\/\/agora.xtec.cat\/ceipmargallo\/wp-json\/wp\/v2\/media?parent=14378"}],"curies":[{"name":"wp","href":"https:\/\/api.w.org\/{rel}","templated":true}]}}