{"id":624,"date":"2013-09-19T09:49:14","date_gmt":"2013-09-19T09:49:14","guid":{"rendered":"http:\/\/escolamarededeudelaroca.cat\/?page_id=624"},"modified":"2025-09-10T16:32:46","modified_gmt":"2025-09-10T14:32:46","slug":"autoritzacions","status":"publish","type":"page","link":"https:\/\/agora.xtec.cat\/ceipmarededeudelaroca\/families-2\/autoritzacions\/","title":{"rendered":"Autoritzacions"},"content":{"rendered":"\n<h5 class=\"wp-block-heading\"><span style=\"color: #800000;\">En aquesta p\u00e0gina us podreu descarregar diverses autoritzacions en funci\u00f3 de les vostres necessitats.<\/span><\/h5>\n\n\n\n<h5 class=\"wp-block-heading\"><a href=\"https:\/\/drive.google.com\/file\/d\/1-Mg-sCAPzCALFAWixnVECJS8Woe9hmMP\/view?usp=drive_link\">Autoritzaci\u00f3 drets d&#8217;imatge<\/a><\/h5>\n\n\n\n<figure class=\"wp-block-image alignleft is-resized is-style-default\"><a href=\"https:\/\/agora.xtec.cat\/ceipmarededeudelaroca\/wp-content\/uploads\/usu2452\/2021\/09\/Autoritzacio-pag.-web-NOVA-1.pdf\"><img decoding=\"async\" src=\"data:image\/png;base64,iVBORw0KGgoAAAANSUhEUgAAAQUAAADBCAMAAADxRlW1AAABnlBMVEX\/\/\/\/+6uv\/T1r19fU4WmXh4eHs7OwaLjX6+vr\/ycv+6er\/Q1D\/SVX\/TVj\/4+T\/1Nb\/VWD\/7\/D\/eoL+9PT\/m6D\/v5z\/Pkv+0dPNgYbt6en\/io\/Thoz\/lp0zV2IgS1j28fLL0tVheYH0u74ALDObqa3X2dofNTwAGSP\/j5butLcAFyEAISoNJi4vTlgAER30\/v7\/bXb\/YGoAABP\/xqEjO0P\/Z3AqRk\/\/XGb\/sLReV1zdsrUAJSwnWmX\/foY0Q0lOWV5SbXZDUFW6wcP\/NEPo2NnQysyTfYH\/tpeVpKgVRlOFlZv\/wMQAJjRhbHF0iI50fH\/ksZTiSlWuk5ZYcnuMi46IPEUuMzvlv8KLW2FvSE3f0NIAAAWji46taG62PUi\/ZWq\/sbTEo6ZwjpXWU173jX+qgYbafILMPklsY3DPnIXKX2XiN0WXVWCdhXb\/cGlbRUtoNDz\/oZj+gHb\/zLK6mIT\/p4pwX1dMSUkAABptYFmbOEKmVF1yc3H+3c7XcHetkYHAb3c9MDlqND2FLTlWNDyzf4Wupqm+GizRl5you78tCRUjAAAceElEQVR4nO2di1vbRrbAhWxLsi1hCxuoKXJEsIyLZQeCMa9gsAKEwBpwQqBN0zRsevPe9vamLXfTJm33drvNf33nodFbsswjT5\/vawoCbM3P5zlzZkRRPelJT3rSk570pCc9efeF4972Hbx94biPngKny9u+j7conClv+1bemhAAkUjkY8XAWRh8pBTsCDCGt31Pb1pcCD4+ZeAiHgw+LmVwW8JHR4EjauBG8NGYhJ8lfETKwEWC1ODjUIaOavDhK0NIBB8yhTCW8KGbRHg1+GCVIVANGIYJUoYPhEYHS2CQ+FLgPhDFCPYGjA8FMnLjr993EpEgZxBAgcN\/TBwK9377zEiQR2T8MUTwH6MfmvNQ76tSBAYGXwj4gwd\/anKyknj\/UIRQhhAU3ncUgY7BJ1JGsD9EBuEUq4G8PyS4QGXwFThCTwq68rxvKE5KIeJP4T1UivCJs1MZHG7h\/UbhpQwe7sBxCXrAzhQwivcBg5d\/ZFwYiMGbGIINwlMp3vZQA8TDJMiduy5ZrnVHAco7TcHDJFxD9sojuS4pvAOJJZfxlwuRCw7JEXFfMa7lOOvFEHIhEnAPRM6TQXxgLv1+yNxI\/3lBWB7ihfdF+Kvz5wNhNEm\/TzIUPw8I\/UNve1zdiZA+DwrzUBXOQ3lpgT9rQRiGzsM1lHjI9+yFFqZHR6CMZs9KSgjDuZjECHjpoVRGPDtJxYeBlJID\/fCLeOKsXjeTSp4vheG+M5RUHAimAKX\/7F74vaMQ71Ho6QKmAPwCD\/3Cx0xheHFj4YBliwsbix8YhQT4Twx3s\/GFy9XJpfHxpXKZvfhBURATa+vrWigMqfji4uIhtojhD0UXgBKIa+uaHItQSiIR5mbfbe+oRLqnIPYlbq9rClpl4ZjboW723Y6Um1qXFJAZKAxHofWFCMethzEJogvL7yaFrUIXFIASrGvrMawEHBOTFYWi1kPdLBj64o3Pb32xcWPxnaMQUQpbqWw8kR1NdKIgisgMImgPEBeJKbISi8UUjgvlGFLxGweXq0vjS9XLXza6pSDG+3317QwoKDtjfx9LJpN8Mklb5+9cFEToC6EZIASMokACUJQIFwnjGFLxjY2NO1\/d\/fre0VHX+UJ\/aXRb9OFwBhRkhfn7VwKoommaH\/ajIPatASWIUXgCnokZBBAFYB5hHIOlpuzaLwBNHS2Nxs+NAkUVrtxHEAT+U08KYt9tDfhCiADoQEyxIUAYOEoOMZKOMSKgeo6PjAIpZYdRqX\/2FBLzz8bgfArP0\/yTbQeFFFACkBJgM4COwEUAigzgrIWk4K8LiQwXIP3ZEuIwnwB34nBCZ0Chf+DrsW95+to331z75r+umq80wgv81UWgBNgX2s0gF1NyFl2AsTIUheH44YOHrw4PvXJHRCHgRlPZUcxB5M5cF\/qn6Paja9ceD+7tPZ55kkyZFJ4+OQLDw1mR3RHEcpvR6E3ZcoELEysBhY3GEowR5caGN4WYHCRHo5jDdr9dGU5NITXNC9PPru3t7f3weO8f3z7tw5cZWVtn0FeejqCQj0alVYsyUGFiZSp+XGwcf\/ffX\/zy6NGGu5oCFKjN6\/kgufJvhOHa99sJq284PYU5Qbi293hvb2bw8eOZb59OgXErmoxyamAGPo5gVYpGo3nzJyBjCOEYTL8w7GMRVAG+cIBcWfnkWun7a9euZeMWDKem0D\/FC\/\/z4+AgADH4eO8+T1PAFyIdcDiCnLL52vjuppMCw3GdM4bO3tFOQarUXRik\/N78IKDwfSmb6kShi0V\/MUnz384MDg4+fzk48y0\/n9G8HIG8sxWtXNdsFnHT+gthMoYuKEj1eq3GsqxbNaQf4M1eyyI36U+hywaQ1BAtIAqDzwdn0iOpYRk4fKcV5FYlcD\/STowEhi1J2rH+EjCJWEfHoM+4JX1m3EwKlSKrS8VtEz\/Ae\/0ehM1S3IfCCbqBUldpYW5Ql6H5DCgrwIgcouGby49tESy2SAl0JRLCJIwZt8bCHY8M2qAgsawvBQnpwksxDtIH4wUsFMzxo2ai0K0PU0NJAQD48drgj+kkrKc0GBdsIgMDiK7mXxfGrssxt8DfZkKYBJxxQ9VUuTw5fuhPoUYYqKwLwkp67puZ5yKo7bcNgzAoWBB03QES305APbj243IJFZUyeBG7SWxJ0XxUURj5tekarBQYBsbKWGeLWDxaPHwgQL8QECMqBoSfVvTBV2q6UoBcX+Bp9JeWPNrQBSuB7ruBkDnM6N+Az9XhGKLSlqbFQAqhSXknBibG5MDbhUmiQ3pHydCEGR0CUI4ihvBMoIWBoXmH1pkUIo7+udAUuEKTxV6hIOOWdTAiu1eIVlYjMiPLWmw1X7D8AHgHGakCk1NCOIYO1ZRhEdg3qsc\/AQoVHCvYOrYHYYrml9MZ5wsjCsmLJ2+KijWq6sQehLD3v1V1V6bcjiEPVEFWZBn4wK1Vi5ZoO9F8fgfRz8FYqZyNLkTr2BxmBmeiRrCoS8gehIFpIblNeVZTp6DAAMVj1X\/OAPkn\/KraYpyOQb4ubep9aoxmpM05+WYeRU9IQdtSYp0dA6qmjr568ezGUZBf0E2isTc4w1oE2gMv0FP8HOVdU3pRCGkSu2XIfeL411+Py\/jdahoTszmG3JgkXZcxh0KUXNTyKHrm4Q8iIIhuAaPs4BhS8aOFarU8vnT58uWFAArYPZb\/MTPzNxNCDdjD3PIALYCC78wpAJVTV1qtlfKEit9shZ0sOB0DyJm2kOLL+c0cgYAj11gEXQZfgdjcwTGk4o8WHm08e\/HznzeANnSKEdXHgzMTJoV6FM0FCfzAJZ\/5BU8KoUyCqbKNVkNVay34r6o2VwCMagvOrNoogEEC42cKGmODEK0gVdiRoFIAdJ0ogCoq1ckvSMUi\/EAmgF\/Yu6waFNQrP8N2oOn0rt8sy2koNFZUHJagRrSa6JsiZ4+VWj6\/ikIBKi8ADQIBq0gMGTMwCSbYMYSNEbXjg78d\/AP463uFXbZahreklscXaGGWnhp4crMrCqFMIjKJIRQRCP0LtqzYTCKXi2G3wChlcE8rm5sEQhTh3sQpDbi7YMcQNkZIv4DwMDPz0w7sINZ2mrVarbm\/3wYxkhbo6Jgvhc9iOGx37xhWcCwqkpBUBNG50dqkuJcvY7Hna2uxnFLYWV1dbbUwBfS5lGu41stjOPib6+ANg01Cr6aeLq\/5V1P5K0B+2YPyUwFSyPWlLmZLy9PCi7awLNDPrgRTcGEIZRJbJDIQ+wM4WhMriMLzly9fKjtSHtSTNXWiABKz3bLhssHnny9ELKqQB2lGrgOF4aNHDXZ8nG088lqPgBS++Pl+G7fC0fTc9KtXs2k+meQFECLboOoT2lekLimEUgZ5krViUBsNdgU4B4Z6\/nzwOZCWpKew7GRrv2lAgHJ9E8WNGJkS2AE+NdAxpOLHl8vqwcFBA4hrxi2R5ahtoPIgJZiCywLpkbmHNGpBpumB5bTAp8GPFjpScGEIZRINPKRGE2FoNWtqS1X31l+iGYe9jVbUCOCqjQHLyghCZItQWOU6OIZU\/HDxIu5fcGdNmZESNT8ERkwPzEIIwhzdbtOAhzCXpnk6nR4BucKTK9HzoVBAMbnRUoFrUHdB8lBrTD6e0ecbHv9qqIJTyvsYAgkXwCRiHRxDkHcUt69m41enMACaTs+Bf9tp4A9pYQQpRBr810YZSpcWEcoxcMjhtdCH3SqqVVleIBBmHrfwEIseFKr6+5m1f\/51h1gZFCn7aX4UaP1IGlkALSxP8YAC\/Gpulp8aAN4h\/eTzqNSRwgljJbVTBgrQhDXccbN88NPzGaIIz\/fzurJ7qcIurmFvEnuQ8jCJ5tYCMAToQmY5nW7D4U8L6Wl+gKb5qWm0ZogWUPl0euAz6cqVaLAueOYLgIJXj4pTtHKjBZIGtQGqykEDweDgS8aY+vSioEBlY8bQ7wACq1saAyc5ch0ooP6F\/TuO\/gVxe3b2LlwqheoA8wJsF8L08hTImZOzv61dipEcpWsKoUyiMN4AKata2xu0yl6GiuV9KVTqLbgFSoOpdT4v7WhwIRPYQy4wVML+BVJNHdhjxNTyQ\/B5AyPgR+agY4QzSpBCmh\/is\/0MUPRzprBfrsEIaYMwk5CBOa0SZXD5hTqwgDE4u5CP7ryG6\/mQwBqwhg6R0qd\/QZwX2jA1TNPtaegWgRpMIQ8Baqc4AxSaOQ2FDo4BT1XXVLamNm0QXkY4RuGoHULBFSNq0Aqu58cKuC8MlF5B\/sCk4FNNiWkB5ERpAfoGoAnQMmZBYEjPCsmLZAqtKwqxkBSMk1UYttlg\/2bExpnB5wm0308DHoOYRN0BQVXz0uqmPj\/HKLfDIOjzjxHiNtqWs8zDDAFICfeU0CO0kJwnQ5G7oOCImP4mQWasOW2SbYJS8gdYv4Ba9teMvutRA4AIBcmGYLLa2NXwKl54AgYFjxiRmQKhQJgCOoAoCHQa\/gOyJRAlCYUIUcywFGLhKODRoskmdaVVPfjnTz8dH0w0KX3zJ2zTMRyDQaA8yba0GD5dRVnvBkEfqaYetF\/dtldT\/TzMltLCLI91AWUJAtytNDuNKUQiW2R9JgQFUgubJuEXKwkFbqUOnWOzxZaXVFUttgiFiExRm5LFJNRylW0VFAo7AmV9LRGu+9lG4cbCUhn2LyzcMCmI8SS\/PAvHPNJOC8s8yhDA\/4CjmBPmGVjZF1aNRaqgrAmP2Vw060iB0img3E+qF4stkDg2V2q7hAJ3z+IYpHL1clN3BBQDCXSlBAaFxuXy+MHv360sLCyYkVKcT4K8iAcceJgzg+FPgdgAbQR4x2wEjipvpC7BuaNNFUwOnUyCAwPF71Cvw0k3UB3oculTECj0nEgCOVFEdwTr62vd6oBJAUiqxC8nbP0LQBdQBSkkZxd5YVqAKQNuNlvm+SyKEWaa3iGDdkDQMXSksCOh2R28GluvlTcNCiNA+W+CnCi6hTr8kCNYv921GTgpeHjHBHABAzQ\/VKJuAx7CLCypYGkNMge+hCnkJSkUhVjOQQFz6OQYokgVTKszKSwfAccwhnMioAQyIHByACYFz0iZBDIb56h1NBwEAbkGmh+5hMKktnlT59CxsnYJyhh8lAFTgMFQqpjr4zgzxrrw9SX9T5EZhNwJ0pECzJoSw46sKTU\/nxL7MpCCoHMQ0svwy6lL2NRzOXkLq23XFIB++JoEpgAyMmuLgKQakfLSSBv1NikaVILTI0AUhuNHG9\/98V1r48hRU8IF6ASkgKbahFmcLtDCwLTp8HLyaufK2kcd\/EzC1AWL1NiiqQtD68y9e8AXngkBTOFOFfUvTE5eVr163IBfEEaQHaDJFkBhmbbFPlDCnoACdI\/BjkGy6QLIChiDAn+\/fTXlRCCmhk9MBdSUd24c\/fbw1eHi4qHXHDTQBWFgDpYSsJbgQVU9xedsbn9V6pJCTj\/kxq+rBR0owo3Z+qeK7ITMGRQE986A\/vlSyb+LO0HEu7bsuB5B3UuiXAlPLsBJWIFfs8U+JUAXUP+C7beNY34ivq09mEKhEpWsFjGhwU4ITMG5PwIygB3Z1vGiMffpjdzkqJILRmeNTW86rk1Rh0k4\/IG0gKurNE8nD+0fbSEfQMHsaMrZCARU1tgilLyVQp0tb1H4vCEXBbFvW2\/HNscb2L\/tTSFQFxaTyCXiKVhgGMt88qJDxQPWpi7qT6qwdnh1mmDRE4ZVyUKhwqq7FJ5bdlDIcMOjJdRjSPkM2FMy1vsl3eBf31v07l8AFOBkGyCRHkEBc2o2Oe+w882AdUrj0CDbPYSgQIEobEnSQXmpHyRkpyCmssgY+l0MjBrdci5RjsQnJ4WLejf4hHc3OKAwm9YTx2k0FU3zWYcuyKshKNhZdMbAybZYybI1xk2BMEhdMk6qcpZvnhHKReH4oLHw3b+++OXRhmc3OPUZPlUjnU632w\/v37374sWtO86UeIcLS4GgCGMStrypyJZJHWZSwE5xNB445FAUdL+Q8OkGpw7\/79a\/\/vjj998Pxoks7TpJb3ZHodPcq24SO9ZYWWMnZReFEtqT4O6IPTEFX+\/4egIM3D6556KgnQcFWFtb6gh2UnNSELdLpfl+R3vLiSkERsp9x1IoXC9zUpCDKTDOA\/XCWYRi1YUKCJURl0VkU6LIdU8h50UBzUEP+1BoqZ0pKIEU9Am6binARTYzSoAgseuigGopzmIRivZa9nOM1tkejrtgpzB8eOfR8UGx8eiGZwYdabjWf9SWa8KgWwqBEPRJNyayKVkSJ1Ztch6Rsi9hUMgxMlyP2vTGYJv\/dNxvKv4IVFNw3rF6ueyIESL4NhOb8KDgep\/uKHRcmMLd83Cm36RQZFnP3FGnkJML+\/vo1736wnMxxTYXDv7GdrPxo6OjxQdPPfoXRBCG+jPapJvCiutdzphCBP9VhMy46UECZxteFBitNTFRxu360o7zQwI\/heZkTP4xmouCX4xIwHwkmymYulDUO626peA6dDWMLiByWxaTqLPVGC5APCjsTkLvVYezdJKbwu4EnLxlFE3D2dQu60XBO0bEYTSe31UJgmbjhLrQbaA0KciWWFlhqzL+qZtCA8cxSKEiSZt2t6U04QfZADFHi8C9AuD7RiSsLsBoDJThgGhCeRNFi+JZUOgAgdKP7Ocillgpgdrah0KEhDGoCeAXC1YMGt7sVF5RQERvrmztsipbdFMYji9+dffnI3c1BR3D6BKLh85OyAaF5ukohFi11+sgmD4aygBrax9dMJauK5VKnWWr+xZNgJ4FaXBVLVdVVUUdlIyTwuLCJO5fqLq6wQGGT8uEQpEhFNhuKJzEIPTHWVCWNSgUKnc9KVzguKbDf5ebels0s96QpAppcyjWJShRqe6isHC88OjzF8\/279y54coXxPnfiC6oLWrXoOAxsLOlQISRzChRVFc8KWQ4asWZ2alfIucg70+w4AVwP2C9An1toQAnSl0UArvBxQ1CYbJgUmh4TVv4rdbikdtPHA5Ngbppeoaa2vSjALW0BkYJBgxMoqh3+8lFEDzZItrYU6zjqBsD778jSTH7ZFOHOiKzQkZejeF9G11TYDAEC4ZuKFhmH+tqLeJDYVetkyYC9E+dRW9oJP9F5FwkfTOFIuW9KAScxdEgboHlcF0Fv651S4GxJU7d7KGL5Q2TqLMq40Nhyyw38P\/GIoysEAo1w8HmNbhLPSblFcpFAXWDe++tXTPdgpgxKBSdrDzEo6\/pBKpAUZIxMlBV+lGA7QzA6s1l9FUmUlCYerEI7cQSbQuRWCHyugI3jtgp6HtrD449TrMT1yd0CuX901NgTkBhv26s2FbUop9FALvJbwJHYLS4SDsxTTFWNEyS0mtFAXHHTWHhy4kl9gCJa2+t+CcJlEuf9JsU2DdGoVA1t\/hXLsuUFwWRAwFVGoO5sTlVCfykoRmSFlNI80seXMd7BUSLCeun2QnLnntrRcMhsqNZjATtXQnTPOfV6dctBa3KmrpwnZxm5liPQBQqBbRlyFR+S+r9GgBijAZ5dEADoJCxUQjyjqIRIo6zo\/OIAgw7SyelwHRHQZnUt65iJSeX3RTkfB583pqWkzwoSEpMgTusrBRee1Dwj5Rkx9L459lSytCF8mkohIfAwC1rdWLT0lYQBWkHlIzMptUTGp4SINAUG4VKoRtdWKsSt\/Dv0nbGpBDmCCTv3tcuKHA1kPNbKGz6U1CAwxsrFHbsq\/2GW2A0JWdJv9BruSgsHn1+69n+jUWXXxDvTeoUqkpcFP+c6JoC2nNv3W7eBYWVMnwzg0LFON7PTQE24cLJNi8IQAoFzb4CDjcX2ikcHZNq6thFwYgKZVHsMylMhKdwkSRVJHcKTaE1gatEYuHAlv0ocDGzEcxTG+oOQIQCOX0tFd94tLGBu8Fde2szKPmCvZcrGagZhMJkN7pgTBboLEJS2K\/ibWOWvM+HQh+HG\/\/8KUSdx4fA\/WQZsT9LjpEJrKZEdB81lDPZKIQ4LdDjXJZIiCVKIoWqXgKYuiB3oBDtggJcZIeTSKVtEVMIiBFrJERM3jstBYNFJMwuGZgo1AwKui4o\/hQivuPXR+38\/iaFppDIYTqBu8dQ\/gynZpA7xL7yVBTCikw0AVHQt8vGTk7BRWU1hU4jJId0omoqVXr6am3YVU2JRppU67NTCHFy5GkoKBNs0UWhwvhT4AKHrEulop+5Jl1Z+dS0Bp3C0YKKTrNbcHrHzO6S7hxbIlINQqF6vhQY1oRgUpACKOCdApIhlmPmpOjq6tjYztbWZqHwWtNkmGcf2hQBUWh+OTHO\/v578\/h4wbk2RfLn8n7GRuF8dSHSsMyfqYZVS4ZD8aKA6mdjvHC4shLzjssZ5BG2rVNugafZ1XS3MHHvrHRBDAFhRTV3Q1U1s4nB+A0HBTgJjfMxxyt5zQVxFPYICdvhIUHecc2eJWEKaHt3iNPXvShkRq6WOlJgaiaF6iZF1q2lVV8KHfvZOONBZaKuCI7G4YBIaY6aFfH3VULh3skoTCUFurMyfLpEomQVFFBk4iQ0BTJe\/SzahKMBMl4qZV19s2Y3uJsCCREoc7RROJkuxIfodMdHL4kDT++OYwxVuP6wSnRhzI9Cn\/XsXVvDp5eI2Xn3Tgq4NnV054v\/\/u6XDWc1lflFtWSOQE6rC8t8m57qROGzZJt+MY68EVqEIV2P5vTCKZ+i4bWbJBW\/Uyb9C47nR2SIcySDvl0lfuLPE1GYE+4nOz+T7QEY47+WauxEC31rhIizouB5s\/E7G3du\/Pbw1b3FRefsq\/HR68XTaSmk220+QXWSzH1amGuqZCHKPb1wPs+V8Tsb\/DahUHNe6JrC6DI84Xz6YTLbEQJF9T9tr0fYZoRQ0L2j+fSAN\/mkJaN4wpljnz7zdBJdSFzlr4LxDzzs6BWQXLy6aD4+Q3JNL7xRCsbEO3GOJoVyt7owxbev9lOLD0JBALFywPyaJE3m9MKbpQDzZ\/TJ37NSqIWjINoo9NFP29sUHEdfKswzTF+Z7iMvOacXyHPozlBg4oxmWVLbUPot0tA\/+aXb+oU1kkGX9xP9nSRu8459U\/9JMQoVn0oOTYfRBgMVl4fL0JWKZKGQhRuYpgbOUKaQzAnkyYxJIvzTcX3MB\/pFniZXxl+Yv+cn+pMZjec+rMVkavThw\/RQGAdpCnf9Cjr1RLpuTLLA7Is+20dJkudTuuUhGfMf5EraoHDL4\/c9ZcjUf1n56z9CsksIoKz46+fPF6JXpOvGJAvFpb3u93zkhT5mc8jdU0iOmMPRCp+VRuY75wtOGXkK1Op+4bVlpi6la9obkFvj+pDvGpe6pZCctrjCXcY9wjBy8cH9p0+TdNZalPdPD52lQQSYyh9kyG3jmkkhjFUmh5at8cDryVE2sRyXbG8dY2K3j\/76bfm2Ykrs8FNP+eSshazTjpuXlvRL6nfe92CXv25bh4KefGQ5hSLcXPTbFkZPkUg+D8VYud99e\/f1ZkWrktzAvEb2i3w8FDbL+kyrxZ7JrKjaenv39WalpefPk2a2QrEfHYVGsVisgf+KFi8Gv6+Bf9iPhQKja7\/VOVLm1oC3dl9vVuQvl9DeyUmrI2xW8X7KauOt3debFUb+7e6tW7c+b1mTndj63YcPH979t9YxA\/pgpM23Bedkqfi0Daq5TxTvv\/gAJZP99MGT9rb9orj8pN3mk1dfncdDed9ZybjXOrnMhb7+VKqrXuae9KQnPelJT3rSk570pCc96UlPetKTnvSkJ29I\/h9Uz0wFW1TGLQAAAABJRU5ErkJggg==\" alt=\"\" style=\"aspect-ratio:1.3333333333333333;object-fit:cover;width:205px;height:auto\"\/><\/a><\/figure>\n\n\n\n<p>&nbsp;<\/p>\n\n\n\n<h5 class=\"wp-block-heading\"><a href=\"https:\/\/drive.google.com\/file\/d\/1O0U8CE6bsGxxISBtLVt4TBKz0I3-grxG\/view?usp=drive_link\">Autoritzaci\u00f3 sortir sols de l&#8217;escola (alumnes 3r, 4t, 5\u00e8 i 6\u00e8)<\/a><\/h5>\n\n\n\n<h5 class=\"wp-block-heading\"><a href=\"https:\/\/drive.google.com\/file\/d\/1Kv6yfBcn_vrq661Lwjg4jH5uj2mj6PnA\/view?usp=sharing\">Autoritzaci\u00f3 de recollida d&#8217;alumnes per part d&#8217;altres persones.<\/a><\/h5>\n\n\n\n<figure class=\"wp-block-image alignleft is-resized is-style-default\"><img decoding=\"async\" src=\"https:\/\/img.freepik.com\/vector-premium\/nino-dibujos-animados-su-padre-cogidos-mano-juntos_157186-40.jpg\" alt=\"\" style=\"width:181px;height:auto\"\/><\/figure>\n\n\n\n<p>En el cas que els vostres fills hagin de ser recollits per una altra persona i\/o marxar sols, heu d&#8217;omplir l&#8217;autoritzaci\u00f3 necess\u00e0ria.<\/p>\n\n\n\n<p><\/p>\n\n\n\n<h5 class=\"wp-block-heading\"><a href=\"https:\/\/drive.google.com\/file\/d\/1S3BQ2L05psnH9FldkZKgntAqtiqf8x7J\/view?usp=drive_link\">Autoritzaci\u00f3 de sortides locals<\/a><\/h5>\n\n\n\n<figure class=\"wp-block-image alignleft is-resized\"><img decoding=\"async\" src=\"https:\/\/img.freepik.com\/vector-gratis\/ninos-excursion-escolar_18591-51145.jpg?w=2000\" alt=\"\" style=\"width:189px;height:auto\"\/><\/figure>\n\n\n\n<p>Com b\u00e9 ja sabeu, durant el curs escolar es fan diverses sortides per l&#8217;entorn proper de l&#8217;escola. Tot i amb aix\u00f2, tamb\u00e9 necessitem l&#8217;autoritzaci\u00f3 dels pares degudament signada. En cas de no tenir-la, l&#8217;alumne\/a en q\u00fcesti\u00f3 no podr\u00e0 sortir de l&#8217;escola.<\/p>\n\n\n\n<p><\/p>\n\n\n\n<hr class=\"wp-block-separator has-alpha-channel-opacity\"\/>\n\n\n\n<p>La comunicaci\u00f3 amb les fam\u00edlies \u00e9s molt important. L&#8217;aplicaci\u00f3 <strong><em>DINANTIA<\/em> <\/strong>ens ofereix un servei de comunicaci\u00f3 r\u00e0pida i fluida amb les fam\u00edlies. \u00c9s per aquest motiu que us animem a donar-vos-hi d&#8217;alta.<\/p>\n\n\n\n<h5 class=\"wp-block-heading\"><a href=\"https:\/\/drive.google.com\/file\/d\/1qsoXtAh-3_N-av6i3Gaup0XZU0yEOJ1s\/view?usp=drive_link\">Descarrega el document de consentiment per rebre informaci\u00f3 mitjan\u00e7at l&#8217;aplicatiu Dinantia<\/a><\/h5>\n\n\n\n<p><\/p>\n\n\n\n<p>A continuaci\u00f3 podreu veure un v\u00eddeo explicatiu sobre com descarregar i instal\u00b7lar Dinantia. Aquest v\u00eddeo ha estat publicat per un company d&#8217;una altra escola (l&#8217;escola Baldiri Reixach).<\/p>\n\n\n<div class=\"ast-oembed-container \" style=\"height: 100%;\"><iframe loading=\"lazy\" title=\"APP Baldiri - Dinantia. Instal\u00b7laci\u00f3\" width=\"500\" height=\"281\" src=\"https:\/\/www.youtube.com\/embed\/tXsuqmY_CvA?feature=oembed\" frameborder=\"0\" allow=\"accelerometer; autoplay; clipboard-write; encrypted-media; gyroscope; picture-in-picture; web-share\" referrerpolicy=\"strict-origin-when-cross-origin\" allowfullscreen><\/iframe><\/div>\n\n\n\n<figure class=\"wp-block-image alignleft\"><img decoding=\"async\" src=\"data:image\/png;base64,iVBORw0KGgoAAAANSUhEUgAAAT4AAACfCAMAAABX0UX9AAABm1BMVEX\/\/\/8AAAA+Pj719fU3Nzd9fX3a2tpvb2+FhYV3d3cF1fuampqkpKS9vb3R0dHW1tahoaHLy8uRkZHt7e0Ft9Wd6vxpaWnm5uZNTU1ISEiwsLC6urqEhITFxcXh4eFXV1cmJib\/0QlhYWEfHx8xMTGTk5MQEBAqKioYGBhcXFwLCwtDQ0NTU1P\/OUcG2v8A720I9XwHMR3j\/O0Gh6EDMAgHs1YFRCHe+fl69ai6+NIFsdUCFwAI6HUHvWIENBno+v9d85fK+d0J4W0H\/YAA72EDIA599awH1GkGqVYFEQwGweQFnVKP9rNd8p3o\/fEJ6nQEcz4CAA8H1W7Q9f+g+LsGABpXPwAmHAX3+uf\/9NAAhktkPACZgQms+sb9zQD64WwEAClpXAn955YDLkYAVyh+WQD\/3Qy0mAkAdIWIbwln5f7+8rcAY3WDAAAzABaojwb\/4uD4HDP7rb382Dfjvgj87a1VABz5macAUF2eChypJTCQ8P\/5bnf74+bLLDkvDA3\/zc76TFoAO0OBHSbDIS76ABv3Zm8AKCtnFx6XTy7NAAAPz0lEQVR4nO2diZ\/jSHXH61nW1ZJlHaxk67Lbt2xPT+fYhGwgu7BJIBxpwgJZAgwhx2wCOXYmxwYmwIZssvzZvFeS3Lba3WNL7p79QP0+8\/G4pZJc9fWrV6+eVDJjQkJCQkJCQkJCQkJCQkJCQkJCQkJCQkJCQkJCQkJCQkJCQkJCQkJCQkJCQkJCQkK3KHHlh9VUeVmVFFd9WMlJTXhSDx5e2t11klcd5WHl6C2pFr7sFdADMO+qkqHXakkzRb06R3VfCT2Au+o0qwegoUZWjYPMV4Qvvb1Kil8bQROFdo2DXhW+7u1VsuTaCJqoY9Q4qMT3W7c2tGfoAKrramtX09w2zEbg4+bRDF\/GbgzQWgEMByfEV7i+3761hGSbErNM0+yaYWg62HTmoOdXAtoZ2h6TaCDtHEeiCb7f+d3Xf29\/O2VnYEaQjny\/5Xdsfw5zB9gUwJkjOEXVFNAZMo5Oju+13\/\/0H+wvEMyTaMFUM0nSxFwnGAb1mY+e3yBgqzBppx4g09VxJJrg+9Ibf\/iZz\/7Rvnam\/NXir4aKL8MEulYGyRARtgFiV4+60L8HfGdvvvWZz+0rMOBWpvJXhff0NVN9l9mIzwwZ8wZSr+2xI4fSJvg+dfEp+Pzbr9\/swgsENzUg7STaFj4IOD4F\/2xFeuyG7fvAd\/bmp\/\/4rT0AcWSOXE9eDTKMHHjhNfODgWMiPpXGpJ7nB5MHxXd28QZ84fLyi39SbSdZX6difQr0uoTPwg4sG7oLiRHeB76zN\/\/08eObADO0O9PRufVt8KVsTlMHm6yvJ2UsVAfHkWiG7+ziS8Tv8ot\/tttO3Rq4EijrLJuBjYMI+T5EGrMxQD8dyQp2XwDvXqyP87t6\/FZlEAnGTrK09NByPNZVaUuPjVKGPQLfTiKnrXiITl4cR6IhvpLf5Zd3G9q3RxnamGEsYNDCvxcqEEWdRt65gehWOO2bj+4H39k7X3l8dfn4q3++U0IywjRwDNtQmMcnqxFLcOS1eDAZGjjy0iASHkeiKT7k9xdfuLy6urz62pEsauhQfGfvfAP5XT7+So22HafG+M7OiN8l1vbrt0QxrwAf53d19fjqlijmZDoBvouzb34Wu+\/V21\/+1l9+UvARP6zS47fe\/XY9LgfqBPhQ33wd6f3Vd54+\/e4nA98F8vsejh9ffff8yfffrUfmIJ0G39lfv\/72177z9Pz86ZMfFE3NYn18NwzXa+\/8vRhlWUbjDEyD9t4jjrA+zg\/pnZ8\/Of+boowSRS\/JuSpQGTocC0VJPau6J9eJ8F387d\/9PdJDPX2PduWNcRZ34TNZa+fvdX5yjLRDtmqO7+y1z717nuspRzOnU4zvBNiFSgYl\/1yMc5z92cbT4Lu4+Ad4r8D3j0ABniS3eyG7MydgV\/D1WNRfY1yrYk1Pge+H0o+e8Co9+T7uwbDTUBQT8vaWWeJNtljaxnedQ4aJ0nVGIJf4qtnlE+H7p39+9C\/\/Sp33PT56MGnTZNnDWrUgzxV38P8JQvBsJMvxUXXDEh+dd8ISjs\/F4yQZW0vBYcjGR+P74fvPnv+I4P0bHz36lBDI26\/g5y4oyIswDF1R3EcxqQtajq+DW9dega\/NX4Hjo9k6WobFLxskEJ0KH9F7RPz+\/VuFsRsbeiyVp4wN8cMSPUTnspSYqWPdc3wmC0cGi7bw5TVdQZjoSL49wz9xW3S09b14\/9GjZ8+\/fX7+H3yHBP2yaIBfZTiBDp60Hdo4+WEZ+NEUAXJ8DqydCGbb+IZ5pTrtMMl45XDbms9PToHv4r9+\/Ij0nz8omGn864RWMgKP7DBj5phjMNkgZjG+iTi+NuCXSFu38CXM3XTeDB1hxCbYrtWx+F68\/wxr9OyDMm5JC3fs20zm50EznxAGtCUPKFUdFfj6M741T\/xBC19sdMsb3wcj7EMhns8+Db6Ls4LeT5alyan4iagBtp7zWbKkj1Roi0vQyCg5vlZxwl6OjysBjs\/nk\/sprLBve91jfd+LDzm9\/\/5puV+CVdn6Nb9mMgAGPD8AmcLReAW+Yrib5sW5xh7HF\/TyVrHZBL8D6TT4Cno\/+\/mWj2fSkvOIQcKugj0gnHAPpzE1R2ttrG\/cak1asxxf17DdHjfH1hI91HxEKdau5DP\/SHyc3rP\/+XCrQI\/nBhgamgrk2GYLNhsy6sq6xL85u8DXnqVpGqS584OxMTXoQMLXAysICJ8BCeQXB5rj+wXR+9kvYVsyk+JJP0TrQ+c27gf4yQrTZj4NKSlz7LT0fQ5zl\/POetv35fiGZIUR4fPJMI7DR\/SePXq+UwBH3qmihGh9DvSVQMVBaQpygMOIhd9y2x2Vvi8ENfCMIoCBsn8QvjlQFx8wPjCmp8B3cfaLj5De\/0JFOjft7gRyHyJjB6DP88iHhRJLDMTH4z5+oS\/mx6zLIZjHfRSlpoQPAt7vj8DH6X1QjTGUCe+HTlF9sh49\/zDcModViP3VorjGzf1Pjm+4hS8fv\/q8PUVesKn1Eb2fVOGRMlnl9YWJWnS9nsrDQB69JhiJtPmFo5bqFz5zMSrjwFaGDqivD2A04WVLp3oYvhfPn205vW2A5axDchLuWVmQ0NWiPJoLEaRkUZ\/1kmI3nraMsvkeL3GYovCyzgnwXZx9\/NHWiHGYpMA0HD6iHCI3NK+vix6E77Xn\/\/f\/7x\/XHh9kW6aQ6iApmZ3HM6yp9X380c6IcZBkhCAdfKXYZuw6J30Ivnc+ePThse2xqAP4wcsLciUz6BdRdSN8b3z841\/e0ur70cvxvXjn+fPbC51ejS6TH21594ivuMvgp\/XueaqrRvgeWndkS7pqbQRNFNXB57wifHdUSTryEtmJpNe6Q3J\/NvO+def9kXKde52aSpnXOiy4Mw96T3rJFey+HEgPLHN26GhdkWT0Wg+rLHpZncJ++4HlPuw4JSQkJCQkJCQkJPQbJTHraDLrEHPeRnNekXHJVS\/jIvJ9pWrl+0S2uVStbLNYUVnqlNc6sv4rxHfbYnLrpc9AaKLT4VsH+X1Vnyh81ry4VapUbNv7blIOKmGRWy2AIco+UifDR3cm69sblq4s+3sKtisb5T1l9m2rg49W1e2s0JVo9Rr289Rixd0ZniQ5EsdnYRTi0U0bnpPjU+g+WInfxpHqCrM9uiEn2Fl+fzJ8Htu6I5c01GC5dhHjHIrbOPC\/Cd3UUtznMslfNPpvMd5smbsLcPMS86b46Kw7GyR+i3AaRkqMxCKXpY5rprHkRSxWwo4UBhrrTlMjxmKuY2lMM1M6cxAHbNRRZJaE6Xb8dCp8I8bYrlkN6b4pveW76rTlgz+F9miq+fayrYKhuoOFNrKhbfgu3UQly7oGuJdOPAgHEMrqFHqu7+5+yLH4KMDajSw4PsvCDq04Bq2ktKlPKo4XhR512W5H84gIIvLQUKMAzdCi24EM3qFDJjuO7Zwen8u89e4Wjq9PBNaZBrGMPdJAOIO2qrYA347XxpzQ0cnwf3mMnnM9QhvF4\/CtBna\/H+8+8eRYfDbMK0+6oM6LbDSCkiSJF5kcH76JUgRkJSzyyFnGtHgfcRHLEh\/+C6VK6N4c38JUgsSHoZpIkrXl\/YbkwNyxSwz9nr\/KYiCUiE\/HTjntycOY46PxBnfoE41K4vli\/re8MIbtyawmPs9tj7FCSsdfLgdbw4KkdkJNYYmB\/Za1GK3onXJ8IdMitxtME98L4s6UOm9ohjYrrU+PcnyK29keixrjKx4AUk6erc2OsbkeuT72y4ENiw5A2CcjW2dtfWmvY38dt6JJb9pzOT5\/ZBCzHi2dttdUMB5nWq8yhByMr7N73NZsGWeqO\/Xdkrf7QmW39ko7xTYf1BDfurrv2l31+ysyngndrTxEnPzfbLFcICa0v0l\/sYTFeskHDXqwBt9L3Pu87BKG60pm4lB8FlR0b\/PhpviqKYd7nZAciq+a0bgRxZ1MDfFVn5yg3Ce9Q\/FVK9G\/\/bCmaoiv+r3qcJ86EF+1Bxz5aJtj1BBfdQI0+STgq0SLlUdfGXBndsGiibseMEnx7ipW6MT4dpMGerfakh3NozSwprO7itTCp915GG64I8du0TN6RmCxLhxCpiG+6tHTnXp75aqmvWpTSEXrTwfXKwhPgq+audgZd0MMkChyk+TEkWUKCaPYM3S3GAN1bqsSng+yKcbcgZvv0uwgxvgvyg85Fb4bj33brraPkxwyv5nWm7surYjB6Yc6LYO5iNE8pQctg3V0Mls536WroGGw03LdagLsQHyVqG\/X2sZLWgtGK5WKlWDFopxidicXGRr+hRrFQh3sY1TaxArj5Hx7uGyIb1zdFWz1RYVBQGmEOcufUkb14O9yLB2mQl5JRhaTx7YDtFlPQuphcUgNfB5UNLl2YwlfHRTyQgiMll5rBEQpcgu0BG9g0pPVaJ2gB0OJSWPsRvxKi00HRtvrypvGfTeTkRt+ffw4vjR1yL25hd9syLw5qEX7sNJBSGmGNf+uiWqPzDdgSRvdu0lgd6cdh8Z9N5+suuHXJ0rLMZGhLIeEH67xRrj5+jAmmRk3Re77Qr7mmXBzumsITTPcNr+m+G7M1NPNroR76ZTw0TRgyBzIl+eHhflNKMshtXLfJ3OPryGwgI6z2Mj3R5X5w6H4bjzcqVzYR7VrtVszrJuXVx1W+LnUJeyt3EyIfpnjyzeSxfL10SsY9Hq9wbafaDrnrQ7vm6zVkEmdpOMhsGHeHiQZ8shmel1oYWMv4fhcvtFHKwjIOFPKY0re7jW9g+e81UThhgzNwVEIzeMuMcQvTOPRaztvSf40xOUwx9flJprhB3N8MbfQbU\/aGF+2u+v6qbAh40\/nRZsb8t464p1A4xSKTCmH6uEpDDpPyA8aoe8DcoxVBMfgq1xJ3UzMvaLjqaCQU9ZU+vqxSpk7gZjv6eN7t43oPBgb9CCFPg5gyBCW\/HDQp\/1ti2mesNoN\/a5HjqIbO6yNniaNDZavMjXlcj2gw0JZTpDaggWqjg4owqBAgRwfdjdDjqTdnMHhCat457hNe93CDhVQJfDRsdJj6TQw5zAropuAvO2Y2hRx72wsYUmIlnyQ9NRi5+nw5TWyEl7Ha6dduv2MRUvm0FWDjFDbbOOaMk4j5GVpxKO5FcUcHB\/0UlZ35CXxh7P1fI5\/78OBvY3b1m7kPQ7XKbLNcsQnF1loD2GfyPctZ7mlzmH72UKTcpI33nrd6MZTiI7JNocxhR\/Mcaf7J19eueIZLfXV4nuZ5ptANqw8+eZI1bnOe5skueyEkXzI7Ha\/HgLf2Crnclq3UU7h1\/sug3vXr8lTw8Uz60vVema9+MWEQvV+MUH8Xkez3+ugX4uJtYdUfMivxegPq7jur8UICQkJCQkJCQkJCQkJCQkJCQkJCQkJCQkJCQkJCQkJCQkJCQkJCQkJCQkJCQkJ\/QboV8WnfidQ9BZuAAAAAElFTkSuQmCC\" alt=\"\"\/><\/figure>\n\n\n\n<p><\/p>\n","protected":false},"excerpt":{"rendered":"<p>En aquesta p\u00e0gina us podreu descarregar diverses autoritzacions en funci\u00f3 de les vostres necessitats. Autoritzaci\u00f3 drets d&#8217;imatge &nbsp; Autoritzaci\u00f3 sortir sols de l&#8217;escola (alumnes 3r, 4t, 5\u00e8 i 6\u00e8) Autoritzaci\u00f3 de recollida d&#8217;alumnes per part d&#8217;altres persones. En el cas que els vostres fills hagin de ser recollits per una altra persona i\/o marxar sols, [&hellip;]<\/p>\n","protected":false},"author":1,"featured_media":0,"parent":123,"menu_order":5,"comment_status":"open","ping_status":"open","template":"","meta":{"_bbp_topic_count":0,"_bbp_reply_count":0,"_bbp_total_topic_count":0,"_bbp_total_reply_count":0,"_bbp_voice_count":0,"_bbp_anonymous_reply_count":0,"_bbp_topic_count_hidden":0,"_bbp_reply_count_hidden":0,"_bbp_forum_subforum_count":0,"site-sidebar-layout":"default","site-content-layout":"","ast-site-content-layout":"default","site-content-style":"default","site-sidebar-style":"default","ast-global-header-display":"","ast-banner-title-visibility":"","ast-main-header-display":"","ast-hfb-above-header-display":"","ast-hfb-below-header-display":"","ast-hfb-mobile-header-display":"","site-post-title":"","ast-breadcrumbs-content":"","ast-featured-img":"","footer-sml-layout":"","theme-transparent-header-meta":"","adv-header-id-meta":"","stick-header-meta":"","header-above-stick-meta":"","header-main-stick-meta":"","header-below-stick-meta":"","astra-migrate-meta-layouts":"set","ast-page-background-enabled":"default","ast-page-background-meta":{"desktop":{"background-color":"var(--ast-global-color-4)","background-image":"","background-repeat":"repeat","background-position":"center center","background-size":"auto","background-attachment":"scroll","background-type":"","background-media":"","overlay-type":"","overlay-color":"","overlay-opacity":"","overlay-gradient":""},"tablet":{"background-color":"","background-image":"","background-repeat":"repeat","background-position":"center center","background-size":"auto","background-attachment":"scroll","background-type":"","background-media":"","overlay-type":"","overlay-color":"","overlay-opacity":"","overlay-gradient":""},"mobile":{"background-color":"","background-image":"","background-repeat":"repeat","background-position":"center center","background-size":"auto","background-attachment":"scroll","background-type":"","background-media":"","overlay-type":"","overlay-color":"","overlay-opacity":"","overlay-gradient":""}},"ast-content-background-meta":{"desktop":{"background-color":"var(--ast-global-color-5)","background-image":"","background-repeat":"repeat","background-position":"center center","background-size":"auto","background-attachment":"scroll","background-type":"","background-media":"","overlay-type":"","overlay-color":"","overlay-opacity":"","overlay-gradient":""},"tablet":{"background-color":"var(--ast-global-color-5)","background-image":"","background-repeat":"repeat","background-position":"center center","background-size":"auto","background-attachment":"scroll","background-type":"","background-media":"","overlay-type":"","overlay-color":"","overlay-opacity":"","overlay-gradient":""},"mobile":{"background-color":"var(--ast-global-color-5)","background-image":"","background-repeat":"repeat","background-position":"center center","background-size":"auto","background-attachment":"scroll","background-type":"","background-media":"","overlay-type":"","overlay-color":"","overlay-opacity":"","overlay-gradient":""}},"footnotes":""},"class_list":["post-624","page","type-page","status-publish","hentry"],"post_mailing_queue_ids":[],"_links":{"self":[{"href":"https:\/\/agora.xtec.cat\/ceipmarededeudelaroca\/wp-json\/wp\/v2\/pages\/624","targetHints":{"allow":["GET"]}}],"collection":[{"href":"https:\/\/agora.xtec.cat\/ceipmarededeudelaroca\/wp-json\/wp\/v2\/pages"}],"about":[{"href":"https:\/\/agora.xtec.cat\/ceipmarededeudelaroca\/wp-json\/wp\/v2\/types\/page"}],"author":[{"embeddable":true,"href":"https:\/\/agora.xtec.cat\/ceipmarededeudelaroca\/wp-json\/wp\/v2\/users\/1"}],"replies":[{"embeddable":true,"href":"https:\/\/agora.xtec.cat\/ceipmarededeudelaroca\/wp-json\/wp\/v2\/comments?post=624"}],"version-history":[{"count":6,"href":"https:\/\/agora.xtec.cat\/ceipmarededeudelaroca\/wp-json\/wp\/v2\/pages\/624\/revisions"}],"predecessor-version":[{"id":5776,"href":"https:\/\/agora.xtec.cat\/ceipmarededeudelaroca\/wp-json\/wp\/v2\/pages\/624\/revisions\/5776"}],"up":[{"embeddable":true,"href":"https:\/\/agora.xtec.cat\/ceipmarededeudelaroca\/wp-json\/wp\/v2\/pages\/123"}],"wp:attachment":[{"href":"https:\/\/agora.xtec.cat\/ceipmarededeudelaroca\/wp-json\/wp\/v2\/media?parent=624"}],"curies":[{"name":"wp","href":"https:\/\/api.w.org\/{rel}","templated":true}]}}