{"id":3731,"date":"2023-09-21T13:37:24","date_gmt":"2023-09-21T11:37:24","guid":{"rendered":"https:\/\/agora.xtec.cat\/ceipmarededeudelaroca\/?page_id=3731"},"modified":"2025-09-11T18:04:20","modified_gmt":"2025-09-11T16:04:20","slug":"protocol-dentrades-i-sortides","status":"publish","type":"page","link":"https:\/\/agora.xtec.cat\/ceipmarededeudelaroca\/families-2\/protocol-dentrades-i-sortides\/","title":{"rendered":"Entrades i sortides"},"content":{"rendered":"\n<div class=\"wp-block-getwid-tabs\" data-active-tab=\"0\"><ul class=\"wp-block-getwid-tabs__nav-links\"><\/ul>\n<div class=\"wp-block-getwid-tabs__nav-link\"><span class=\"wp-block-getwid-tabs__title-wrapper\"><a href=\"#\"><span class=\"wp-block-getwid-tabs__title\">ENTRADES<\/span><\/a><\/span><\/div><div class=\"wp-block-getwid-tabs__tab-content-wrapper\"><div class=\"wp-block-getwid-tabs__tab-content\">\n<p>Les hores d&#8217;entrar al centre s\u00f3n les<strong> 9\u202fh del mat\u00ed i a les 15\u202fh de la tarda. <\/strong><\/p>\n\n\n\n<p>La porta principal s&#8217;obrir\u00e0 3 minuts abans de l&#8217;hora establerta i tots els\/ les alumnes (des d&#8217;i4 fins a 6\u00e8) aniran entrant amb ordre i a poc a poc <strong>sense esperar-se a les fileres.<\/strong><\/p>\n\n\n\n<p><strong>Els alumnes d&#8217;i3<\/strong>, podran ser acompanyats pels seus familiars fins a les seves respectives aules i els recolliran davant d&#8217;aquestes.<\/p>\n\n\n\n<p>A dins les classes els esperaran els mestres corresponents i la resta del professorat estar\u00e0 situat en diferents llocs del pati. Seran ells els que guiaran i ajudaran els nens i nenes a arribar a dins l&#8217;edifici.<\/p>\n<\/div><\/div>\n\n\n\n<div class=\"wp-block-getwid-tabs__nav-link\"><span class=\"wp-block-getwid-tabs__title-wrapper\"><a href=\"#\"><span class=\"wp-block-getwid-tabs__title\">SORTIDES INFANTIL<\/span><\/a><\/span><\/div><div class=\"wp-block-getwid-tabs__tab-content-wrapper\"><div class=\"wp-block-getwid-tabs__tab-content\">\n<p>Les hores de sortida del centre s\u00f3n les<strong> 12:30\u202fh i a les 16:30\u202fh de la tarda.<\/strong><\/p>\n\n\n\n<p>Els i les alumnes d&#8217;aquesta etapa es lliuraran directament a les fam\u00edlies o a les persones que pr\u00e8viament hagin estat autoritzades (<a href=\"https:\/\/drive.google.com\/file\/d\/1zoZB6bgFW909S-uxfV5GWcl-yIxV3_bM\/view\" target=\"_blank\" rel=\"noopener\">descarrega aqu\u00ed el document necessari)<\/a>. <\/p>\n\n\n\n<p>\u00c9s responsabilitat de les fam\u00edlies avisar de qualsevol canvi.<\/p>\n\n\n\n<details class=\"wp-block-details is-layout-flow wp-block-details-is-layout-flow\"><summary>LLocs de recollida<\/summary>\n<p><strong>Alumnes d&#8217;i3<\/strong>, els recolliran davant de les seves classes respectives.<\/p>\n\n\n\n<p><strong>Alumnes d&#8217;i4<\/strong>, esperaran a la vorera de l&#8217;edifici que toca a la porta de la biblioteca. All\u00e0 els recolliran les fam\u00edlies.<\/p>\n\n\n\n<p><strong>Alumnes d&#8217;i5,<\/strong> esperaran a la vorera del pati d&#8217;educaci\u00f3 infantil que toca a la tanca de sortida.<\/p>\n<\/details>\n<\/div><\/div>\n\n\n\n<div class=\"wp-block-getwid-tabs__nav-link\"><span class=\"wp-block-getwid-tabs__title-wrapper\"><a href=\"#\"><span class=\"wp-block-getwid-tabs__title\">SORTIDES PRIM\u00c0RIA<\/span><\/a><\/span><\/div><div class=\"wp-block-getwid-tabs__tab-content-wrapper\"><div class=\"wp-block-getwid-tabs__tab-content\">\n<p>Les hores de sortida del centre s\u00f3n les<strong> 12:30\u202fh i a les 16:30\u202fh de la tarda.<\/strong><\/p>\n\n\n\n<div class=\"wp-block-columns is-layout-flex wp-container-core-columns-is-layout-1 wp-block-columns-is-layout-flex\">\n<div class=\"wp-block-column is-layout-flow wp-container-core-column-is-layout-1 wp-block-column-is-layout-flow\" style=\"padding-top:0;padding-right:var(--wp--preset--spacing--70);padding-bottom:0;padding-left:var(--wp--preset--spacing--70)\">\n<p class=\"has-text-align-center\"><strong>Cicle inicial<\/strong>. <\/p>\n\n\n\n<p>Sortiran a l&#8217;espai que hi ha davant de consergeria. <\/p>\n\n\n\n<p>All\u00e0 els recolliran les fam\u00edlies o les persones que pr\u00e8viament hagin estat autoritzades . (<a href=\"https:\/\/drive.google.com\/file\/d\/1zoZB6bgFW909S-uxfV5GWcl-yIxV3_bM\/view\" target=\"_blank\" rel=\"noopener\">descarrega aqu\u00ed el document necessari)<\/a>.<\/p>\n\n\n\n<p>\u00c9s responsabilitat de les fam\u00edlies avisar de qualsevol canvi.<\/p>\n<\/div>\n\n\n\n<div class=\"wp-block-column is-layout-flow wp-block-column-is-layout-flow\">\n<p class=\"has-text-align-center\"><strong>Cicle mitj\u00e0 i superior<\/strong>. <\/p>\n\n\n\n<p>Sortiran per les portes de l&#8217;entrada principal. <\/p>\n\n\n\n<p>En cas que una fam\u00edlia d&#8217;un o una alumna d&#8217;aquestes etapes, <strong>no vulgui que el seu fill o filla surti sol<\/strong>, ho ha de comunicar al tutor o tutora per escrit.<\/p>\n<\/div>\n<\/div>\n\n\n\n<div class=\"wp-block-columns is-layout-flex wp-container-core-columns-is-layout-2 wp-block-columns-is-layout-flex\">\n<div class=\"wp-block-column is-layout-flow wp-block-column-is-layout-flow\"><\/div>\n\n\n\n<div class=\"wp-block-column is-layout-flow wp-block-column-is-layout-flow\"><\/div>\n<\/div>\n<\/div><\/div>\n<\/div>\n\n\n\n<figure class=\"wp-block-image alignleft is-resized\"><img decoding=\"async\" src=\"https:\/\/static.vecteezy.com\/system\/resources\/previews\/002\/119\/771\/non_2x\/human-hands-with-watch-flat-cartoon-icons-style-a-male-hand-uses-a-watch-while-showing-the-time-on-his-watch-isolated-on-white-background-time-management-concept-design-elements-vector.jpg\" alt=\"\" style=\"width:79px;height:auto\"\/><\/figure>\n\n\n\n<div class=\"wp-block-buttons is-layout-flex wp-block-buttons-is-layout-flex\">\n<div class=\"wp-block-button\"><a class=\"wp-block-button__link wp-element-button\" href=\"https:\/\/agora.xtec.cat\/ceipmarededeudelaroca\/families-2\/absentisme-escolar\/\">EN CAS DE RETARD:<\/a><\/div>\n<\/div>\n","protected":false},"excerpt":{"rendered":"","protected":false},"author":6,"featured_media":0,"parent":123,"menu_order":0,"comment_status":"closed","ping_status":"closed","template":"","meta":{"_bbp_topic_count":0,"_bbp_reply_count":0,"_bbp_total_topic_count":0,"_bbp_total_reply_count":0,"_bbp_voice_count":0,"_bbp_anonymous_reply_count":0,"_bbp_topic_count_hidden":0,"_bbp_reply_count_hidden":0,"_bbp_forum_subforum_count":0,"site-sidebar-layout":"default","site-content-layout":"","ast-site-content-layout":"default","site-content-style":"default","site-sidebar-style":"default","ast-global-header-display":"","ast-banner-title-visibility":"","ast-main-header-display":"","ast-hfb-above-header-display":"","ast-hfb-below-header-display":"","ast-hfb-mobile-header-display":"","site-post-title":"","ast-breadcrumbs-content":"","ast-featured-img":"","footer-sml-layout":"","theme-transparent-header-meta":"","adv-header-id-meta":"","stick-header-meta":"","header-above-stick-meta":"","header-main-stick-meta":"","header-below-stick-meta":"","astra-migrate-meta-layouts":"set","ast-page-background-enabled":"default","ast-page-background-meta":{"desktop":{"background-color":"var(--ast-global-color-4)","background-image":"","background-repeat":"repeat","background-position":"center center","background-size":"auto","background-attachment":"scroll","background-type":"","background-media":"","overlay-type":"","overlay-color":"","overlay-opacity":"","overlay-gradient":""},"tablet":{"background-color":"","background-image":"","background-repeat":"repeat","background-position":"center center","background-size":"auto","background-attachment":"scroll","background-type":"","background-media":"","overlay-type":"","overlay-color":"","overlay-opacity":"","overlay-gradient":""},"mobile":{"background-color":"","background-image":"","background-repeat":"repeat","background-position":"center center","background-size":"auto","background-attachment":"scroll","background-type":"","background-media":"","overlay-type":"","overlay-color":"","overlay-opacity":"","overlay-gradient":""}},"ast-content-background-meta":{"desktop":{"background-color":"var(--ast-global-color-5)","background-image":"","background-repeat":"repeat","background-position":"center center","background-size":"auto","background-attachment":"scroll","background-type":"","background-media":"","overlay-type":"","overlay-color":"","overlay-opacity":"","overlay-gradient":""},"tablet":{"background-color":"var(--ast-global-color-5)","background-image":"","background-repeat":"repeat","background-position":"center center","background-size":"auto","background-attachment":"scroll","background-type":"","background-media":"","overlay-type":"","overlay-color":"","overlay-opacity":"","overlay-gradient":""},"mobile":{"background-color":"var(--ast-global-color-5)","background-image":"","background-repeat":"repeat","background-position":"center center","background-size":"auto","background-attachment":"scroll","background-type":"","background-media":"","overlay-type":"","overlay-color":"","overlay-opacity":"","overlay-gradient":""}},"footnotes":""},"class_list":["post-3731","page","type-page","status-publish","hentry"],"post_mailing_queue_ids":[],"_links":{"self":[{"href":"https:\/\/agora.xtec.cat\/ceipmarededeudelaroca\/wp-json\/wp\/v2\/pages\/3731","targetHints":{"allow":["GET"]}}],"collection":[{"href":"https:\/\/agora.xtec.cat\/ceipmarededeudelaroca\/wp-json\/wp\/v2\/pages"}],"about":[{"href":"https:\/\/agora.xtec.cat\/ceipmarededeudelaroca\/wp-json\/wp\/v2\/types\/page"}],"author":[{"embeddable":true,"href":"https:\/\/agora.xtec.cat\/ceipmarededeudelaroca\/wp-json\/wp\/v2\/users\/6"}],"replies":[{"embeddable":true,"href":"https:\/\/agora.xtec.cat\/ceipmarededeudelaroca\/wp-json\/wp\/v2\/comments?post=3731"}],"version-history":[{"count":6,"href":"https:\/\/agora.xtec.cat\/ceipmarededeudelaroca\/wp-json\/wp\/v2\/pages\/3731\/revisions"}],"predecessor-version":[{"id":5789,"href":"https:\/\/agora.xtec.cat\/ceipmarededeudelaroca\/wp-json\/wp\/v2\/pages\/3731\/revisions\/5789"}],"up":[{"embeddable":true,"href":"https:\/\/agora.xtec.cat\/ceipmarededeudelaroca\/wp-json\/wp\/v2\/pages\/123"}],"wp:attachment":[{"href":"https:\/\/agora.xtec.cat\/ceipmarededeudelaroca\/wp-json\/wp\/v2\/media?parent=3731"}],"curies":[{"name":"wp","href":"https:\/\/api.w.org\/{rel}","templated":true}]}}