{"id":945,"date":"2014-11-11T17:16:00","date_gmt":"2014-11-11T15:16:00","guid":{"rendered":"http:\/\/blocs.xtec.cat\/ceiproquetes\/?page_id=945"},"modified":"2026-02-24T15:31:12","modified_gmt":"2026-02-24T14:31:12","slug":"instal%c2%b7lacions-2","status":"publish","type":"page","link":"https:\/\/agora.xtec.cat\/ceipmarcelidomingo-roquetes\/lescola\/instal%c2%b7lacions-2\/","title":{"rendered":"Instal\u00b7lacions"},"content":{"rendered":"\n<figure class=\"wp-block-image aligncenter size-large\"><a href=\"https:\/\/drive.google.com\/file\/d\/1s0aYPP4KCk50DNlYq_n0DEGGcGXVaoWH\/view?usp=sharing\"><img loading=\"lazy\" decoding=\"async\" width=\"1024\" height=\"576\" src=\"https:\/\/agora.xtec.cat\/ceipmarcelidomingo-roquetes\/wp-content\/uploads\/usu961\/2026\/02\/Video-Installacions-1024x576.png\" alt=\"\" class=\"wp-image-10008\" srcset=\"https:\/\/agora.xtec.cat\/ceipmarcelidomingo-roquetes\/wp-content\/uploads\/usu961\/2026\/02\/Video-Installacions-1024x576.png 1024w, https:\/\/agora.xtec.cat\/ceipmarcelidomingo-roquetes\/wp-content\/uploads\/usu961\/2026\/02\/Video-Installacions-300x169.png 300w, https:\/\/agora.xtec.cat\/ceipmarcelidomingo-roquetes\/wp-content\/uploads\/usu961\/2026\/02\/Video-Installacions-768x432.png 768w, https:\/\/agora.xtec.cat\/ceipmarcelidomingo-roquetes\/wp-content\/uploads\/usu961\/2026\/02\/Video-Installacions-1536x864.png 1536w, https:\/\/agora.xtec.cat\/ceipmarcelidomingo-roquetes\/wp-content\/uploads\/usu961\/2026\/02\/Video-Installacions.png 1920w\" sizes=\"auto, (max-width: 1024px) 100vw, 1024px\" \/><\/a><\/figure>\n\n\n\n<p>Les instal\u00b7lacions escolars actuals van ser inaugurades el dia 24 de febrer de 2012. Gr\u00e0cies a les&nbsp; obres d&#8217;ampliaci\u00f3 i remodelaci\u00f3 realitzades entre els anys 2007 i 2011, l&#8217;escola gaudeix d&#8217;uns espais amplis i lluminosos, que permeten respondre a les necessitats del dia a dia.<br>La distribuci\u00f3 dels esmentats espais \u00e9s la seg\u00fcent:<\/p>\n\n\n\n<ul class=\"wp-block-list\">\n<li>\u00a0\u00a0 \u00a0\u00a0\u00a0\u00a0 Aules d&#8217;educaci\u00f3 infantil i prim\u00e0ria<\/li>\n\n\n\n<li>\u00a0\u00a0\u00a0\u00a0\u00a0\u00a0\u00a0 Aules per a petits grups<\/li>\n\n\n\n<li>\u00a0\u00a0\u00a0\u00a0\u00a0\u00a0\u00a0 Aula de psicomotricitat i gimn\u00e0s<\/li>\n\n\n\n<li>\u00a0\u00a0\u00a0\u00a0\u00a0\u00a0\u00a0 Zones d&#8217;esbarjo i pistes esportives<\/li>\n\n\n\n<li>\u00a0\u00a0\u00a0\u00a0\u00a0\u00a0\u00a0 Espais de suport a l&#8217;escola inclusiva<\/li>\n\n\n\n<li>\u00a0\u00a0\u00a0\u00a0\u00a0\u00a0\u00a0 Espais d&#8217;aprenentatge<\/li>\n\n\n\n<li>&nbsp;&nbsp;&nbsp;&nbsp;&nbsp;&nbsp;&nbsp; Biblioteca<\/li>\n\n\n\n<li>&nbsp;&nbsp;&nbsp;&nbsp;&nbsp;&nbsp;&nbsp; Cuina i menjador<\/li>\n\n\n\n<li>\u00a0\u00a0\u00a0\u00a0\u00a0\u00a0\u00a0 Espais d&#8217;atenci\u00f3 a les fam\u00edlies<\/li>\n<\/ul>\n","protected":false},"excerpt":{"rendered":"<p>Les instal\u00b7lacions escolars actuals van ser inaugurades el dia 24 de febrer de 2012. Gr\u00e0cies a les&nbsp; obres d&#8217;ampliaci\u00f3 i remodelaci\u00f3 realitzades entre els anys 2007 i 2011, l&#8217;escola gaudeix d&#8217;uns espais amplis i lluminosos, que permeten respondre a les necessitats del dia a dia.La distribuci\u00f3 dels esmentats espais \u00e9s la seg\u00fcent:<\/p>\n","protected":false},"author":1,"featured_media":0,"parent":22,"menu_order":3,"comment_status":"closed","ping_status":"closed","template":"","meta":{"_bbp_topic_count":0,"_bbp_reply_count":0,"_bbp_total_topic_count":0,"_bbp_total_reply_count":0,"_bbp_voice_count":0,"_bbp_anonymous_reply_count":0,"_bbp_topic_count_hidden":0,"_bbp_reply_count_hidden":0,"_bbp_forum_subforum_count":0,"site-sidebar-layout":"default","site-content-layout":"","ast-site-content-layout":"default","site-content-style":"default","site-sidebar-style":"default","ast-global-header-display":"","ast-banner-title-visibility":"","ast-main-header-display":"","ast-hfb-above-header-display":"","ast-hfb-below-header-display":"","ast-hfb-mobile-header-display":"","site-post-title":"","ast-breadcrumbs-content":"","ast-featured-img":"","footer-sml-layout":"","theme-transparent-header-meta":"","adv-header-id-meta":"","stick-header-meta":"","header-above-stick-meta":"","header-main-stick-meta":"","header-below-stick-meta":"","astra-migrate-meta-layouts":"set","ast-page-background-enabled":"default","ast-page-background-meta":{"desktop":{"background-color":"var(--ast-global-color-4)","background-image":"","background-repeat":"repeat","background-position":"center center","background-size":"auto","background-attachment":"scroll","background-type":"","background-media":"","overlay-type":"","overlay-color":"","overlay-opacity":"","overlay-gradient":""},"tablet":{"background-color":"","background-image":"","background-repeat":"repeat","background-position":"center center","background-size":"auto","background-attachment":"scroll","background-type":"","background-media":"","overlay-type":"","overlay-color":"","overlay-opacity":"","overlay-gradient":""},"mobile":{"background-color":"","background-image":"","background-repeat":"repeat","background-position":"center center","background-size":"auto","background-attachment":"scroll","background-type":"","background-media":"","overlay-type":"","overlay-color":"","overlay-opacity":"","overlay-gradient":""}},"ast-content-background-meta":{"desktop":{"background-color":"var(--ast-global-color-5)","background-image":"","background-repeat":"repeat","background-position":"center center","background-size":"auto","background-attachment":"scroll","background-type":"","background-media":"","overlay-type":"","overlay-color":"","overlay-opacity":"","overlay-gradient":""},"tablet":{"background-color":"var(--ast-global-color-5)","background-image":"","background-repeat":"repeat","background-position":"center center","background-size":"auto","background-attachment":"scroll","background-type":"","background-media":"","overlay-type":"","overlay-color":"","overlay-opacity":"","overlay-gradient":""},"mobile":{"background-color":"var(--ast-global-color-5)","background-image":"","background-repeat":"repeat","background-position":"center center","background-size":"auto","background-attachment":"scroll","background-type":"","background-media":"","overlay-type":"","overlay-color":"","overlay-opacity":"","overlay-gradient":""}},"footnotes":""},"class_list":["post-945","page","type-page","status-publish","hentry"],"post_mailing_queue_ids":[],"_links":{"self":[{"href":"https:\/\/agora.xtec.cat\/ceipmarcelidomingo-roquetes\/wp-json\/wp\/v2\/pages\/945","targetHints":{"allow":["GET"]}}],"collection":[{"href":"https:\/\/agora.xtec.cat\/ceipmarcelidomingo-roquetes\/wp-json\/wp\/v2\/pages"}],"about":[{"href":"https:\/\/agora.xtec.cat\/ceipmarcelidomingo-roquetes\/wp-json\/wp\/v2\/types\/page"}],"author":[{"embeddable":true,"href":"https:\/\/agora.xtec.cat\/ceipmarcelidomingo-roquetes\/wp-json\/wp\/v2\/users\/1"}],"replies":[{"embeddable":true,"href":"https:\/\/agora.xtec.cat\/ceipmarcelidomingo-roquetes\/wp-json\/wp\/v2\/comments?post=945"}],"version-history":[{"count":5,"href":"https:\/\/agora.xtec.cat\/ceipmarcelidomingo-roquetes\/wp-json\/wp\/v2\/pages\/945\/revisions"}],"predecessor-version":[{"id":10029,"href":"https:\/\/agora.xtec.cat\/ceipmarcelidomingo-roquetes\/wp-json\/wp\/v2\/pages\/945\/revisions\/10029"}],"up":[{"embeddable":true,"href":"https:\/\/agora.xtec.cat\/ceipmarcelidomingo-roquetes\/wp-json\/wp\/v2\/pages\/22"}],"wp:attachment":[{"href":"https:\/\/agora.xtec.cat\/ceipmarcelidomingo-roquetes\/wp-json\/wp\/v2\/media?parent=945"}],"curies":[{"name":"wp","href":"https:\/\/api.w.org\/{rel}","templated":true}]}}

<figure class="wp-block-image aligncenter size-large"><a href="https://drive.google.com/file/d/1s0aYPP4KCk50DNlYq_n0DEGGcGXVaoWH/view?usp=sharing"><img loading="lazy" decoding="async" width="1024" height="576" src="https://agora.xtec.cat/ceipmarcelidomingo-roquetes/wp-content/uploads/usu961/2026/02/Video-Installacions-1024x576.png" alt="" class="wp-image-10008" srcset="https://agora.xtec.cat/ceipmarcelidomingo-roquetes/wp-content/uploads/usu961/2026/02/Video-Installacions-1024x576.png 1024w, https://agora.xtec.cat/ceipmarcelidomingo-roquetes/wp-content/uploads/usu961/2026/02/Video-Installacions-300x169.png 300w, https://agora.xtec.cat/ceipmarcelidomingo-roquetes/wp-content/uploads/usu961/2026/02/Video-Installacions-768x432.png 768w, https://agora.xtec.cat/ceipmarcelidomingo-roquetes/wp-content/uploads/usu961/2026/02/Video-Installacions-1536x864.png 1536w, https://agora.xtec.cat/ceipmarcelidomingo-roquetes/wp-content/uploads/usu961/2026/02/Video-Installacions.png 1920w" sizes="auto, (max-width: 1024px) 100vw, 1024px" /></a></figure>



<p>Les instal·lacions escolars actuals van ser inaugurades el dia 24 de febrer de 2012. Gràcies a les&nbsp; obres d&#8217;ampliació i remodelació realitzades entre els anys 2007 i 2011, l&#8217;escola gaudeix d&#8217;uns espais amplis i lluminosos, que permeten respondre a les necessitats del dia a dia.<br>La distribució dels esmentats espais és la següent:</p>



<ul class="wp-block-list">
<li>        Aules d&#8217;educació infantil i primària</li>



<li>        Aules per a petits grups</li>



<li>        Aula de psicomotricitat i gimnàs</li>



<li>        Zones d&#8217;esbarjo i pistes esportives</li>



<li>        Espais de suport a l&#8217;escola inclusiva</li>



<li>        Espais d&#8217;aprenentatge</li>



<li>&nbsp;&nbsp;&nbsp;&nbsp;&nbsp;&nbsp;&nbsp; Biblioteca</li>



<li>&nbsp;&nbsp;&nbsp;&nbsp;&nbsp;&nbsp;&nbsp; Cuina i menjador</li>



<li>        Espais d&#8217;atenció a les famílies</li>
</ul>

<p>Les instal·lacions escolars actuals van ser inaugurades el dia 24 de febrer de 2012. Gràcies a les&nbsp; obres d&#8217;ampliació i remodelació realitzades entre els anys 2007 i 2011, l&#8217;escola gaudeix d&#8217;uns espais amplis i lluminosos, que permeten respondre a les necessitats del dia a dia.La distribució dels esmentats espais és la següent:</p>
