{"id":5837,"date":"2022-03-15T19:07:39","date_gmt":"2022-03-15T18:07:39","guid":{"rendered":"https:\/\/agora.xtec.cat\/ceipmarcelidomingo-roquetes\/?page_id=5837"},"modified":"2026-03-03T10:28:44","modified_gmt":"2026-03-03T09:28:44","slug":"preinscripcio","status":"publish","type":"page","link":"https:\/\/agora.xtec.cat\/ceipmarcelidomingo-roquetes\/preinscripcio\/","title":{"rendered":"PREINSCRIPCI\u00d3 26-27"},"content":{"rendered":"<p><a href=\"https:\/\/agora.xtec.cat\/ceipmarcelidomingo-roquetes\/wp-content\/uploads\/usu961\/2026\/02\/Informacio-Preinscripcio-7.png\"><img loading=\"lazy\" decoding=\"async\" class=\"alignnone wp-image-9996 size-full\" src=\"https:\/\/agora.xtec.cat\/ceipmarcelidomingo-roquetes\/wp-content\/uploads\/usu961\/2026\/02\/Informacio-Preinscripcio-7.png\" alt=\"\" width=\"2000\" height=\"1545\" srcset=\"https:\/\/agora.xtec.cat\/ceipmarcelidomingo-roquetes\/wp-content\/uploads\/usu961\/2026\/02\/Informacio-Preinscripcio-7.png 2000w, https:\/\/agora.xtec.cat\/ceipmarcelidomingo-roquetes\/wp-content\/uploads\/usu961\/2026\/02\/Informacio-Preinscripcio-7-300x232.png 300w, https:\/\/agora.xtec.cat\/ceipmarcelidomingo-roquetes\/wp-content\/uploads\/usu961\/2026\/02\/Informacio-Preinscripcio-7-1024x791.png 1024w, https:\/\/agora.xtec.cat\/ceipmarcelidomingo-roquetes\/wp-content\/uploads\/usu961\/2026\/02\/Informacio-Preinscripcio-7-768x593.png 768w, https:\/\/agora.xtec.cat\/ceipmarcelidomingo-roquetes\/wp-content\/uploads\/usu961\/2026\/02\/Informacio-Preinscripcio-7-1536x1187.png 1536w\" sizes=\"auto, (max-width: 2000px) 100vw, 2000px\" \/><\/a><\/p>\n<p><a href=\"https:\/\/agora.xtec.cat\/ceipmarcelidomingo-roquetes\/wp-content\/uploads\/usu961\/2026\/02\/Informacio-Preinscripcio-8.png\"><img loading=\"lazy\" decoding=\"async\" class=\"alignnone wp-image-9997 size-full\" src=\"https:\/\/agora.xtec.cat\/ceipmarcelidomingo-roquetes\/wp-content\/uploads\/usu961\/2026\/02\/Informacio-Preinscripcio-8.png\" alt=\"\" width=\"2000\" height=\"1545\" srcset=\"https:\/\/agora.xtec.cat\/ceipmarcelidomingo-roquetes\/wp-content\/uploads\/usu961\/2026\/02\/Informacio-Preinscripcio-8.png 2000w, https:\/\/agora.xtec.cat\/ceipmarcelidomingo-roquetes\/wp-content\/uploads\/usu961\/2026\/02\/Informacio-Preinscripcio-8-300x232.png 300w, https:\/\/agora.xtec.cat\/ceipmarcelidomingo-roquetes\/wp-content\/uploads\/usu961\/2026\/02\/Informacio-Preinscripcio-8-1024x791.png 1024w, https:\/\/agora.xtec.cat\/ceipmarcelidomingo-roquetes\/wp-content\/uploads\/usu961\/2026\/02\/Informacio-Preinscripcio-8-768x593.png 768w, https:\/\/agora.xtec.cat\/ceipmarcelidomingo-roquetes\/wp-content\/uploads\/usu961\/2026\/02\/Informacio-Preinscripcio-8-1536x1187.png 1536w\" sizes=\"auto, (max-width: 2000px) 100vw, 2000px\" \/><\/a><\/p>\n<p style=\"text-align: center;\"><strong>Informaci\u00f3 a tenir en compte:<\/strong><\/p>\n<p style=\"text-align: center;\">El codi del centre \u00e9s 43002831.<\/p>\n<p style=\"text-align: center;\">El sol\u00b7licitant de la preinscripci\u00f3 ha de ser el nom de l\u2019alumne\/a.<\/p>\n<p style=\"text-align: center;\">Cal tenir els documents digitalitzats abans d\u2019iniciar la preinscripci\u00f3.<\/p>\n<p style=\"text-align: center;\">Per consultar l\u2019oferta de places a l\u2019escola p\u00fablica podeu consultar el seg\u00fcent <a href=\"http:\/\/mapaescolar.gencat.cat\/\">enlla\u00e7<\/a><strong><a href=\"http:\/\/mapaescolar.gencat.cat\/\">\ud83d\udc48<\/a><\/strong><\/p>\n<p style=\"text-align: center;\"><strong><a href=\"https:\/\/preinscripcio.gencat.cat\/ca\/estudis\/infantil-3-6\/preinscriute\/sollicitud\/\">\u27a1<\/a><\/strong><a href=\"https:\/\/preinscripcio.gencat.cat\/ca\/estudis\/infantil-3-6\/inici\/index.html\"> La Preinscripci\u00f3 escolar a l&#8217;educaci\u00f3 infantil ( 3 a 6 anys)<\/a><\/p>\n<p style=\"text-align: center;\"><strong><a href=\"https:\/\/preinscripcio.gencat.cat\/ca\/estudis\/infantil-3-6\/preinscriute\/sollicitud\/\">\u27a1<\/a><\/strong>Acc\u00e9s a la sol\u00b7licitud de preinscripci\u00f3<\/p>\n<p style=\"text-align: center;\">V\u00eddeos explicatius que us poden ajudar:<\/p>\n<p style=\"text-align: center;\"><strong><a href=\"https:\/\/www.youtube.com\/watch?v=5DvAVUSNLCQ\">\u25b6\u00a0<\/a><\/strong><a href=\"https:\/\/www.youtube.com\/watch?v=9xMdvXoFR_4\">Com emplenar la sol\u00b7licitud de preinscripci\u00f3 escolar en l\u00ednia?<\/a><\/p>\n<p style=\"text-align: center;\"><a href=\"https:\/\/www.youtube.com\/watch?v=kAm26LWm51U\">\u25b6Com pots digitalitzar documents per als tr\u00e0mits en l\u00ednia?<\/a><\/p>\n<p style=\"text-align: center;\">Per qualsevol dubte o aclariment ens podeu trucar al tel\u00e8fon de l\u2019escola (<strong>977 50 11 39<\/strong>) o enviar-nos un correu electr\u00f2nic a\u00a0<strong>canalfamilies@escolaroquetes.cat<\/strong><\/p>\n","protected":false},"excerpt":{"rendered":"<p>Informaci\u00f3 a tenir en compte: El codi del centre \u00e9s 43002831. El sol\u00b7licitant de la preinscripci\u00f3 ha de ser el nom de l\u2019alumne\/a. Cal tenir els documents digitalitzats abans d\u2019iniciar la preinscripci\u00f3. Per consultar l\u2019oferta de places a l\u2019escola p\u00fablica podeu consultar el seg\u00fcent enlla\u00e7\ud83d\udc48 \u27a1 La Preinscripci\u00f3 escolar a l&#8217;educaci\u00f3 infantil ( 3 a [&hellip;]<\/p>\n","protected":false},"author":1,"featured_media":0,"parent":0,"menu_order":0,"comment_status":"closed","ping_status":"closed","template":"","meta":{"_bbp_topic_count":0,"_bbp_reply_count":0,"_bbp_total_topic_count":0,"_bbp_total_reply_count":0,"_bbp_voice_count":0,"_bbp_anonymous_reply_count":0,"_bbp_topic_count_hidden":0,"_bbp_reply_count_hidden":0,"_bbp_forum_subforum_count":0,"site-sidebar-layout":"default","site-content-layout":"","ast-site-content-layout":"default","site-content-style":"default","site-sidebar-style":"default","ast-global-header-display":"","ast-banner-title-visibility":"","ast-main-header-display":"","ast-hfb-above-header-display":"","ast-hfb-below-header-display":"","ast-hfb-mobile-header-display":"","site-post-title":"","ast-breadcrumbs-content":"","ast-featured-img":"","footer-sml-layout":"","theme-transparent-header-meta":"","adv-header-id-meta":"","stick-header-meta":"","header-above-stick-meta":"","header-main-stick-meta":"","header-below-stick-meta":"","astra-migrate-meta-layouts":"set","ast-page-background-enabled":"default","ast-page-background-meta":{"desktop":{"background-color":"var(--ast-global-color-4)","background-image":"","background-repeat":"repeat","background-position":"center center","background-size":"auto","background-attachment":"scroll","background-type":"","background-media":"","overlay-type":"","overlay-color":"","overlay-opacity":"","overlay-gradient":""},"tablet":{"background-color":"","background-image":"","background-repeat":"repeat","background-position":"center center","background-size":"auto","background-attachment":"scroll","background-type":"","background-media":"","overlay-type":"","overlay-color":"","overlay-opacity":"","overlay-gradient":""},"mobile":{"background-color":"","background-image":"","background-repeat":"repeat","background-position":"center center","background-size":"auto","background-attachment":"scroll","background-type":"","background-media":"","overlay-type":"","overlay-color":"","overlay-opacity":"","overlay-gradient":""}},"ast-content-background-meta":{"desktop":{"background-color":"var(--ast-global-color-5)","background-image":"","background-repeat":"repeat","background-position":"center center","background-size":"auto","background-attachment":"scroll","background-type":"","background-media":"","overlay-type":"","overlay-color":"","overlay-opacity":"","overlay-gradient":""},"tablet":{"background-color":"var(--ast-global-color-5)","background-image":"","background-repeat":"repeat","background-position":"center center","background-size":"auto","background-attachment":"scroll","background-type":"","background-media":"","overlay-type":"","overlay-color":"","overlay-opacity":"","overlay-gradient":""},"mobile":{"background-color":"var(--ast-global-color-5)","background-image":"","background-repeat":"repeat","background-position":"center center","background-size":"auto","background-attachment":"scroll","background-type":"","background-media":"","overlay-type":"","overlay-color":"","overlay-opacity":"","overlay-gradient":""}},"footnotes":""},"class_list":["post-5837","page","type-page","status-publish","hentry"],"post_mailing_queue_ids":[],"_links":{"self":[{"href":"https:\/\/agora.xtec.cat\/ceipmarcelidomingo-roquetes\/wp-json\/wp\/v2\/pages\/5837","targetHints":{"allow":["GET"]}}],"collection":[{"href":"https:\/\/agora.xtec.cat\/ceipmarcelidomingo-roquetes\/wp-json\/wp\/v2\/pages"}],"about":[{"href":"https:\/\/agora.xtec.cat\/ceipmarcelidomingo-roquetes\/wp-json\/wp\/v2\/types\/page"}],"author":[{"embeddable":true,"href":"https:\/\/agora.xtec.cat\/ceipmarcelidomingo-roquetes\/wp-json\/wp\/v2\/users\/1"}],"replies":[{"embeddable":true,"href":"https:\/\/agora.xtec.cat\/ceipmarcelidomingo-roquetes\/wp-json\/wp\/v2\/comments?post=5837"}],"version-history":[{"count":6,"href":"https:\/\/agora.xtec.cat\/ceipmarcelidomingo-roquetes\/wp-json\/wp\/v2\/pages\/5837\/revisions"}],"predecessor-version":[{"id":10043,"href":"https:\/\/agora.xtec.cat\/ceipmarcelidomingo-roquetes\/wp-json\/wp\/v2\/pages\/5837\/revisions\/10043"}],"wp:attachment":[{"href":"https:\/\/agora.xtec.cat\/ceipmarcelidomingo-roquetes\/wp-json\/wp\/v2\/media?parent=5837"}],"curies":[{"name":"wp","href":"https:\/\/api.w.org\/{rel}","templated":true}]}}

PREINSCRIPCIÓ 26-27

<p><a href="https://agora.xtec.cat/ceipmarcelidomingo-roquetes/wp-content/uploads/usu961/2026/02/Informacio-Preinscripcio-7.png"><img loading="lazy" decoding="async" class="alignnone wp-image-9996 size-full" src="https://agora.xtec.cat/ceipmarcelidomingo-roquetes/wp-content/uploads/usu961/2026/02/Informacio-Preinscripcio-7.png" alt="" width="2000" height="1545" srcset="https://agora.xtec.cat/ceipmarcelidomingo-roquetes/wp-content/uploads/usu961/2026/02/Informacio-Preinscripcio-7.png 2000w, https://agora.xtec.cat/ceipmarcelidomingo-roquetes/wp-content/uploads/usu961/2026/02/Informacio-Preinscripcio-7-300x232.png 300w, https://agora.xtec.cat/ceipmarcelidomingo-roquetes/wp-content/uploads/usu961/2026/02/Informacio-Preinscripcio-7-1024x791.png 1024w, https://agora.xtec.cat/ceipmarcelidomingo-roquetes/wp-content/uploads/usu961/2026/02/Informacio-Preinscripcio-7-768x593.png 768w, https://agora.xtec.cat/ceipmarcelidomingo-roquetes/wp-content/uploads/usu961/2026/02/Informacio-Preinscripcio-7-1536x1187.png 1536w" sizes="auto, (max-width: 2000px) 100vw, 2000px" /></a></p>
<p><a href="https://agora.xtec.cat/ceipmarcelidomingo-roquetes/wp-content/uploads/usu961/2026/02/Informacio-Preinscripcio-8.png"><img loading="lazy" decoding="async" class="alignnone wp-image-9997 size-full" src="https://agora.xtec.cat/ceipmarcelidomingo-roquetes/wp-content/uploads/usu961/2026/02/Informacio-Preinscripcio-8.png" alt="" width="2000" height="1545" srcset="https://agora.xtec.cat/ceipmarcelidomingo-roquetes/wp-content/uploads/usu961/2026/02/Informacio-Preinscripcio-8.png 2000w, https://agora.xtec.cat/ceipmarcelidomingo-roquetes/wp-content/uploads/usu961/2026/02/Informacio-Preinscripcio-8-300x232.png 300w, https://agora.xtec.cat/ceipmarcelidomingo-roquetes/wp-content/uploads/usu961/2026/02/Informacio-Preinscripcio-8-1024x791.png 1024w, https://agora.xtec.cat/ceipmarcelidomingo-roquetes/wp-content/uploads/usu961/2026/02/Informacio-Preinscripcio-8-768x593.png 768w, https://agora.xtec.cat/ceipmarcelidomingo-roquetes/wp-content/uploads/usu961/2026/02/Informacio-Preinscripcio-8-1536x1187.png 1536w" sizes="auto, (max-width: 2000px) 100vw, 2000px" /></a></p>
<p style="text-align: center;"><strong>Informació a tenir en compte:</strong></p>
<p style="text-align: center;">El codi del centre és 43002831.</p>
<p style="text-align: center;">El sol·licitant de la preinscripció ha de ser el nom de l’alumne/a.</p>
<p style="text-align: center;">Cal tenir els documents digitalitzats abans d’iniciar la preinscripció.</p>
<p style="text-align: center;">Per consultar l’oferta de places a l’escola pública podeu consultar el següent <a href="http://mapaescolar.gencat.cat/">enllaç</a><strong><a href="http://mapaescolar.gencat.cat/">👈</a></strong></p>
<p style="text-align: center;"><strong><a href="https://preinscripcio.gencat.cat/ca/estudis/infantil-3-6/preinscriute/sollicitud/">➡</a></strong><a href="https://preinscripcio.gencat.cat/ca/estudis/infantil-3-6/inici/index.html"> La Preinscripció escolar a l&#8217;educació infantil ( 3 a 6 anys)</a></p>
<p style="text-align: center;"><strong><a href="https://preinscripcio.gencat.cat/ca/estudis/infantil-3-6/preinscriute/sollicitud/">➡</a></strong>Accés a la sol·licitud de preinscripció</p>
<p style="text-align: center;">Vídeos explicatius que us poden ajudar:</p>
<p style="text-align: center;"><strong><a href="https://www.youtube.com/watch?v=5DvAVUSNLCQ">▶ </a></strong><a href="https://www.youtube.com/watch?v=9xMdvXoFR_4">Com emplenar la sol·licitud de preinscripció escolar en línia?</a></p>
<p style="text-align: center;"><a href="https://www.youtube.com/watch?v=kAm26LWm51U">▶Com pots digitalitzar documents per als tràmits en línia?</a></p>
<p style="text-align: center;">Per qualsevol dubte o aclariment ens podeu trucar al telèfon de l’escola (<strong>977 50 11 39</strong>) o enviar-nos un correu electrònic a <strong>canalfamilies@escolaroquetes.cat</strong></p>

<p>Informació a tenir en compte: El codi del centre és 43002831. El sol·licitant de la preinscripció ha de ser el nom de l’alumne/a. Cal tenir els documents digitalitzats abans d’iniciar la preinscripció. Per consultar l’oferta de places a l’escola pública podeu consultar el següent enllaç👈 ➡ La Preinscripció escolar a l&#8217;educació infantil ( 3 a [&hellip;]</p>
