{"id":5832,"date":"2022-03-15T18:58:50","date_gmt":"2022-03-15T17:58:50","guid":{"rendered":"https:\/\/agora.xtec.cat\/ceipmarcelidomingo-roquetes\/?page_id=5832"},"modified":"2025-06-20T10:41:40","modified_gmt":"2025-06-20T08:41:40","slug":"matricula","status":"publish","type":"page","link":"https:\/\/agora.xtec.cat\/ceipmarcelidomingo-roquetes\/tauler-danuncis\/matricula\/","title":{"rendered":"MATR\u00cdCULA 25-26"},"content":{"rendered":"<p style=\"text-align: center;\"><a href=\"https:\/\/agora.xtec.cat\/ceipmarcelidomingo-roquetes\/wp-content\/uploads\/usu961\/2025\/06\/Matricula.png\"><img loading=\"lazy\" decoding=\"async\" class=\"alignnone  wp-image-9183\" src=\"https:\/\/agora.xtec.cat\/ceipmarcelidomingo-roquetes\/wp-content\/uploads\/usu961\/2025\/06\/Matricula.png\" alt=\"\" width=\"354\" height=\"354\" srcset=\"https:\/\/agora.xtec.cat\/ceipmarcelidomingo-roquetes\/wp-content\/uploads\/usu961\/2025\/06\/Matricula.png 1080w, https:\/\/agora.xtec.cat\/ceipmarcelidomingo-roquetes\/wp-content\/uploads\/usu961\/2025\/06\/Matricula-300x300.png 300w, https:\/\/agora.xtec.cat\/ceipmarcelidomingo-roquetes\/wp-content\/uploads\/usu961\/2025\/06\/Matricula-1024x1024.png 1024w, https:\/\/agora.xtec.cat\/ceipmarcelidomingo-roquetes\/wp-content\/uploads\/usu961\/2025\/06\/Matricula-150x150.png 150w, https:\/\/agora.xtec.cat\/ceipmarcelidomingo-roquetes\/wp-content\/uploads\/usu961\/2025\/06\/Matricula-768x768.png 768w\" sizes=\"auto, (max-width: 354px) 100vw, 354px\" \/><\/a><\/p>\n<p style=\"text-align: center;\">Un cop s&#8217;ha publicat la llista final d&#8217;alumnes admesos en el centre, comen\u00e7a el per\u00edode de matriculaci\u00f3 dels preinscrits amb pla\u00e7a assignada.<\/p>\n<p style=\"text-align: center;\">Les dates de matriculaci\u00f3 s\u00f3n les seg\u00fcents: del 25 de juny al 3 de juliol de 2025.<\/p>\n<p style=\"text-align: center;\">L&#8217;horari de secret\u00e0ria del centre \u00e9s de 9:00h a 13.00h.<\/p>\n<p style=\"text-align: center;\">Tot seguit us detallem tota la documentaci\u00f3 a presentar:<\/p>\n<p style=\"text-align: center;\"><a href=\"https:\/\/drive.google.com\/file\/d\/1TiATnxAqEnysP3qpIl1DTUuvmHgcMUJs\/view?usp=sharing\">Autoritzaci\u00f3 de trasllat a un centre sanitari<\/a><\/p>\n<p style=\"text-align: center;\"><a href=\"https:\/\/drive.google.com\/file\/d\/1SwFFNYsl0kUpWjnczlUuh7DF3yw7hqoc\/view?usp=sharing\">Autoritzaci\u00f3 de publicaci\u00f3 d&#8217;imatges<\/a><\/p>\n<p style=\"text-align: center;\"><a href=\"https:\/\/drive.google.com\/file\/d\/1Vs5tKhOqVYVApv5Dn0eBwiDEO9HTuMJd\/view?usp=sharing\">Autoritzaci\u00f3 de recursos digitals<\/a><\/p>\n<p style=\"text-align: center;\"><a href=\"https:\/\/drive.google.com\/file\/d\/1Pr4fqQYF8fPjAQoZ15h6cXzflIiUlyVU\/view?usp=sharing\">Carta de comprom\u00eds<\/a><\/p>\n<p style=\"text-align: center;\"><a href=\"https:\/\/drive.google.com\/file\/d\/1KirKCGiymuh-goUXJYVOn8AMD_TDWoxV\/view?usp=sharing\">Recollida de dades de l&#8217;alumnat<\/a><\/p>\n<p>&nbsp;<\/p>\n","protected":false},"excerpt":{"rendered":"<p>Un cop s&#8217;ha publicat la llista final d&#8217;alumnes admesos en el centre, comen\u00e7a el per\u00edode de matriculaci\u00f3 dels preinscrits amb pla\u00e7a assignada. Les dates de matriculaci\u00f3 s\u00f3n les seg\u00fcents: del 25 de juny al 3 de juliol de 2025. L&#8217;horari de secret\u00e0ria del centre \u00e9s de 9:00h a 13.00h. Tot seguit us detallem tota la [&hellip;]<\/p>\n","protected":false},"author":1,"featured_media":0,"parent":1587,"menu_order":0,"comment_status":"closed","ping_status":"closed","template":"","meta":{"_bbp_topic_count":0,"_bbp_reply_count":0,"_bbp_total_topic_count":0,"_bbp_total_reply_count":0,"_bbp_voice_count":0,"_bbp_anonymous_reply_count":0,"_bbp_topic_count_hidden":0,"_bbp_reply_count_hidden":0,"_bbp_forum_subforum_count":0,"site-sidebar-layout":"default","site-content-layout":"","ast-site-content-layout":"","site-content-style":"default","site-sidebar-style":"default","ast-global-header-display":"","ast-banner-title-visibility":"","ast-main-header-display":"","ast-hfb-above-header-display":"","ast-hfb-below-header-display":"","ast-hfb-mobile-header-display":"","site-post-title":"","ast-breadcrumbs-content":"","ast-featured-img":"","footer-sml-layout":"","theme-transparent-header-meta":"","adv-header-id-meta":"","stick-header-meta":"","header-above-stick-meta":"","header-main-stick-meta":"","header-below-stick-meta":"","astra-migrate-meta-layouts":"default","ast-page-background-enabled":"default","ast-page-background-meta":{"desktop":{"background-color":"var(--ast-global-color-4)","background-image":"","background-repeat":"repeat","background-position":"center center","background-size":"auto","background-attachment":"scroll","background-type":"","background-media":"","overlay-type":"","overlay-color":"","overlay-opacity":"","overlay-gradient":""},"tablet":{"background-color":"","background-image":"","background-repeat":"repeat","background-position":"center center","background-size":"auto","background-attachment":"scroll","background-type":"","background-media":"","overlay-type":"","overlay-color":"","overlay-opacity":"","overlay-gradient":""},"mobile":{"background-color":"","background-image":"","background-repeat":"repeat","background-position":"center center","background-size":"auto","background-attachment":"scroll","background-type":"","background-media":"","overlay-type":"","overlay-color":"","overlay-opacity":"","overlay-gradient":""}},"ast-content-background-meta":{"desktop":{"background-color":"var(--ast-global-color-5)","background-image":"","background-repeat":"repeat","background-position":"center center","background-size":"auto","background-attachment":"scroll","background-type":"","background-media":"","overlay-type":"","overlay-color":"","overlay-opacity":"","overlay-gradient":""},"tablet":{"background-color":"var(--ast-global-color-5)","background-image":"","background-repeat":"repeat","background-position":"center center","background-size":"auto","background-attachment":"scroll","background-type":"","background-media":"","overlay-type":"","overlay-color":"","overlay-opacity":"","overlay-gradient":""},"mobile":{"background-color":"var(--ast-global-color-5)","background-image":"","background-repeat":"repeat","background-position":"center center","background-size":"auto","background-attachment":"scroll","background-type":"","background-media":"","overlay-type":"","overlay-color":"","overlay-opacity":"","overlay-gradient":""}},"footnotes":""},"class_list":["post-5832","page","type-page","status-publish","hentry"],"post_mailing_queue_ids":[],"_links":{"self":[{"href":"https:\/\/agora.xtec.cat\/ceipmarcelidomingo-roquetes\/wp-json\/wp\/v2\/pages\/5832","targetHints":{"allow":["GET"]}}],"collection":[{"href":"https:\/\/agora.xtec.cat\/ceipmarcelidomingo-roquetes\/wp-json\/wp\/v2\/pages"}],"about":[{"href":"https:\/\/agora.xtec.cat\/ceipmarcelidomingo-roquetes\/wp-json\/wp\/v2\/types\/page"}],"author":[{"embeddable":true,"href":"https:\/\/agora.xtec.cat\/ceipmarcelidomingo-roquetes\/wp-json\/wp\/v2\/users\/1"}],"replies":[{"embeddable":true,"href":"https:\/\/agora.xtec.cat\/ceipmarcelidomingo-roquetes\/wp-json\/wp\/v2\/comments?post=5832"}],"version-history":[{"count":4,"href":"https:\/\/agora.xtec.cat\/ceipmarcelidomingo-roquetes\/wp-json\/wp\/v2\/pages\/5832\/revisions"}],"predecessor-version":[{"id":9184,"href":"https:\/\/agora.xtec.cat\/ceipmarcelidomingo-roquetes\/wp-json\/wp\/v2\/pages\/5832\/revisions\/9184"}],"up":[{"embeddable":true,"href":"https:\/\/agora.xtec.cat\/ceipmarcelidomingo-roquetes\/wp-json\/wp\/v2\/pages\/1587"}],"wp:attachment":[{"href":"https:\/\/agora.xtec.cat\/ceipmarcelidomingo-roquetes\/wp-json\/wp\/v2\/media?parent=5832"}],"curies":[{"name":"wp","href":"https:\/\/api.w.org\/{rel}","templated":true}]}}

MATRÍCULA 25-26

<p style="text-align: center;"><a href="https://agora.xtec.cat/ceipmarcelidomingo-roquetes/wp-content/uploads/usu961/2025/06/Matricula.png"><img loading="lazy" decoding="async" class="alignnone  wp-image-9183" src="https://agora.xtec.cat/ceipmarcelidomingo-roquetes/wp-content/uploads/usu961/2025/06/Matricula.png" alt="" width="354" height="354" srcset="https://agora.xtec.cat/ceipmarcelidomingo-roquetes/wp-content/uploads/usu961/2025/06/Matricula.png 1080w, https://agora.xtec.cat/ceipmarcelidomingo-roquetes/wp-content/uploads/usu961/2025/06/Matricula-300x300.png 300w, https://agora.xtec.cat/ceipmarcelidomingo-roquetes/wp-content/uploads/usu961/2025/06/Matricula-1024x1024.png 1024w, https://agora.xtec.cat/ceipmarcelidomingo-roquetes/wp-content/uploads/usu961/2025/06/Matricula-150x150.png 150w, https://agora.xtec.cat/ceipmarcelidomingo-roquetes/wp-content/uploads/usu961/2025/06/Matricula-768x768.png 768w" sizes="auto, (max-width: 354px) 100vw, 354px" /></a></p>
<p style="text-align: center;">Un cop s&#8217;ha publicat la llista final d&#8217;alumnes admesos en el centre, comença el període de matriculació dels preinscrits amb plaça assignada.</p>
<p style="text-align: center;">Les dates de matriculació són les següents: del 25 de juny al 3 de juliol de 2025.</p>
<p style="text-align: center;">L&#8217;horari de secretària del centre és de 9:00h a 13.00h.</p>
<p style="text-align: center;">Tot seguit us detallem tota la documentació a presentar:</p>
<p style="text-align: center;"><a href="https://drive.google.com/file/d/1TiATnxAqEnysP3qpIl1DTUuvmHgcMUJs/view?usp=sharing">Autorització de trasllat a un centre sanitari</a></p>
<p style="text-align: center;"><a href="https://drive.google.com/file/d/1SwFFNYsl0kUpWjnczlUuh7DF3yw7hqoc/view?usp=sharing">Autorització de publicació d&#8217;imatges</a></p>
<p style="text-align: center;"><a href="https://drive.google.com/file/d/1Vs5tKhOqVYVApv5Dn0eBwiDEO9HTuMJd/view?usp=sharing">Autorització de recursos digitals</a></p>
<p style="text-align: center;"><a href="https://drive.google.com/file/d/1Pr4fqQYF8fPjAQoZ15h6cXzflIiUlyVU/view?usp=sharing">Carta de compromís</a></p>
<p style="text-align: center;"><a href="https://drive.google.com/file/d/1KirKCGiymuh-goUXJYVOn8AMD_TDWoxV/view?usp=sharing">Recollida de dades de l&#8217;alumnat</a></p>
<p>&nbsp;</p>

<p>Un cop s&#8217;ha publicat la llista final d&#8217;alumnes admesos en el centre, comença el període de matriculació dels preinscrits amb plaça assignada. Les dates de matriculació són les següents: del 25 de juny al 3 de juliol de 2025. L&#8217;horari de secretària del centre és de 9:00h a 13.00h. Tot seguit us detallem tota la [&hellip;]</p>
